CRAN Package Check Results for Package usl

Last updated on 2014-10-24 11:47:29.

Flavor Version Tinstall Tcheck Ttotal Status Flags
r-devel-linux-x86_64-debian-clang 1.3.1 1.04 20.53 21.57 OK
r-devel-linux-x86_64-debian-gcc 1.3.1 1.02 20.16 21.18 OK
r-devel-linux-x86_64-fedora-clang 1.3.1 44.22 OK
r-devel-linux-x86_64-fedora-gcc 1.3.1 41.14 OK
r-devel-osx-x86_64-clang 1.3.1 49.12 OK
r-devel-windows-ix86+x86_64 1.3.1 4.00 31.00 35.00 OK
r-patched-linux-x86_64 1.3.1 1.04 20.64 21.68 OK
r-patched-solaris-sparc 1.3.1 264.20 OK
r-patched-solaris-x86 1.3.1 60.80 OK
r-release-linux-ix86 1.3.1 1.47 29.61 31.08 OK
r-release-linux-x86_64 1.3.1 1.04 20.43 21.47 OK
r-release-osx-x86_64-mavericks 1.3.1 NOTE
r-release-osx-x86_64-snowleopard 1.3.1 OK
r-release-windows-ix86+x86_64 1.3.1 3.00 32.00 35.00 OK
r-oldrel-windows-ix86+x86_64 1.3.1 4.00 34.00 38.00 OK

Check Details

Version: 1.3.1
Check: re-building of vignette outputs
Result: NOTE
    Error in re-building vignettes:
     ...
    Error in texi2dvi(file = file, pdf = TRUE, clean = clean, quiet = quiet, :
     Running 'texi2dvi' on 'usl.tex' failed.
    LaTeX errors:
    ! LaTeX Error: File `mathdesign.sty' not found.
    
    Type X to quit or <RETURN> to proceed,
    or enter new name. (Default extension: sty)
    
    t/usl/vignettes/usl.tex:28: ==> Fatal error occurred, no output PDF file produ
    ced!
    Calls: buildVignettes -> texi2pdf -> texi2dvi
    Execution halted
Flavor: r-release-osx-x86_64-mavericks