CRAN Package Check Results for Package usl

Last updated on 2014-12-21 11:46:48.

Flavor Version Tinstall Tcheck Ttotal Status Flags
r-devel-linux-x86_64-debian-clang 1.4.0 1.16 20.29 21.46 OK
r-devel-linux-x86_64-debian-gcc 1.4.0 1.01 20.23 21.24 OK
r-devel-linux-x86_64-fedora-clang 1.4.0 48.39 OK
r-devel-linux-x86_64-fedora-gcc 1.4.0 44.55 OK
r-devel-osx-x86_64-clang 1.4.0 51.88 OK
r-devel-windows-ix86+x86_64 1.4.0 4.00 33.00 37.00 OK
r-patched-linux-x86_64 1.4.0 1.34 21.34 22.68 OK
r-patched-solaris-sparc 1.4.0 257.10 OK
r-patched-solaris-x86 1.4.0 64.80 OK
r-release-linux-ix86 1.4.0 1.37 29.33 30.70 OK
r-release-linux-x86_64 1.4.0 1.05 21.36 22.42 OK
r-release-osx-x86_64-mavericks 1.4.0 NOTE
r-release-osx-x86_64-snowleopard 1.4.0 OK
r-release-windows-ix86+x86_64 1.4.0 4.00 35.00 39.00 OK
r-oldrel-windows-ix86+x86_64 1.4.0 4.00 39.00 43.00 OK

Check Details

Version: 1.4.0
Check: re-building of vignette outputs
Result: NOTE
    Error in re-building vignettes:
     ...
    Error in texi2dvi(file = file, pdf = TRUE, clean = clean, quiet = quiet, :
     Running 'texi2dvi' on 'usl.tex' failed.
    LaTeX errors:
    ! LaTeX Error: File `mathdesign.sty' not found.
    
    Type X to quit or <RETURN> to proceed,
    or enter new name. (Default extension: sty)
    
    t/usl/vignettes/usl.tex:28: ==> Fatal error occurred, no output PDF file produ
    ced!
    Calls: buildVignettes -> texi2pdf -> texi2dvi
    Execution halted
Flavor: r-release-osx-x86_64-mavericks