CRAN Package Check Results for Package usl

Last updated on 2017-04-29 19:49:13.

Flavor Version Tinstall Tcheck Ttotal Status Flags
r-devel-linux-x86_64-debian-clang 1.7.0 1.07 29.60 30.68 OK
r-devel-linux-x86_64-debian-gcc 1.7.0 0.96 27.73 28.69 OK
r-devel-linux-x86_64-fedora-clang 1.7.0 53.98 OK --no-stop-on-test-error
r-devel-linux-x86_64-fedora-gcc 1.7.0 51.07 OK --no-stop-on-test-error
r-devel-windows-ix86+x86_64 1.7.0 7.00 81.00 88.00 OK
r-patched-linux-x86_64 1.7.0 1.01 27.54 28.56 OK
r-patched-solaris-sparc 1.7.0 308.40 OK
r-patched-solaris-x86 1.7.0 70.50 OK
r-release-linux-x86_64 1.7.0 0.97 27.69 28.66 OK
r-release-windows-ix86+x86_64 1.7.0 7.00 65.00 72.00 OK
r-release-osx-x86_64 1.7.0 WARN
r-oldrel-windows-ix86+x86_64 1.7.0 7.00 83.00 90.00 OK
r-oldrel-osx-x86_64 1.7.0 OK

Check Details

Version: 1.7.0
Check: re-building of vignette outputs
Result: WARN
    Error in re-building vignettes:
     ...
    Warning: running command 'kpsewhich framed.sty' had status 1
    Warning in test_latex_pkg("framed", system.file("misc", "framed.sty", package = "knitr")) :
     unable to find LaTeX package 'framed'; will use a copy from knitr
    Warning: 'data' shows efficiency > 1; this looks almost too good to be true
    Error in texi2dvi(file = file, pdf = TRUE, clean = clean, quiet = quiet, :
     Running 'texi2dvi' on 'usl.tex' failed.
    LaTeX errors:
    ! LaTeX Error: File `mathdesign.sty' not found.
    
    Type X to quit or <RETURN> to proceed,
    or enter new name. (Default extension: sty)
    
    ! Emergency stop.
    <read *>
    
    l.65 \usepackage
     [scaled=0.85]{beramono}^^M
    ! ==> Fatal error occurred, no output PDF file produced!
    Calls: buildVignettes -> texi2pdf -> texi2dvi
    Execution halted
Flavor: r-release-osx-x86_64