CRAN Package Check Results for Package usl

Last updated on 2014-04-24 15:50:50.

Flavor Version Tinstall Tcheck Ttotal Status Flags
r-devel-linux-x86_64-debian-clang 1.2.2 1.21 23.20 24.42 OK
r-devel-linux-x86_64-debian-gcc 1.2.2 1.15 23.07 24.22 OK
r-devel-linux-x86_64-fedora-clang 1.2.2 48.71 OK
r-devel-linux-x86_64-fedora-gcc 1.2.2 48.28 OK
r-devel-osx-x86_64-clang 1.2.2 51.26 OK
r-devel-osx-x86_64-gcc 1.2.2 OK
r-devel-windows-ix86+x86_64 1.2.2 4.00 40.00 44.00 OK
r-patched-linux-x86_64 1.2.2 1.14 22.91 24.05 OK
r-patched-solaris-sparc 1.2.2 255.60 OK
r-patched-solaris-x86 1.2.2 67.10 OK
r-release-linux-ix86 1.2.2 2.00 45.00 47.00 OK
r-release-linux-x86_64 1.2.2 1.15 23.20 24.35 OK
r-release-osx-x86_64-mavericks 1.2.2 WARN
r-release-osx-x86_64-snowleopard 1.2.2 OK
r-release-windows-ix86+x86_64 1.2.2 4.00 36.00 40.00 OK
r-oldrel-windows-ix86+x86_64 1.2.2 4.00 40.00 44.00 OK

Check Details

Version: 1.2.2
Check: re-building of vignette outputs
Result: NOTE
    Error in re-building vignettes:
     ...
    Error in texi2dvi(file = file, pdf = TRUE, clean = clean, quiet = quiet, :
     Running 'texi2dvi' on 'usl.tex' failed.
    LaTeX errors:
    ! LaTeX Error: File `mathdesign.sty' not found.
    
    Type X to quit or <RETURN> to proceed,
    or enter new name. (Default extension: sty)
    
    t/usl/vignettes/usl.tex:22: ==> Fatal error occurred, no output PDF file produ
    ced!
    Calls: buildVignettes -> texi2pdf -> texi2dvi
    Execution halted
Flavor: r-release-osx-x86_64-mavericks

Version: 1.2.2
Check: PDF version of manual
Result: WARNING
    LaTeX errors when creating PDF version.
    This typically indicates Rd problems.
    LaTeX errors found:
    ! LaTeX Error: File `upquote.sty' not found.
    
    Type X to quit or <RETURN> to proceed,
    or enter new name. (Default extension: sty)
    
    /private/tmp/Rtmp9BxvDF/Rd2pdfcf8710551cca/Rd2.tex:8: ==> Fatal error occurred
    , no output PDF file produced!
Flavor: r-release-osx-x86_64-mavericks