CRAN Package Check Results for Package usl

Last updated on 2017-10-23 14:49:07.

Flavor Version Tinstall Tcheck Ttotal Status Flags
r-devel-linux-x86_64-debian-clang 1.8.0 1.11 28.16 29.27 OK
r-devel-linux-x86_64-debian-gcc 1.8.0 1.15 29.59 30.74 OK
r-devel-linux-x86_64-fedora-clang 1.8.0 52.00 OK
r-devel-linux-x86_64-fedora-gcc 1.8.0 53.63 OK
r-devel-windows-ix86+x86_64 1.8.0 6.00 60.00 66.00 OK
r-patched-linux-x86_64 1.8.0 0.99 28.04 29.03 OK
r-patched-solaris-x86 1.8.0 70.10 OK
r-release-linux-x86_64 1.8.0 1.05 28.24 29.29 OK
r-release-windows-ix86+x86_64 1.8.0 6.00 59.00 65.00 OK
r-release-osx-x86_64 1.8.0 WARN
r-oldrel-windows-ix86+x86_64 1.8.0 4.00 50.00 54.00 OK
r-oldrel-osx-x86_64 1.8.0 OK

Check Details

Version: 1.8.0
Check: re-building of vignette outputs
Result: WARN
    Error in re-building vignettes:
     ...
    Warning: running command 'kpsewhich framed.sty' had status 1
    Warning in test_latex_pkg("framed", system.file("misc", "framed.sty", package = "knitr")) :
     unable to find LaTeX package 'framed'; will use a copy from knitr
    Warning: 'data' shows efficiency > 1; this looks almost too good to be true
    Error in texi2dvi(file = file, pdf = TRUE, clean = clean, quiet = quiet, :
     Running 'texi2dvi' on 'usl.tex' failed.
    LaTeX errors:
    ! LaTeX Error: File `mathdesign.sty' not found.
    
    Type X to quit or <RETURN> to proceed,
    or enter new name. (Default extension: sty)
    
    ! Emergency stop.
    <read *>
    
    l.65 \usepackage
     [scaled=0.85]{beramono}^^M
    ! ==> Fatal error occurred, no output PDF file produced!
    Calls: buildVignettes -> texi2pdf -> texi2dvi
    Execution halted
Flavor: r-release-osx-x86_64