CRAN Package Check Results for Package usl

Last updated on 2014-07-24 17:49:10.

Flavor Version Tinstall Tcheck Ttotal Status Flags
r-devel-linux-x86_64-debian-clang 1.3.1 1.09 19.25 20.34 OK
r-devel-linux-x86_64-debian-gcc 1.3.1 1.06 18.84 19.90 OK
r-devel-linux-x86_64-fedora-clang 1.3.1 44.41 OK
r-devel-linux-x86_64-fedora-gcc 1.3.1 41.67 OK
r-devel-osx-x86_64-clang 1.3.1 45.81 OK
r-devel-windows-ix86+x86_64 1.3.1 4.00 34.00 38.00 OK
r-patched-linux-x86_64 1.3.1 1.12 19.12 20.24 OK
r-patched-solaris-sparc 1.3.1 227.60 OK
r-patched-solaris-x86 1.3.1 61.70 OK
r-release-linux-ix86 1.3.1 1.48 28.98 30.45 OK
r-release-linux-x86_64 1.3.1 1.08 19.68 20.76 OK
r-release-osx-x86_64-mavericks 1.3.1 NOTE
r-release-osx-x86_64-snowleopard 1.3.1 OK
r-release-windows-ix86+x86_64 1.3.1 3.00 36.00 39.00 OK
r-oldrel-windows-ix86+x86_64 1.3.1 3.00 35.00 38.00 OK

Check Details

Version: 1.3.1
Check: re-building of vignette outputs
Result: NOTE
    Error in re-building vignettes:
     ...
    Error in texi2dvi(file = file, pdf = TRUE, clean = clean, quiet = quiet, :
     Running 'texi2dvi' on 'usl.tex' failed.
    LaTeX errors:
    ! LaTeX Error: File `mathdesign.sty' not found.
    
    Type X to quit or <RETURN> to proceed,
    or enter new name. (Default extension: sty)
    
    t/usl/vignettes/usl.tex:28: ==> Fatal error occurred, no output PDF file produ
    ced!
    Calls: buildVignettes -> texi2pdf -> texi2dvi
    Execution halted
Flavor: r-release-osx-x86_64-mavericks