CRAN Package Check Results for Package usmap

Last updated on 2020-06-04 02:48:18 CEST.

Flavor Version Tinstall Tcheck Ttotal Status Flags
r-devel-linux-x86_64-debian-clang 0.5.0 3.06 72.82 75.88 OK
r-devel-linux-x86_64-debian-gcc 0.5.0 2.64 54.64 57.28 OK
r-devel-linux-x86_64-fedora-clang 0.5.0 98.40 NOTE
r-devel-linux-x86_64-fedora-gcc 0.5.0 93.08 NOTE
r-devel-windows-ix86+x86_64 0.5.0 11.00 119.00 130.00 NOTE
r-patched-linux-x86_64 0.5.0 3.09 71.37 74.46 OK
r-patched-solaris-x86 0.5.0 131.90 NOTE
r-release-linux-x86_64 0.5.0 3.29 70.16 73.45 OK
r-release-osx-x86_64 0.5.0 NOTE
r-release-windows-ix86+x86_64 0.5.0 8.00 87.00 95.00 NOTE
r-oldrel-osx-x86_64 0.5.0 NOTE
r-oldrel-windows-ix86+x86_64 0.5.0 10.00 97.00 107.00 NOTE

Check Details

Version: 0.5.0
Check: installed package size
Result: NOTE
     installed size is 8.4Mb
     sub-directories of 1Mb or more:
     doc 1.6Mb
     extdata 6.4Mb
Flavors: r-devel-linux-x86_64-fedora-clang, r-devel-windows-ix86+x86_64, r-patched-solaris-x86, r-release-osx-x86_64, r-release-windows-ix86+x86_64, r-oldrel-osx-x86_64, r-oldrel-windows-ix86+x86_64

Version: 0.5.0
Check: data for non-ASCII characters
Result: NOTE
     Note: found 1 marked UTF-8 string
Flavors: r-devel-linux-x86_64-fedora-clang, r-devel-linux-x86_64-fedora-gcc, r-patched-solaris-x86, r-release-osx-x86_64, r-oldrel-osx-x86_64