CRAN Package Check Results for Package usmap

Last updated on 2019-11-18 23:51:38 CET.

Flavor Version Tinstall Tcheck Ttotal Status Flags
r-devel-linux-x86_64-debian-clang 0.5.0 3.13 73.33 76.46 OK
r-devel-linux-x86_64-debian-gcc 0.5.0 2.79 57.53 60.32 OK
r-devel-linux-x86_64-fedora-clang 0.5.0 87.69 NOTE
r-devel-linux-x86_64-fedora-gcc 0.5.0 88.25 NOTE
r-devel-windows-ix86+x86_64 0.5.0 11.00 91.00 102.00 NOTE
r-patched-linux-x86_64 0.5.0 2.49 69.21 71.70 OK
r-patched-solaris-x86 0.5.0 126.50 NOTE
r-release-linux-x86_64 0.5.0 2.76 68.85 71.61 OK
r-release-windows-ix86+x86_64 0.5.0 8.00 191.00 199.00 NOTE
r-release-osx-x86_64 0.5.0 NOTE
r-oldrel-windows-ix86+x86_64 0.5.0 6.00 103.00 109.00 NOTE
r-oldrel-osx-x86_64 0.5.0 NOTE

Check Details

Version: 0.5.0
Check: installed package size
Result: NOTE
     installed size is 8.4Mb
     sub-directories of 1Mb or more:
     doc 1.6Mb
     extdata 6.4Mb
Flavors: r-devel-linux-x86_64-fedora-clang, r-devel-windows-ix86+x86_64, r-patched-solaris-x86, r-release-windows-ix86+x86_64, r-release-osx-x86_64, r-oldrel-windows-ix86+x86_64, r-oldrel-osx-x86_64

Version: 0.5.0
Check: data for non-ASCII characters
Result: NOTE
     Note: found 1 marked UTF-8 string
Flavors: r-devel-linux-x86_64-fedora-clang, r-devel-linux-x86_64-fedora-gcc, r-patched-solaris-x86, r-release-osx-x86_64, r-oldrel-osx-x86_64