CRAN Package Check Results for Package ustyc

Last updated on 2022-09-29 03:58:19 CEST.

Flavor Version Tinstall Tcheck Ttotal Status Flags
r-devel-linux-x86_64-debian-clang 1.0.0 3.67 34.81 38.48 NOTE
r-devel-linux-x86_64-debian-gcc 1.0.0 2.27 26.89 29.16 NOTE
r-devel-linux-x86_64-fedora-clang 1.0.0 58.57 NOTE
r-devel-linux-x86_64-fedora-gcc 1.0.0 58.00 NOTE
r-devel-windows-x86_64 1.0.0 9.00 58.00 67.00 NOTE
r-patched-linux-x86_64 1.0.0 2.44 34.37 36.81 NOTE
r-release-linux-x86_64 1.0.0 3.23 33.30 36.53 NOTE
r-release-macos-arm64 1.0.0 19.00 NOTE
r-release-macos-x86_64 1.0.0 26.00 NOTE
r-release-windows-x86_64 1.0.0 9.00 65.00 74.00 NOTE
r-oldrel-macos-arm64 1.0.0 22.00 NOTE
r-oldrel-macos-x86_64 1.0.0 34.00 NOTE
r-oldrel-windows-ix86+x86_64 1.0.0 9.00 60.00 69.00 NOTE

Check Details

Version: 1.0.0
Check: DESCRIPTION meta-information
Result: NOTE
    Malformed Title field: should not end in a period.
Flavors: r-devel-linux-x86_64-debian-clang, r-devel-linux-x86_64-debian-gcc, r-devel-linux-x86_64-fedora-clang, r-devel-linux-x86_64-fedora-gcc, r-devel-windows-x86_64, r-patched-linux-x86_64, r-release-linux-x86_64, r-release-macos-arm64, r-release-macos-x86_64, r-release-windows-x86_64, r-oldrel-macos-arm64, r-oldrel-macos-x86_64, r-oldrel-windows-ix86+x86_64