CRAN Package Check Results for Package utilsIPEA

Last updated on 2022-08-10 06:53:10 CEST.

Flavor Version Tinstall Tcheck Ttotal Status Flags
r-devel-linux-x86_64-debian-clang 0.0.6 5.87 55.11 60.98 OK
r-devel-linux-x86_64-debian-gcc 0.0.6 4.58 40.43 45.01 OK
r-devel-linux-x86_64-fedora-clang 0.0.6 85.44 NOTE
r-devel-linux-x86_64-fedora-gcc 0.0.6 83.22 NOTE
r-devel-windows-x86_64 0.0.6 10.00 78.00 88.00 OK
r-patched-linux-x86_64 0.0.6 5.02 49.89 54.91 OK
r-release-linux-x86_64 0.0.6 OK
r-release-macos-arm64 0.0.6 22.00 NOTE
r-release-macos-x86_64 0.0.6 50.00 NOTE
r-release-windows-x86_64 0.0.6 18.00 76.00 94.00 OK
r-oldrel-macos-arm64 0.0.6 29.00 NOTE
r-oldrel-macos-x86_64 0.0.6 38.00 NOTE
r-oldrel-windows-ix86+x86_64 0.0.6 14.00 71.00 85.00 OK

Check Details

Version: 0.0.6
Check: dependencies in R code
Result: NOTE
    Namespaces in Imports field not imported from:
     ‘RCurl’ ‘stringdist’ ‘utils’
     All declared Imports should be used.
Flavors: r-devel-linux-x86_64-fedora-clang, r-devel-linux-x86_64-fedora-gcc, r-release-macos-arm64, r-release-macos-x86_64, r-oldrel-macos-arm64, r-oldrel-macos-x86_64