CRAN Package Check Results for Package vacem

Last updated on 2014-10-25 11:48:51.

Flavor Version Tinstall Tcheck Ttotal Status Flags
r-devel-linux-x86_64-debian-clang 0.1-1 0.80 11.35 12.15 NOTE
r-devel-linux-x86_64-debian-gcc 0.1-1 0.77 11.19 11.96 NOTE
r-devel-linux-x86_64-fedora-clang 0.1-1 23.47 NOTE
r-devel-linux-x86_64-fedora-gcc 0.1-1 22.47 NOTE
r-devel-osx-x86_64-clang 0.1-1 26.32 NOTE
r-devel-windows-ix86+x86_64 0.1-1 3.00 21.00 24.00 NOTE
r-patched-linux-x86_64 0.1-1 0.83 11.33 12.16 NOTE
r-patched-solaris-sparc 0.1-1 134.60 NOTE
r-patched-solaris-x86 0.1-1 33.50 NOTE
r-release-linux-ix86 0.1-1 1.08 16.85 17.93 NOTE
r-release-linux-x86_64 0.1-1 0.78 11.23 12.01 NOTE
r-release-osx-x86_64-mavericks 0.1-1 NOTE
r-release-osx-x86_64-snowleopard 0.1-1 NOTE
r-release-windows-ix86+x86_64 0.1-1 3.00 27.00 30.00 NOTE
r-oldrel-windows-ix86+x86_64 0.1-1 3.00 23.00 26.00 NOTE

Check Details

Version: 0.1-1
Check: top-level files
Result: NOTE
    File
     LICENSE
    is not mentioned in the DESCRIPTION file.
Flavors: r-devel-linux-x86_64-debian-clang, r-devel-linux-x86_64-debian-gcc, r-devel-linux-x86_64-fedora-clang, r-devel-linux-x86_64-fedora-gcc, r-devel-osx-x86_64-clang, r-devel-windows-ix86+x86_64, r-patched-linux-x86_64, r-patched-solaris-sparc, r-patched-solaris-x86, r-release-linux-ix86, r-release-linux-x86_64, r-release-osx-x86_64-mavericks, r-release-osx-x86_64-snowleopard, r-release-windows-ix86+x86_64, r-oldrel-windows-ix86+x86_64

Version: 0.1-1
Check: dependencies in R code
Result: NOTE
    'library' or 'require' call to ‘foreach’ which was already attached by Depends.
     Please remove these calls from your code.
    Package in Depends field not imported from: ‘foreach’
     These packages need to be imported from (in the NAMESPACE file)
     for when this namespace is loaded but not attached.
    See the information on DESCRIPTION files in the chapter ‘Creating R
    packages’ of the ‘Writing R Extensions’ manual.
Flavors: r-devel-linux-x86_64-debian-clang, r-devel-linux-x86_64-debian-gcc, r-devel-linux-x86_64-fedora-clang, r-devel-linux-x86_64-fedora-gcc, r-devel-osx-x86_64-clang, r-devel-windows-ix86+x86_64, r-patched-linux-x86_64, r-patched-solaris-sparc, r-patched-solaris-x86, r-release-linux-ix86, r-release-linux-x86_64, r-release-osx-x86_64-mavericks, r-release-windows-ix86+x86_64, r-oldrel-windows-ix86+x86_64

Version: 0.1-1
Check: R code for possible problems
Result: NOTE
    mcmc.estimate: no visible global function definition for ‘%dopar%’
    mcmc.estimate: no visible global function definition for ‘foreach’
Flavors: r-devel-linux-x86_64-debian-clang, r-devel-linux-x86_64-debian-gcc, r-devel-linux-x86_64-fedora-clang, r-devel-linux-x86_64-fedora-gcc, r-devel-osx-x86_64-clang, r-devel-windows-ix86+x86_64, r-patched-linux-x86_64, r-patched-solaris-sparc, r-patched-solaris-x86

Version: 0.1-1
Check: dependencies in R code
Result: NOTE
    'library' or 'require' call to 'foreach' which was already attached by Depends.
     Please remove these calls from your code.
    See the information on DESCRIPTION files in the chapter 'Creating R
    packages' of the 'Writing R Extensions' manual.
Flavor: r-release-osx-x86_64-snowleopard