CRAN Package Check Results for Package vacem

Last updated on 2015-03-31 03:48:46.

Flavor Version Tinstall Tcheck Ttotal Status Flags
r-devel-linux-x86_64-debian-clang 0.1-1 0.68 10.11 10.78 NOTE
r-devel-linux-x86_64-debian-gcc 0.1-1 0.68 9.91 10.59 NOTE
r-devel-linux-x86_64-fedora-clang 0.1-1 20.43 NOTE
r-devel-linux-x86_64-fedora-gcc 0.1-1 19.20 NOTE
r-devel-osx-x86_64-clang 0.1-1 26.05 NOTE
r-prerel-windows-ix86+x86_64 0.1-1 2.00 19.00 21.00 NOTE
r-prerel-linux-x86_64 0.1-1 0.68 9.71 10.38 NOTE
r-prerel-solaris-sparc 0.1-1 130.20 NOTE
r-prerel-solaris-x86 0.1-1 28.70 NOTE
r-release-linux-x86_64 0.1-1 0.82 11.49 12.32 NOTE
r-release-osx-x86_64-mavericks 0.1-1 NOTE
r-release-osx-x86_64-snowleopard 0.1-1 NOTE
r-release-windows-ix86+x86_64 0.1-1 3.00 22.00 25.00 NOTE
r-oldrel-windows-ix86+x86_64 0.1-1 4.00 36.00 40.00 NOTE

Check Details

Version: 0.1-1
Check: top-level files
Result: NOTE
    File
     LICENSE
    is not mentioned in the DESCRIPTION file.
Flavors: r-devel-linux-x86_64-debian-clang, r-devel-linux-x86_64-debian-gcc, r-devel-linux-x86_64-fedora-clang, r-devel-linux-x86_64-fedora-gcc, r-devel-osx-x86_64-clang, r-prerel-windows-ix86+x86_64, r-prerel-linux-x86_64, r-prerel-solaris-sparc, r-prerel-solaris-x86, r-release-linux-x86_64, r-release-osx-x86_64-mavericks, r-release-osx-x86_64-snowleopard, r-release-windows-ix86+x86_64, r-oldrel-windows-ix86+x86_64

Version: 0.1-1
Check: dependencies in R code
Result: NOTE
    'library' or 'require' call to ‘foreach’ which was already attached by Depends.
     Please remove these calls from your code.
    Package in Depends field not imported from: ‘foreach’
     These packages need to be imported from (in the NAMESPACE file)
     for when this namespace is loaded but not attached.
Flavors: r-devel-linux-x86_64-debian-clang, r-devel-linux-x86_64-debian-gcc, r-devel-linux-x86_64-fedora-clang, r-devel-linux-x86_64-fedora-gcc, r-devel-osx-x86_64-clang, r-prerel-windows-ix86+x86_64, r-prerel-linux-x86_64, r-prerel-solaris-sparc, r-prerel-solaris-x86, r-release-linux-x86_64, r-release-windows-ix86+x86_64

Version: 0.1-1
Check: R code for possible problems
Result: NOTE
    mcmc.estimate: no visible global function definition for ‘%dopar%’
    mcmc.estimate: no visible global function definition for ‘foreach’
Flavors: r-devel-linux-x86_64-debian-clang, r-devel-linux-x86_64-debian-gcc, r-devel-linux-x86_64-fedora-clang, r-devel-linux-x86_64-fedora-gcc, r-devel-osx-x86_64-clang, r-prerel-windows-ix86+x86_64, r-prerel-linux-x86_64, r-prerel-solaris-sparc, r-prerel-solaris-x86, r-release-linux-x86_64, r-release-osx-x86_64-mavericks, r-release-windows-ix86+x86_64

Version: 0.1-1
Check: dependencies in R code
Result: NOTE
    'library' or 'require' call to ‘foreach’ which was already attached by Depends.
     Please remove these calls from your code.
    Package in Depends field not imported from: ‘foreach’
     These packages need to be imported from (in the NAMESPACE file)
     for when this namespace is loaded but not attached.
    See the information on DESCRIPTION files in the chapter ‘Creating R
    packages’ of the ‘Writing R Extensions’ manual.
Flavors: r-release-osx-x86_64-mavericks, r-oldrel-windows-ix86+x86_64

Version: 0.1-1
Check: dependencies in R code
Result: NOTE
    'library' or 'require' call to 'foreach' which was already attached by Depends.
     Please remove these calls from your code.
    See the information on DESCRIPTION files in the chapter 'Creating R
    packages' of the 'Writing R Extensions' manual.
Flavor: r-release-osx-x86_64-snowleopard