CRAN Package Check Results for Package vacem

Last updated on 2017-04-27 11:54:05.

Flavor Version Tinstall Tcheck Ttotal Status Flags
r-release-osx-x86_64 0.1-1 ERROR

Check Details

Version: 0.1-1
Check: top-level files
Result: NOTE
    File
     LICENSE
    is not mentioned in the DESCRIPTION file.
Flavor: r-release-osx-x86_64

Version: 0.1-1
Check: dependencies in R code
Result: NOTE
    'library' or 'require' call to ‘foreach’ which was already attached by Depends.
     Please remove these calls from your code.
    Package in Depends field not imported from: ‘foreach’
     These packages need to be imported from (in the NAMESPACE file)
     for when this namespace is loaded but not attached.
Flavor: r-release-osx-x86_64

Version: 0.1-1
Check: R code for possible problems
Result: NOTE
    constant.post.9mo: no visible global function definition for ‘pexp’
    ll.coverage.optim.const.post.9m: no visible global function definition
     for ‘dexp’
    make.sample.pop: no visible global function definition for ‘runif’
    mcmc.converge: no visible global function definition for ‘par’
    mcmc.converge: no visible global function definition for ‘plot’
    mcmc.converge: no visible global function definition for ‘points’
    mcmc.converge: no visible global function definition for ‘density’
    mcmc.converge: no visible global function definition for ‘lines’
    mcmc.converge : <anonymous>: no visible global function definition for
     ‘sd’
    mcmc.estimate : run.chain: no visible global function definition for
     ‘dexp’
    mcmc.estimate : run.chain: no visible global function definition for
     ‘rnorm’
    mcmc.estimate : run.chain: no visible global function definition for
     ‘runif’
    mcmc.estimate : run.chain: no visible global function definition for
     ‘par’
    mcmc.estimate : run.chain: no visible global function definition for
     ‘plot’
    mcmc.estimate: no visible global function definition for ‘%dopar%’
    mcmc.estimate: no visible global function definition for ‘foreach’
    sim.n.vacc.sample.pop : <anonymous>: no visible global function
     definition for ‘runif’
    vaccinate.sample.pop: no visible global function definition for ‘runif’
    Undefined global functions or variables:
     %dopar% density dexp foreach lines par pexp plot points rnorm runif
     sd
    Consider adding
     importFrom("graphics", "lines", "par", "plot", "points")
     importFrom("stats", "density", "dexp", "pexp", "rnorm", "runif", "sd")
    to your NAMESPACE file.
Flavor: r-release-osx-x86_64

Version: 0.1-1
Check: tests
Result: ERROR
     Running ‘coverageTest.r’ [0s/1s]
    Running the tests in ‘tests/coverageTest.r’ failed.
    Last 13 lines of output:
     > #*
     > #* $Id: coverageTest.r 378 2012-01-27 02:35:09Z ken $
     > #* ----------------------------------------------------------------------------
     >
     >
     > # TBD: Add file header
     > # TBD: Do I need some 'library( pkg )' or 'source( file )' calls here???
     >
     >
     > # source( "../tests/testUtils.r" )
     > source( getTestPaths("vacem","tests/testUtils.r") )
     Error in getTestPaths("vacem", "tests/testUtils.r") :
     could not find function "getTestPaths"
     Calls: source
     Execution halted
Flavor: r-release-osx-x86_64