CRAN Package Check Results for Package vacem

Last updated on 2016-09-25 06:53:34.

Flavor Version Tinstall Tcheck Ttotal Status Flags
r-devel-linux-x86_64-debian-clang 0.1-1 0.69 11.09 11.78 ERROR
r-devel-linux-x86_64-debian-gcc 0.1-1 0.77 10.79 11.56 ERROR
r-devel-linux-x86_64-fedora-clang 0.1-1 19.79 ERROR
r-devel-linux-x86_64-fedora-gcc 0.1-1 17.71 ERROR
r-devel-macos-x86_64-clang 0.1-1 17.45 ERROR
r-devel-windows-ix86+x86_64 0.1-1 3.00 70.00 73.00 ERROR
r-patched-linux-x86_64 0.1-1 0.68 10.79 11.47 NOTE
r-patched-solaris-sparc 0.1-1 117.20 NOTE
r-patched-solaris-x86 0.1-1 26.00 NOTE
r-release-linux-x86_64 0.1-1 0.64 10.62 11.26 NOTE
r-release-osx-x86_64-mavericks 0.1-1 NOTE
r-release-windows-ix86+x86_64 0.1-1 3.00 37.00 40.00 NOTE
r-oldrel-windows-ix86+x86_64 0.1-1 6.00 31.00 37.00 NOTE

Check Details

Version: 0.1-1
Check: top-level files
Result: NOTE
    File
     LICENSE
    is not mentioned in the DESCRIPTION file.
Flavors: r-devel-linux-x86_64-debian-clang, r-devel-linux-x86_64-debian-gcc, r-devel-linux-x86_64-fedora-clang, r-devel-linux-x86_64-fedora-gcc, r-devel-macos-x86_64-clang, r-devel-windows-ix86+x86_64, r-patched-linux-x86_64, r-patched-solaris-sparc, r-patched-solaris-x86, r-release-linux-x86_64, r-release-osx-x86_64-mavericks, r-release-windows-ix86+x86_64, r-oldrel-windows-ix86+x86_64

Version: 0.1-1
Check: dependencies in R code
Result: NOTE
    'library' or 'require' call to ‘foreach’ which was already attached by Depends.
     Please remove these calls from your code.
    Package in Depends field not imported from: ‘foreach’
     These packages need to be imported from (in the NAMESPACE file)
     for when this namespace is loaded but not attached.
Flavors: r-devel-linux-x86_64-debian-clang, r-devel-linux-x86_64-debian-gcc, r-devel-linux-x86_64-fedora-clang, r-devel-linux-x86_64-fedora-gcc, r-devel-macos-x86_64-clang, r-devel-windows-ix86+x86_64, r-patched-linux-x86_64, r-patched-solaris-sparc, r-patched-solaris-x86, r-release-linux-x86_64, r-release-osx-x86_64-mavericks, r-release-windows-ix86+x86_64, r-oldrel-windows-ix86+x86_64

Version: 0.1-1
Check: R code for possible problems
Result: NOTE
    constant.post.9mo: no visible global function definition for ‘pexp’
    ll.coverage.optim.const.post.9m: no visible global function definition
     for ‘dexp’
    make.sample.pop: no visible global function definition for ‘runif’
    mcmc.converge: no visible global function definition for ‘par’
    mcmc.converge: no visible global function definition for ‘plot’
    mcmc.converge: no visible global function definition for ‘points’
    mcmc.converge: no visible global function definition for ‘density’
    mcmc.converge: no visible global function definition for ‘lines’
    mcmc.converge : <anonymous>: no visible global function definition for
     ‘sd’
    mcmc.estimate : run.chain: no visible global function definition for
     ‘dexp’
    mcmc.estimate : run.chain: no visible global function definition for
     ‘rnorm’
    mcmc.estimate : run.chain: no visible global function definition for
     ‘runif’
    mcmc.estimate : run.chain: no visible global function definition for
     ‘par’
    mcmc.estimate : run.chain: no visible global function definition for
     ‘plot’
    mcmc.estimate: no visible global function definition for ‘%dopar%’
    mcmc.estimate: no visible global function definition for ‘foreach’
    sim.n.vacc.sample.pop : <anonymous>: no visible global function
     definition for ‘runif’
    vaccinate.sample.pop: no visible global function definition for ‘runif’
    Undefined global functions or variables:
     %dopar% density dexp foreach lines par pexp plot points rnorm runif
     sd
    Consider adding
     importFrom("graphics", "lines", "par", "plot", "points")
     importFrom("stats", "density", "dexp", "pexp", "rnorm", "runif", "sd")
    to your NAMESPACE file.
Flavors: r-devel-linux-x86_64-debian-clang, r-devel-linux-x86_64-debian-gcc, r-devel-linux-x86_64-fedora-clang, r-devel-linux-x86_64-fedora-gcc, r-devel-macos-x86_64-clang, r-devel-windows-ix86+x86_64, r-patched-linux-x86_64, r-patched-solaris-sparc, r-patched-solaris-x86, r-release-linux-x86_64, r-release-osx-x86_64-mavericks, r-release-windows-ix86+x86_64

Version: 0.1-1
Check: tests
Result: ERROR
    Running the tests in ‘tests/coverageTest.r’ failed.
    Last 13 lines of output:
     > #* Foundation, Inc., 59 Temple Place, Suite 330, Boston, MA 02111-1307 USA
     > #*
     > #* $Id: coverageTest.r 378 2012-01-27 02:35:09Z ken $
     > #* ----------------------------------------------------------------------------
     >
     >
     > # TBD: Add file header
     > # TBD: Do I need some 'library( pkg )' or 'source( file )' calls here???
     >
     >
     > # source( "../tests/testUtils.r" )
     > source( getTestPaths("vacem","tests/testUtils.r") )
     Error in source(getTestPaths("vacem", "tests/testUtils.r")) :
     could not find function "getTestPaths"
     Execution halted
Flavors: r-devel-linux-x86_64-debian-clang, r-devel-linux-x86_64-debian-gcc, r-devel-linux-x86_64-fedora-clang, r-devel-linux-x86_64-fedora-gcc, r-devel-macos-x86_64-clang, r-devel-windows-ix86+x86_64

Version: 0.1-1
Check: R code for possible problems
Result: NOTE
    mcmc.estimate: no visible global function definition for '%dopar%'
    mcmc.estimate: no visible global function definition for 'foreach'
Flavor: r-oldrel-windows-ix86+x86_64