CRAN Package Check Results for Package vacem

Last updated on 2015-09-03 12:50:04.

Flavor Version Tinstall Tcheck Ttotal Status Flags
r-devel-linux-x86_64-debian-clang 0.1-1 0.63 9.76 10.39 NOTE
r-devel-linux-x86_64-debian-gcc 0.1-1 0.61 9.29 9.90 NOTE
r-devel-linux-x86_64-fedora-clang 0.1-1 19.21 NOTE
r-devel-linux-x86_64-fedora-gcc 0.1-1 18.11 NOTE
r-devel-osx-x86_64-clang 0.1-1 18.34 NOTE
r-devel-windows-ix86+x86_64 0.1-1 4.00 22.00 26.00 NOTE
r-patched-linux-x86_64 0.1-1 0.68 9.92 10.60 NOTE
r-patched-solaris-sparc 0.1-1 134.60 NOTE
r-patched-solaris-x86 0.1-1 29.30 NOTE
r-release-linux-x86_64 0.1-1 0.67 10.01 10.68 NOTE
r-release-osx-x86_64-mavericks 0.1-1 NOTE
r-release-windows-ix86+x86_64 0.1-1 4.00 19.00 23.00 NOTE
r-oldrel-windows-ix86+x86_64 0.1-1 5.00 23.00 28.00 NOTE

Check Details

Version: 0.1-1
Check: top-level files
Result: NOTE
    File
     LICENSE
    is not mentioned in the DESCRIPTION file.
Flavors: r-devel-linux-x86_64-debian-clang, r-devel-linux-x86_64-debian-gcc, r-devel-linux-x86_64-fedora-clang, r-devel-linux-x86_64-fedora-gcc, r-devel-osx-x86_64-clang, r-devel-windows-ix86+x86_64, r-patched-linux-x86_64, r-patched-solaris-sparc, r-patched-solaris-x86, r-release-linux-x86_64, r-release-osx-x86_64-mavericks, r-release-windows-ix86+x86_64, r-oldrel-windows-ix86+x86_64

Version: 0.1-1
Check: dependencies in R code
Result: NOTE
    'library' or 'require' call to ‘foreach’ which was already attached by Depends.
     Please remove these calls from your code.
    Package in Depends field not imported from: ‘foreach’
     These packages need to be imported from (in the NAMESPACE file)
     for when this namespace is loaded but not attached.
Flavors: r-devel-linux-x86_64-debian-clang, r-devel-linux-x86_64-debian-gcc, r-devel-linux-x86_64-fedora-clang, r-devel-linux-x86_64-fedora-gcc, r-devel-osx-x86_64-clang, r-devel-windows-ix86+x86_64, r-patched-linux-x86_64, r-patched-solaris-sparc, r-patched-solaris-x86, r-release-linux-x86_64, r-release-osx-x86_64-mavericks, r-release-windows-ix86+x86_64, r-oldrel-windows-ix86+x86_64

Version: 0.1-1
Check: R code for possible problems
Result: NOTE
    constant.post.9mo: no visible global function definition for ‘pexp’
    ll.coverage.optim.const.post.9m: no visible global function definition
     for ‘dexp’
    make.sample.pop: no visible global function definition for ‘runif’
    mcmc.converge: no visible global function definition for ‘par’
    mcmc.converge: no visible global function definition for ‘plot’
    mcmc.converge: no visible global function definition for ‘points’
    mcmc.converge: no visible global function definition for ‘density’
    mcmc.converge: no visible global function definition for ‘lines’
    mcmc.converge : <anonymous>: no visible global function definition for
     ‘sd’
    mcmc.estimate : run.chain: no visible global function definition for
     ‘dexp’
    mcmc.estimate : run.chain: no visible global function definition for
     ‘rnorm’
    mcmc.estimate : run.chain: no visible global function definition for
     ‘runif’
    mcmc.estimate : run.chain: no visible global function definition for
     ‘par’
    mcmc.estimate : run.chain: no visible global function definition for
     ‘plot’
    mcmc.estimate: no visible global function definition for ‘%dopar%’
    mcmc.estimate: no visible global function definition for ‘foreach’
    sim.n.vacc.sample.pop : <anonymous>: no visible global function
     definition for ‘runif’
    vaccinate.sample.pop: no visible global function definition for ‘runif’
    Undefined global functions or variables:
     %dopar% density dexp foreach lines par pexp plot points rnorm runif
     sd
    Consider adding
     importFrom("graphics", "lines", "par", "plot", "points")
     importFrom("stats", "density", "dexp", "pexp", "rnorm", "runif", "sd")
    to your NAMESPACE.
Flavors: r-devel-linux-x86_64-debian-clang, r-devel-linux-x86_64-debian-gcc, r-devel-linux-x86_64-fedora-clang, r-devel-linux-x86_64-fedora-gcc, r-devel-windows-ix86+x86_64

Version: 0.1-1
Check: R code for possible problems
Result: NOTE
    mcmc.estimate: no visible global function definition for ‘%dopar%’
    mcmc.estimate: no visible global function definition for ‘foreach’
    Undefined global functions or variables:
     %dopar% foreach
Flavor: r-devel-osx-x86_64-clang

Version: 0.1-1
Check: R code for possible problems
Result: NOTE
    mcmc.estimate: no visible global function definition for ‘%dopar%’
    mcmc.estimate: no visible global function definition for ‘foreach’
Flavors: r-patched-linux-x86_64, r-patched-solaris-sparc, r-patched-solaris-x86, r-release-linux-x86_64, r-release-osx-x86_64-mavericks, r-release-windows-ix86+x86_64, r-oldrel-windows-ix86+x86_64