CRAN Package Check Results for Package vacem

Last updated on 2014-07-25 08:51:09.

Flavor Version Tinstall Tcheck Ttotal Status Flags
r-devel-linux-x86_64-debian-clang 0.1-1 0.75 10.56 11.30 NOTE
r-devel-linux-x86_64-debian-gcc 0.1-1 0.75 10.44 11.19 NOTE
r-devel-linux-x86_64-fedora-clang 0.1-1 23.63 NOTE
r-devel-linux-x86_64-fedora-gcc 0.1-1 22.33 NOTE
r-devel-osx-x86_64-clang 0.1-1 25.43 NOTE
r-devel-windows-ix86+x86_64 0.1-1 3.00 18.00 21.00 NOTE
r-patched-linux-x86_64 0.1-1 0.75 10.58 11.33 NOTE
r-patched-solaris-sparc 0.1-1 132.10 NOTE
r-patched-solaris-x86 0.1-1 32.50 NOTE
r-release-linux-ix86 0.1-1 1.08 16.92 18.00 NOTE
r-release-linux-x86_64 0.1-1 0.77 10.92 11.69 NOTE
r-release-osx-x86_64-mavericks 0.1-1 NOTE
r-release-osx-x86_64-snowleopard 0.1-1 NOTE
r-release-windows-ix86+x86_64 0.1-1 3.00 20.00 23.00 NOTE
r-oldrel-windows-ix86+x86_64 0.1-1 3.00 22.00 25.00 NOTE

Check Details

Version: 0.1-1
Check: top-level files
Result: NOTE
    File
     LICENSE
    is not mentioned in the DESCRIPTION file.
Flavors: r-devel-linux-x86_64-debian-clang, r-devel-linux-x86_64-debian-gcc, r-devel-linux-x86_64-fedora-clang, r-devel-linux-x86_64-fedora-gcc, r-devel-osx-x86_64-clang, r-devel-windows-ix86+x86_64, r-patched-linux-x86_64, r-patched-solaris-sparc, r-patched-solaris-x86, r-release-linux-ix86, r-release-linux-x86_64, r-release-osx-x86_64-mavericks, r-release-osx-x86_64-snowleopard, r-release-windows-ix86+x86_64, r-oldrel-windows-ix86+x86_64

Version: 0.1-1
Check: dependencies in R code
Result: NOTE
    'library' or 'require' call to ‘foreach’ which was already attached by Depends.
     Please remove these calls from your code.
    Package in Depends field not imported from: ‘foreach’
     These packages need to be imported from (in the NAMESPACE file)
     for when this namespace is loaded but not attached.
    See the information on DESCRIPTION files in the chapter ‘Creating R
    packages’ of the ‘Writing R Extensions’ manual.
Flavors: r-devel-linux-x86_64-debian-clang, r-devel-linux-x86_64-debian-gcc, r-devel-linux-x86_64-fedora-clang, r-devel-linux-x86_64-fedora-gcc, r-devel-osx-x86_64-clang, r-devel-windows-ix86+x86_64, r-patched-linux-x86_64, r-patched-solaris-sparc, r-patched-solaris-x86, r-release-linux-ix86, r-release-linux-x86_64, r-release-osx-x86_64-mavericks, r-release-windows-ix86+x86_64, r-oldrel-windows-ix86+x86_64

Version: 0.1-1
Check: dependencies in R code
Result: NOTE
    'library' or 'require' call to 'foreach' which was already attached by Depends.
     Please remove these calls from your code.
    See the information on DESCRIPTION files in the chapter 'Creating R
    packages' of the 'Writing R Extensions' manual.
Flavor: r-release-osx-x86_64-snowleopard