CRAN Package Check Results for Package vacem

Last updated on 2016-06-25 08:47:00.

Flavor Version Tinstall Tcheck Ttotal Status Flags
r-devel-linux-x86_64-debian-gcc 0.1-1 0.68 10.85 11.53 NOTE
r-devel-linux-x86_64-fedora-clang 0.1-1 17.62 NOTE
r-devel-linux-x86_64-fedora-gcc 0.1-1 16.72 NOTE
r-devel-osx-x86_64-clang 0.1-1 16.78 NOTE
r-devel-windows-ix86+x86_64 0.1-1 4.00 35.00 39.00 NOTE
r-patched-linux-x86_64 0.1-1 0.77 10.13 10.90 NOTE
r-patched-solaris-sparc 0.1-1 117.20 NOTE
r-patched-solaris-x86 0.1-1 27.00 NOTE
r-release-linux-x86_64 0.1-1 0.68 10.82 11.51 NOTE
r-release-osx-x86_64-mavericks 0.1-1 NOTE
r-release-windows-ix86+x86_64 0.1-1 5.00 27.00 32.00 NOTE
r-oldrel-windows-ix86+x86_64 0.1-1 4.00 33.00 37.00 NOTE

Check Details

Version: 0.1-1
Check: top-level files
Result: NOTE
    File
     LICENSE
    is not mentioned in the DESCRIPTION file.
Flavors: r-devel-linux-x86_64-debian-gcc, r-devel-linux-x86_64-fedora-clang, r-devel-linux-x86_64-fedora-gcc, r-devel-osx-x86_64-clang, r-devel-windows-ix86+x86_64, r-patched-linux-x86_64, r-patched-solaris-sparc, r-patched-solaris-x86, r-release-linux-x86_64, r-release-osx-x86_64-mavericks, r-release-windows-ix86+x86_64, r-oldrel-windows-ix86+x86_64

Version: 0.1-1
Check: dependencies in R code
Result: NOTE
    'library' or 'require' call to ‘foreach’ which was already attached by Depends.
     Please remove these calls from your code.
    Package in Depends field not imported from: ‘foreach’
     These packages need to be imported from (in the NAMESPACE file)
     for when this namespace is loaded but not attached.
Flavors: r-devel-linux-x86_64-debian-gcc, r-devel-linux-x86_64-fedora-clang, r-devel-linux-x86_64-fedora-gcc, r-devel-osx-x86_64-clang, r-devel-windows-ix86+x86_64, r-patched-linux-x86_64, r-patched-solaris-sparc, r-patched-solaris-x86, r-release-linux-x86_64, r-release-osx-x86_64-mavericks, r-release-windows-ix86+x86_64, r-oldrel-windows-ix86+x86_64

Version: 0.1-1
Check: R code for possible problems
Result: NOTE
    constant.post.9mo: no visible global function definition for ‘pexp’
    ll.coverage.optim.const.post.9m: no visible global function definition
     for ‘dexp’
    make.sample.pop: no visible global function definition for ‘runif’
    mcmc.converge: no visible global function definition for ‘par’
    mcmc.converge: no visible global function definition for ‘plot’
    mcmc.converge: no visible global function definition for ‘points’
    mcmc.converge: no visible global function definition for ‘density’
    mcmc.converge: no visible global function definition for ‘lines’
    mcmc.converge : <anonymous>: no visible global function definition for
     ‘sd’
    mcmc.estimate : run.chain: no visible global function definition for
     ‘dexp’
    mcmc.estimate : run.chain: no visible global function definition for
     ‘rnorm’
    mcmc.estimate : run.chain: no visible global function definition for
     ‘runif’
    mcmc.estimate : run.chain: no visible global function definition for
     ‘par’
    mcmc.estimate : run.chain: no visible global function definition for
     ‘plot’
    mcmc.estimate: no visible global function definition for ‘%dopar%’
    mcmc.estimate: no visible global function definition for ‘foreach’
    sim.n.vacc.sample.pop : <anonymous>: no visible global function
     definition for ‘runif’
    vaccinate.sample.pop: no visible global function definition for ‘runif’
    Undefined global functions or variables:
     %dopar% density dexp foreach lines par pexp plot points rnorm runif
     sd
    Consider adding
     importFrom("graphics", "lines", "par", "plot", "points")
     importFrom("stats", "density", "dexp", "pexp", "rnorm", "runif", "sd")
    to your NAMESPACE file.
Flavors: r-devel-linux-x86_64-debian-gcc, r-devel-linux-x86_64-fedora-clang, r-devel-linux-x86_64-fedora-gcc, r-devel-osx-x86_64-clang, r-devel-windows-ix86+x86_64, r-patched-linux-x86_64, r-patched-solaris-sparc, r-patched-solaris-x86, r-release-linux-x86_64, r-release-osx-x86_64-mavericks, r-release-windows-ix86+x86_64

Version: 0.1-1
Check: R code for possible problems
Result: NOTE
    mcmc.estimate: no visible global function definition for '%dopar%'
    mcmc.estimate: no visible global function definition for 'foreach'
Flavor: r-oldrel-windows-ix86+x86_64