CRAN Package Check Results for Package vagalumeR

Last updated on 2020-10-01 03:48:59 CEST.

Flavor Version Tinstall Tcheck Ttotal Status Flags
r-devel-linux-x86_64-debian-clang 0.1.6 1.96 19.39 21.35 OK
r-devel-linux-x86_64-debian-gcc 0.1.6 0.27 1.89 2.16 ERROR
r-devel-linux-x86_64-fedora-clang 0.1.6 37.15 OK
r-devel-linux-x86_64-fedora-gcc 0.1.6 25.50 OK
r-devel-windows-ix86+x86_64 0.1.6 5.00 27.00 32.00 OK
r-patched-linux-x86_64 0.1.6 2.04 18.91 20.95 OK
r-patched-solaris-x86 0.1.6 43.50 OK
r-release-linux-x86_64 0.1.6 2.00 18.78 20.78 OK
r-release-macos-x86_64 0.1.6 OK
r-release-windows-ix86+x86_64 0.1.6 6.00 36.00 42.00 OK
r-oldrel-macos-x86_64 0.1.6 OK
r-oldrel-windows-ix86+x86_64 0.1.6 4.00 31.00 35.00 OK

Check Details

Version: 0.1.6
Check: whether package can be installed
Result: ERROR
    Installation failed.
Flavor: r-devel-linux-x86_64-debian-gcc