CRAN Package Check Results for Package validateIt

Last updated on 2024-02-29 22:59:02 CET.

Flavor Version Tinstall Tcheck Ttotal Status Flags
r-devel-linux-x86_64-debian-clang 1.2.1 5.77 43.20 48.97 NOTE
r-devel-linux-x86_64-debian-gcc 1.2.1 3.08 32.68 35.76 NOTE
r-devel-linux-x86_64-fedora-clang 1.2.1 57.91 NOTE
r-devel-linux-x86_64-fedora-gcc 1.2.1 57.63 NOTE
r-devel-windows-x86_64 1.2.1 6.00 55.00 61.00 OK
r-patched-linux-x86_64 1.2.1 4.55 41.71 46.26 OK
r-release-linux-x86_64 1.2.1 4.59 41.67 46.26 OK
r-release-macos-arm64 1.2.1 24.00 OK
r-release-macos-x86_64 1.2.1 58.00 OK
r-release-windows-x86_64 1.2.1 7.00 59.00 66.00 OK
r-oldrel-macos-arm64 1.2.1 27.00 OK
r-oldrel-windows-x86_64 1.2.1 7.00 60.00 67.00 OK

Check Details

Version: 1.2.1
Check: Rd files
Result: NOTE checkRd: (-1) sendTasks.Rd:41: Lost braces in \itemize; \value handles \item{}{} directly checkRd: (-1) sendTasks.Rd:43: Lost braces in \itemize; \value handles \item{}{} directly Flavors: r-devel-linux-x86_64-debian-clang, r-devel-linux-x86_64-debian-gcc, r-devel-linux-x86_64-fedora-clang, r-devel-linux-x86_64-fedora-gcc