CRAN Package Check Results for Package vapour

Last updated on 2019-05-22 18:52:04 CEST.

Flavor Version Tinstall Tcheck Ttotal Status Flags
r-devel-linux-x86_64-debian-clang 0.2.0 48.40 39.76 88.16 OK
r-devel-linux-x86_64-debian-gcc 0.2.0 36.00 30.79 66.79 OK
r-devel-linux-x86_64-fedora-clang 0.2.0 129.06 OK
r-devel-linux-x86_64-fedora-gcc 0.2.0 109.77 OK
r-devel-windows-ix86+x86_64 0.2.0 190.00 416.00 606.00 NOTE
r-patched-linux-x86_64 0.2.0 45.04 39.23 84.27 OK
r-patched-solaris-x86 0.2.0 131.90 OK
r-release-linux-x86_64 0.2.0 44.17 39.48 83.65 OK
r-release-windows-ix86+x86_64 0.2.0 241.00 419.00 660.00 NOTE
r-release-osx-x86_64 0.2.0 NOTE
r-oldrel-windows-ix86+x86_64 0.2.0 1248.00 5.00 1253.00 ERROR
r-oldrel-osx-x86_64 0.2.0 NOTE

Check Details

Version: 0.2.0
Check: installed package size
Result: NOTE
     installed size is 78.9Mb
     sub-directories of 1Mb or more:
     gdal 3.8Mb
     libs 68.8Mb
     proj 5.0Mb
Flavors: r-devel-windows-ix86+x86_64, r-release-windows-ix86+x86_64, r-release-osx-x86_64, r-oldrel-osx-x86_64

Version: 0.2.0
Check: whether package can be installed
Result: ERROR
    Installation failed.
Flavor: r-oldrel-windows-ix86+x86_64