CRAN Package Check Results for Package varComp

Last updated on 2016-04-29 03:53:36.

Flavor Version Tinstall Tcheck Ttotal Status Flags
r-devel-linux-x86_64-debian-gcc 0.1-360 5.06 43.98 49.04 NOTE
r-devel-linux-x86_64-fedora-clang 0.1-360 95.56 NOTE
r-devel-linux-x86_64-fedora-gcc 0.1-360 90.75 NOTE
r-devel-osx-x86_64-clang 0.1-360 103.23 NOTE
r-devel-windows-ix86+x86_64 0.1-360 12.00 80.00 92.00 NOTE
r-patched-linux-x86_64 0.1-360 5.01 43.13 48.14 NOTE
r-patched-solaris-sparc 0.1-360 590.90 NOTE
r-patched-solaris-x86 0.1-360 122.70 NOTE
r-release-linux-x86_64 0.1-360 5.50 47.25 52.75 OK
r-release-osx-x86_64-mavericks 0.1-360 OK
r-release-windows-ix86+x86_64 0.1-360 11.00 71.00 82.00 OK
r-oldrel-windows-ix86+x86_64 0.1-360 25.00 97.00 122.00 OK

Check Details

Version: 0.1-360
Check: R code for possible problems
Result: NOTE
    varComp.fit: no visible binding for global variable ‘combn’
    varComp.fit: no visible global function definition for ‘plot’
    varComp.fit: no visible global function definition for ‘abline’
    wchibarsq: no visible global function definition for ‘combn’
    Undefined global functions or variables:
     abline combn plot
    Consider adding
     importFrom("graphics", "abline", "plot")
     importFrom("utils", "combn")
    to your NAMESPACE file.
Flavors: r-devel-linux-x86_64-debian-gcc, r-devel-linux-x86_64-fedora-clang, r-devel-linux-x86_64-fedora-gcc, r-devel-osx-x86_64-clang, r-devel-windows-ix86+x86_64, r-patched-linux-x86_64, r-patched-solaris-sparc, r-patched-solaris-x86