CRAN Package Check Results for Package varComp

Last updated on 2016-02-09 12:47:59.

Flavor Version Tinstall Tcheck Ttotal Status Flags
r-devel-linux-x86_64-debian-gcc 0.1-360 5.17 42.77 47.94 NOTE
r-devel-linux-x86_64-fedora-clang 0.1-360 97.73 NOTE
r-devel-linux-x86_64-fedora-gcc 0.1-360 90.97 NOTE
r-devel-osx-x86_64-clang 0.1-360 101.83 NOTE
r-devel-windows-ix86+x86_64 0.1-360 15.00 76.00 91.00 NOTE
r-patched-linux-x86_64 0.1-360 5.73 47.01 52.74 OK
r-patched-solaris-sparc 0.1-360 617.80 OK
r-patched-solaris-x86 0.1-360 126.60 OK
r-release-linux-x86_64 0.1-360 5.95 46.87 52.82 OK
r-release-osx-x86_64-mavericks 0.1-360 OK
r-release-windows-ix86+x86_64 0.1-360 17.00 73.00 90.00 OK
r-oldrel-windows-ix86+x86_64 0.1-360 25.00 104.00 129.00 OK

Check Details

Version: 0.1-360
Check: R code for possible problems
Result: NOTE
    varComp.fit: no visible binding for global variable ‘combn’
    varComp.fit: no visible global function definition for ‘plot’
    varComp.fit: no visible global function definition for ‘abline’
    wchibarsq: no visible global function definition for ‘combn’
    Undefined global functions or variables:
     abline combn plot
    Consider adding
     importFrom("graphics", "abline", "plot")
     importFrom("utils", "combn")
    to your NAMESPACE file.
Flavors: r-devel-linux-x86_64-debian-gcc, r-devel-linux-x86_64-fedora-clang, r-devel-linux-x86_64-fedora-gcc, r-devel-osx-x86_64-clang, r-devel-windows-ix86+x86_64