CRAN Package Check Results for Package varComp

Last updated on 2016-09-27 08:48:12.

Flavor Version Tinstall Tcheck Ttotal Status Flags
r-devel-linux-x86_64-debian-clang 0.1-360 4.80 40.38 45.18 NOTE
r-devel-linux-x86_64-debian-gcc 0.1-360 4.71 41.50 46.21 NOTE
r-devel-linux-x86_64-fedora-clang 0.1-360 64.24 NOTE
r-devel-linux-x86_64-fedora-gcc 0.1-360 93.86 NOTE
r-devel-macos-x86_64-clang 0.1-360 71.74 NOTE
r-devel-windows-ix86+x86_64 0.1-360 16.00 94.00 110.00 NOTE
r-patched-linux-x86_64 0.1-360 4.74 43.05 47.79 NOTE
r-patched-solaris-sparc 0.1-360 591.70 NOTE
r-patched-solaris-x86 0.1-360 122.80 NOTE
r-release-linux-x86_64 0.1-360 4.95 42.73 47.68 NOTE
r-release-osx-x86_64-mavericks 0.1-360 NOTE
r-release-windows-ix86+x86_64 0.1-360 16.00 95.00 111.00 NOTE
r-oldrel-windows-ix86+x86_64 0.1-360 17.00 103.00 120.00 OK

Check Details

Version: 0.1-360
Check: R code for possible problems
Result: NOTE
    varComp.fit: no visible binding for global variable ‘combn’
    varComp.fit: no visible global function definition for ‘plot’
    varComp.fit: no visible global function definition for ‘abline’
    wchibarsq: no visible global function definition for ‘combn’
    Undefined global functions or variables:
     abline combn plot
    Consider adding
     importFrom("graphics", "abline", "plot")
     importFrom("utils", "combn")
    to your NAMESPACE file.
Flavors: r-devel-linux-x86_64-debian-clang, r-devel-linux-x86_64-debian-gcc, r-devel-linux-x86_64-fedora-clang, r-devel-linux-x86_64-fedora-gcc, r-devel-macos-x86_64-clang, r-devel-windows-ix86+x86_64, r-patched-linux-x86_64, r-patched-solaris-sparc, r-patched-solaris-x86, r-release-linux-x86_64, r-release-osx-x86_64-mavericks, r-release-windows-ix86+x86_64