CRAN Package Check Results for Package varComp

Last updated on 2017-02-25 08:49:51.

Flavor Version Tinstall Tcheck Ttotal Status Flags
r-devel-linux-x86_64-debian-clang 0.1-360 4.76 45.03 49.79 NOTE
r-devel-linux-x86_64-debian-gcc 0.1-360 5.14 44.48 49.61 NOTE
r-devel-linux-x86_64-fedora-clang 0.1-360 105.62 NOTE --no-stop-on-test-error
r-devel-linux-x86_64-fedora-gcc 0.1-360 110.52 NOTE --no-stop-on-test-error
r-devel-macos-x86_64-clang 0.1-360 82.29 NOTE --no-stop-on-test-error
r-devel-windows-ix86+x86_64 0.1-360 18.00 105.00 123.00 NOTE
r-patched-linux-x86_64 0.1-360 5.01 42.57 47.58 NOTE
r-patched-solaris-sparc 0.1-360 591.40 NOTE
r-patched-solaris-x86 0.1-360 120.40 NOTE
r-release-linux-x86_64 0.1-360 4.81 41.26 46.07 NOTE
r-release-osx-x86_64-mavericks 0.1-360 NOTE
r-release-windows-ix86+x86_64 0.1-360 17.00 102.00 119.00 NOTE
r-oldrel-windows-ix86+x86_64 0.1-360 17.00 157.00 174.00 OK

Check Details

Version: 0.1-360
Check: R code for possible problems
Result: NOTE
    varComp.fit: no visible binding for global variable ‘combn’
    varComp.fit: no visible global function definition for ‘plot’
    varComp.fit: no visible global function definition for ‘abline’
    wchibarsq: no visible global function definition for ‘combn’
    Undefined global functions or variables:
     abline combn plot
    Consider adding
     importFrom("graphics", "abline", "plot")
     importFrom("utils", "combn")
    to your NAMESPACE file.
Flavors: r-devel-linux-x86_64-debian-clang, r-devel-linux-x86_64-debian-gcc, r-devel-windows-ix86+x86_64, r-patched-linux-x86_64, r-patched-solaris-sparc, r-patched-solaris-x86, r-release-linux-x86_64, r-release-osx-x86_64-mavericks, r-release-windows-ix86+x86_64

Version: 0.1-360
Flags: --no-stop-on-test-error
Check: R code for possible problems
Result: NOTE
    varComp.fit: no visible binding for global variable ‘combn’
    varComp.fit: no visible global function definition for ‘plot’
    varComp.fit: no visible global function definition for ‘abline’
    wchibarsq: no visible global function definition for ‘combn’
    Undefined global functions or variables:
     abline combn plot
    Consider adding
     importFrom("graphics", "abline", "plot")
     importFrom("utils", "combn")
    to your NAMESPACE file.
Flavors: r-devel-linux-x86_64-fedora-clang, r-devel-linux-x86_64-fedora-gcc, r-devel-macos-x86_64-clang