CRAN Package Check Results for Package varComp

Last updated on 2016-07-27 15:48:04.

Flavor Version Tinstall Tcheck Ttotal Status Flags
r-devel-linux-x86_64-debian-clang 0.1-360 5.96 54.16 60.12 NOTE
r-devel-linux-x86_64-debian-gcc 0.1-360 6.48 54.22 60.70 NOTE
r-devel-linux-x86_64-fedora-clang 0.1-360 98.09 NOTE
r-devel-linux-x86_64-fedora-gcc 0.1-360 92.04 NOTE
r-devel-osx-x86_64-clang 0.1-360 77.00 NOTE
r-devel-windows-ix86+x86_64 0.1-360 17.00 110.00 127.00 NOTE
r-patched-linux-x86_64 0.1-360 5.60 52.03 57.63 NOTE
r-patched-solaris-sparc 0.1-360 591.70 NOTE
r-patched-solaris-x86 0.1-360 121.80 NOTE
r-release-linux-x86_64 0.1-360 5.86 52.91 58.77 NOTE
r-release-osx-x86_64-mavericks 0.1-360 NOTE
r-release-windows-ix86+x86_64 0.1-360 18.00 107.00 125.00 NOTE
r-oldrel-windows-ix86+x86_64 0.1-360 19.00 116.00 135.00 OK

Check Details

Version: 0.1-360
Check: R code for possible problems
Result: NOTE
    varComp.fit: no visible binding for global variable ‘combn’
    varComp.fit: no visible global function definition for ‘plot’
    varComp.fit: no visible global function definition for ‘abline’
    wchibarsq: no visible global function definition for ‘combn’
    Undefined global functions or variables:
     abline combn plot
    Consider adding
     importFrom("graphics", "abline", "plot")
     importFrom("utils", "combn")
    to your NAMESPACE file.
Flavors: r-devel-linux-x86_64-debian-clang, r-devel-linux-x86_64-debian-gcc, r-devel-linux-x86_64-fedora-clang, r-devel-linux-x86_64-fedora-gcc, r-devel-osx-x86_64-clang, r-devel-windows-ix86+x86_64, r-patched-linux-x86_64, r-patched-solaris-sparc, r-patched-solaris-x86, r-release-linux-x86_64, r-release-osx-x86_64-mavericks, r-release-windows-ix86+x86_64