CRAN Package Check Results for Package varComp

Last updated on 2015-07-29 23:47:33.

Flavor Version Tinstall Tcheck Ttotal Status Flags
r-devel-linux-x86_64-debian-clang 0.1-360 4.76 42.06 46.82 NOTE
r-devel-linux-x86_64-debian-gcc 0.1-360 4.75 41.22 45.97 NOTE
r-devel-linux-x86_64-fedora-clang 0.1-360 95.75 NOTE
r-devel-linux-x86_64-fedora-gcc 0.1-360 90.70 NOTE
r-devel-osx-x86_64-clang 0.1-360 70.38 OK
r-devel-windows-ix86+x86_64 0.1-360 17.00 82.00 99.00 NOTE
r-patched-linux-x86_64 0.1-360 4.70 42.16 46.87 OK
r-patched-solaris-sparc 0.1-360 601.20 OK
r-patched-solaris-x86 0.1-360 125.60 OK
r-release-linux-x86_64 0.1-360 4.76 41.66 46.43 OK
r-release-osx-x86_64-mavericks 0.1-360 OK
r-release-windows-ix86+x86_64 0.1-360 14.00 65.00 79.00 OK
r-oldrel-windows-ix86+x86_64 0.1-360 17.00 116.00 133.00 OK

Check Details

Version: 0.1-360
Check: R code for possible problems
Result: NOTE
    varComp.fit: no visible binding for global variable ‘combn’
    varComp.fit: no visible global function definition for ‘plot’
    varComp.fit: no visible global function definition for ‘abline’
    wchibarsq: no visible global function definition for ‘combn’
    Undefined global functions or variables:
     abline combn plot
    Consider adding
     importFrom("graphics", "abline", "plot")
     importFrom("utils", "combn")
    to your NAMESPACE.
Flavors: r-devel-linux-x86_64-debian-clang, r-devel-linux-x86_64-debian-gcc, r-devel-linux-x86_64-fedora-clang, r-devel-linux-x86_64-fedora-gcc, r-devel-windows-ix86+x86_64