CRAN Package Check Results for Package varComp

Last updated on 2017-04-30 23:52:01.

Flavor Version Tinstall Tcheck Ttotal Status Flags
r-devel-linux-x86_64-debian-clang 0.1-360 5.48 46.39 51.87 NOTE
r-devel-linux-x86_64-debian-gcc 0.1-360 4.75 44.95 49.70 NOTE
r-devel-linux-x86_64-fedora-clang 0.1-360 109.69 NOTE --no-stop-on-test-error
r-devel-linux-x86_64-fedora-gcc 0.1-360 103.71 NOTE --no-stop-on-test-error
r-devel-windows-ix86+x86_64 0.1-360 11.00 106.00 117.00 NOTE
r-patched-linux-x86_64 0.1-360 5.10 44.89 49.98 NOTE
r-patched-solaris-sparc 0.1-360 626.70 NOTE
r-patched-solaris-x86 0.1-360 137.50 NOTE
r-release-linux-x86_64 0.1-360 5.08 44.40 49.48 NOTE
r-release-windows-ix86+x86_64 0.1-360 15.00 105.00 120.00 NOTE
r-release-osx-x86_64 0.1-360 NOTE
r-oldrel-windows-ix86+x86_64 0.1-360 19.00 112.00 131.00 NOTE
r-oldrel-osx-x86_64 0.1-360 NOTE

Check Details

Version: 0.1-360
Check: R code for possible problems
Result: NOTE
    varComp.fit: no visible binding for global variable ‘combn’
    varComp.fit: no visible global function definition for ‘plot’
    varComp.fit: no visible global function definition for ‘abline’
    wchibarsq: no visible global function definition for ‘combn’
    Undefined global functions or variables:
     abline combn plot
    Consider adding
     importFrom("graphics", "abline", "plot")
     importFrom("utils", "combn")
    to your NAMESPACE file.
Flavors: r-devel-linux-x86_64-debian-clang, r-devel-linux-x86_64-debian-gcc, r-devel-windows-ix86+x86_64, r-patched-linux-x86_64, r-patched-solaris-sparc, r-patched-solaris-x86, r-release-linux-x86_64, r-release-windows-ix86+x86_64, r-release-osx-x86_64, r-oldrel-windows-ix86+x86_64, r-oldrel-osx-x86_64

Version: 0.1-360
Flags: --no-stop-on-test-error
Check: R code for possible problems
Result: NOTE
    varComp.fit: no visible binding for global variable ‘combn’
    varComp.fit: no visible global function definition for ‘plot’
    varComp.fit: no visible global function definition for ‘abline’
    wchibarsq: no visible global function definition for ‘combn’
    Undefined global functions or variables:
     abline combn plot
    Consider adding
     importFrom("graphics", "abline", "plot")
     importFrom("utils", "combn")
    to your NAMESPACE file.
Flavors: r-devel-linux-x86_64-fedora-clang, r-devel-linux-x86_64-fedora-gcc