CRAN Package Check Results for Package varComp

Last updated on 2017-03-25 06:48:22.

Flavor Version Tinstall Tcheck Ttotal Status Flags
r-devel-linux-x86_64-debian-clang 0.1-360 4.82 45.53 50.35 NOTE
r-devel-linux-x86_64-debian-gcc 0.1-360 5.00 44.73 49.73 NOTE
r-devel-linux-x86_64-fedora-clang 0.1-360 107.53 NOTE --no-stop-on-test-error
r-devel-linux-x86_64-fedora-gcc 0.1-360 104.28 NOTE --no-stop-on-test-error
r-devel-macos-x86_64-clang 0.1-360 81.48 NOTE --no-stop-on-test-error
r-devel-windows-ix86+x86_64 0.1-360 12.00 110.00 122.00 NOTE
r-patched-linux-x86_64 0.1-360 5.47 41.68 47.15 NOTE
r-patched-solaris-sparc 0.1-360 626.70 NOTE
r-patched-solaris-x86 0.1-360 140.20 NOTE
r-release-linux-x86_64 0.1-360 4.84 41.48 46.31 NOTE
r-release-osx-x86_64-mavericks 0.1-360 NOTE
r-release-windows-ix86+x86_64 0.1-360 15.00 73.00 88.00 NOTE
r-oldrel-windows-ix86+x86_64 0.1-360 12.00 100.00 112.00 OK

Check Details

Version: 0.1-360
Check: R code for possible problems
Result: NOTE
    varComp.fit: no visible binding for global variable ‘combn’
    varComp.fit: no visible global function definition for ‘plot’
    varComp.fit: no visible global function definition for ‘abline’
    wchibarsq: no visible global function definition for ‘combn’
    Undefined global functions or variables:
     abline combn plot
    Consider adding
     importFrom("graphics", "abline", "plot")
     importFrom("utils", "combn")
    to your NAMESPACE file.
Flavors: r-devel-linux-x86_64-debian-clang, r-devel-linux-x86_64-debian-gcc, r-devel-windows-ix86+x86_64, r-patched-linux-x86_64, r-patched-solaris-sparc, r-patched-solaris-x86, r-release-linux-x86_64, r-release-osx-x86_64-mavericks, r-release-windows-ix86+x86_64

Version: 0.1-360
Flags: --no-stop-on-test-error
Check: R code for possible problems
Result: NOTE
    varComp.fit: no visible binding for global variable ‘combn’
    varComp.fit: no visible global function definition for ‘plot’
    varComp.fit: no visible global function definition for ‘abline’
    wchibarsq: no visible global function definition for ‘combn’
    Undefined global functions or variables:
     abline combn plot
    Consider adding
     importFrom("graphics", "abline", "plot")
     importFrom("utils", "combn")
    to your NAMESPACE file.
Flavors: r-devel-linux-x86_64-fedora-clang, r-devel-linux-x86_64-fedora-gcc, r-devel-macos-x86_64-clang