CRAN Package Check Results for Package varComp

Last updated on 2014-04-23 12:48:30.

Flavor Version Tinstall Tcheck Ttotal Status Flags
r-devel-linux-x86_64-debian-clang 0.1-317 6.58 50.45 57.04 OK
r-devel-linux-x86_64-debian-gcc 0.1-317 6.17 50.14 56.31 OK
r-devel-linux-x86_64-fedora-clang 0.1-317 126.12 OK
r-devel-linux-x86_64-fedora-gcc 0.1-317 122.76 OK
r-devel-osx-x86_64-clang 0.1-317 100.99 OK
r-devel-osx-x86_64-gcc 0.1-317 OK
r-devel-windows-ix86+x86_64 0.1-317 13.00 69.00 82.00 OK
r-patched-linux-x86_64 0.1-317 6.08 50.00 56.08 OK
r-patched-solaris-sparc 0.1-317 681.20 OK
r-patched-solaris-x86 0.1-317 156.10 OK
r-release-linux-ix86 0.1-317 9.00 80.00 89.00 OK
r-release-linux-x86_64 0.1-317 6.18 50.22 56.40 OK
r-release-osx-x86_64-mavericks 0.1-317 WARN
r-release-osx-x86_64-snowleopard 0.1-317 OK
r-release-windows-ix86+x86_64 0.1-317 12.00 72.00 84.00 OK
r-oldrel-windows-ix86+x86_64 0.1-317 13.00 62.00 75.00 OK

Check Details

Version: 0.1-317
Check: PDF version of manual
Result: WARNING
    LaTeX errors when creating PDF version.
    This typically indicates Rd problems.
    LaTeX errors found:
    ! LaTeX Error: File `upquote.sty' not found.
    
    Type X to quit or <RETURN> to proceed,
    or enter new name. (Default extension: sty)
    
    10ec482e/Rd2.tex:8: ==> Fatal error occurred, no output PDF file produced!
Flavor: r-release-osx-x86_64-mavericks