CRAN Package Check Results for Package varComp

Last updated on 2017-01-21 08:47:27.

Flavor Version Tinstall Tcheck Ttotal Status Flags
r-devel-linux-x86_64-debian-clang 0.1-360 5.24 44.17 49.41 NOTE
r-devel-linux-x86_64-debian-gcc 0.1-360 4.93 44.30 49.23 NOTE
r-devel-linux-x86_64-fedora-clang 0.1-360 105.94 NOTE --no-stop-on-test-error
r-devel-linux-x86_64-fedora-gcc 0.1-360 92.82 NOTE --no-stop-on-test-error
r-devel-macos-x86_64-clang 0.1-360 79.40 NOTE --no-stop-on-test-error
r-devel-windows-ix86+x86_64 0.1-360 16.00 97.00 113.00 NOTE
r-patched-linux-x86_64 0.1-360 4.95 40.49 45.44 NOTE
r-patched-solaris-sparc 0.1-360 591.40 NOTE
r-patched-solaris-x86 0.1-360 121.40 NOTE
r-release-linux-x86_64 0.1-360 4.85 40.70 45.55 NOTE
r-release-osx-x86_64-mavericks 0.1-360 NOTE
r-release-windows-ix86+x86_64 0.1-360 16.00 96.00 112.00 NOTE
r-oldrel-windows-ix86+x86_64 0.1-360 18.00 96.00 114.00 OK

Check Details

Version: 0.1-360
Check: R code for possible problems
Result: NOTE
    varComp.fit: no visible binding for global variable ‘combn’
    varComp.fit: no visible global function definition for ‘plot’
    varComp.fit: no visible global function definition for ‘abline’
    wchibarsq: no visible global function definition for ‘combn’
    Undefined global functions or variables:
     abline combn plot
    Consider adding
     importFrom("graphics", "abline", "plot")
     importFrom("utils", "combn")
    to your NAMESPACE file.
Flavors: r-devel-linux-x86_64-debian-clang, r-devel-linux-x86_64-debian-gcc, r-devel-windows-ix86+x86_64, r-patched-linux-x86_64, r-patched-solaris-sparc, r-patched-solaris-x86, r-release-linux-x86_64, r-release-osx-x86_64-mavericks, r-release-windows-ix86+x86_64

Version: 0.1-360
Flags: --no-stop-on-test-error
Check: R code for possible problems
Result: NOTE
    varComp.fit: no visible binding for global variable ‘combn’
    varComp.fit: no visible global function definition for ‘plot’
    varComp.fit: no visible global function definition for ‘abline’
    wchibarsq: no visible global function definition for ‘combn’
    Undefined global functions or variables:
     abline combn plot
    Consider adding
     importFrom("graphics", "abline", "plot")
     importFrom("utils", "combn")
    to your NAMESPACE file.
Flavors: r-devel-linux-x86_64-fedora-clang, r-devel-linux-x86_64-fedora-gcc, r-devel-macos-x86_64-clang