CRAN Package Check Results for Package varSelRF

Last updated on 2014-10-25 21:46:42.

Flavor Version Tinstall Tcheck Ttotal Status Flags
r-devel-linux-x86_64-debian-clang 0.7-3 0.71 20.30 21.01 NOTE
r-devel-linux-x86_64-debian-gcc 0.7-3 0.68 21.00 21.68 NOTE
r-devel-linux-x86_64-fedora-clang 0.7-3 39.78 NOTE
r-devel-linux-x86_64-fedora-gcc 0.7-3 38.33 NOTE
r-devel-osx-x86_64-clang 0.7-3 37.55 NOTE
r-devel-windows-ix86+x86_64 0.7-3 3.00 30.00 33.00 NOTE
r-patched-linux-x86_64 0.7-3 0.72 20.32 21.03 NOTE
r-patched-solaris-sparc 0.7-3 216.10 NOTE
r-patched-solaris-x86 0.7-3 54.00 NOTE
r-release-linux-ix86 0.7-3 1.03 26.05 27.08 NOTE
r-release-linux-x86_64 0.7-3 0.73 19.96 20.69 NOTE
r-release-osx-x86_64-mavericks 0.7-3 NOTE
r-release-osx-x86_64-snowleopard 0.7-3 NOTE
r-release-windows-ix86+x86_64 0.7-3 3.00 28.00 31.00 NOTE
r-oldrel-windows-ix86+x86_64 0.7-3 4.00 33.00 37.00 NOTE

Check Details

Version: 0.7-3
Check: top-level files
Result: NOTE
    Non-standard file/directory found at top level:
     ‘To-do’
Flavors: r-devel-linux-x86_64-debian-clang, r-devel-linux-x86_64-debian-gcc, r-devel-linux-x86_64-fedora-clang, r-devel-linux-x86_64-fedora-gcc, r-patched-linux-x86_64, r-release-linux-x86_64

Version: 0.7-3
Check: dependencies in R code
Result: NOTE
    'library' or 'require' call to ‘randomForest’ which was already attached by Depends.
     Please remove these calls from your code.
    See the information on DESCRIPTION files in the chapter ‘Creating R
    packages’ of the ‘Writing R Extensions’ manual.
Flavors: r-devel-linux-x86_64-debian-clang, r-devel-linux-x86_64-debian-gcc, r-devel-linux-x86_64-fedora-clang, r-devel-linux-x86_64-fedora-gcc, r-devel-osx-x86_64-clang, r-devel-windows-ix86+x86_64, r-patched-linux-x86_64, r-patched-solaris-sparc, r-patched-solaris-x86, r-release-linux-ix86, r-release-linux-x86_64, r-release-osx-x86_64-mavericks, r-release-osx-x86_64-snowleopard, r-release-windows-ix86+x86_64, r-oldrel-windows-ix86+x86_64

Version: 0.7-3
Check: R code for possible problems
Result: NOTE
    basicClusterInit: warning in assign(nameCluster,
     makeCluster(clusterNumberNodes, type = typeCluster), env =
     .GlobalEnv): partial argument match of ‘env’ to ‘envir’
    ExpedrimentalvarSelRF: no visible binding for global variable
     ‘mtryFactor’
    ExpedrimentalvarSelRF: no visible global function definition for
     ‘oobError’
    basicClusterInit: no visible global function definition for
     ‘makeCluster’
    basicClusterInit: no visible global function definition for
     ‘clusterSetupSPRNG’
    basicClusterInit: no visible global function definition for
     ‘clusterEvalQ’
    rVI: no visible binding for global variable ‘usingCluster’
    rVI : iRF.cluster: no visible binding for global variable
     ‘xdataTheCluster’
    rVI : iRF.cluster: no visible binding for global variable
     ‘ClassTheCluster’
    rVI: no visible global function definition for ‘clusterEvalQ’
    rVI: no visible binding for global variable ‘TheCluster’
    rVI: no visible binding for '<<-' assignment to ‘xdataTheCluster’
    rVI: no visible binding for '<<-' assignment to ‘ClassTheCluster’
    rVI: no visible global function definition for ‘clusterExport’
    rVI: no visible global function definition for ‘clusterApplyLB’
    randomVarImpsRF: no visible global function definition for
     ‘clusterEvalQ’
    randomVarImpsRF : iRF.cluster: no visible binding for global variable
     ‘xdataTheCluster’
    randomVarImpsRF : iRF.cluster: no visible binding for global variable
     ‘ClassTheCluster’
    randomVarImpsRF: no visible binding for '<<-' assignment to
     ‘xdataTheCluster’
    randomVarImpsRF: no visible binding for '<<-' assignment to
     ‘ClassTheCluster’
    randomVarImpsRF: no visible global function definition for
     ‘clusterExport’
    randomVarImpsRF: no visible global function definition for
     ‘clusterApplyLB’
    tune2RF: no visible global function definition for ‘tuneRF’
    tune2RF: no visible global function definition for ‘cov.rob’
    tune2RF: no visible binding for global variable ‘ntree’
    varSelRFBoot: no visible global function definition for ‘clusterEvalQ’
    varSelRFBoot: no visible global function definition for ‘clusterExport’
    varSelRFBoot: no visible global function definition for
     ‘clusterApplyLB’
    
    Found the following assignments to the global environment:
    File ‘varSelRF/R/varSelRF.R’:
     assign(nameCluster, makeCluster(clusterNumberNodes, type = typeCluster),
     env = .GlobalEnv)
Flavors: r-devel-linux-x86_64-debian-clang, r-devel-linux-x86_64-debian-gcc, r-devel-linux-x86_64-fedora-clang, r-devel-osx-x86_64-clang, r-patched-linux-x86_64

Version: 0.7-3
Check: R code for possible problems
Result: NOTE
    basicClusterInit: warning in assign(nameCluster,
     makeCluster(clusterNumberNodes, type = typeCluster), env =
     .GlobalEnv): partial argument match of 'env' to 'envir'
    ExpedrimentalvarSelRF: no visible binding for global variable
     ‘mtryFactor’
    ExpedrimentalvarSelRF: no visible global function definition for
     ‘oobError’
    basicClusterInit: no visible global function definition for
     ‘makeCluster’
    basicClusterInit: no visible global function definition for
     ‘clusterSetupSPRNG’
    basicClusterInit: no visible global function definition for
     ‘clusterEvalQ’
    rVI: no visible binding for global variable ‘usingCluster’
    rVI : iRF.cluster: no visible binding for global variable
     ‘xdataTheCluster’
    rVI : iRF.cluster: no visible binding for global variable
     ‘ClassTheCluster’
    rVI: no visible global function definition for ‘clusterEvalQ’
    rVI: no visible binding for global variable ‘TheCluster’
    rVI: no visible binding for '<<-' assignment to ‘xdataTheCluster’
    rVI: no visible binding for '<<-' assignment to ‘ClassTheCluster’
    rVI: no visible global function definition for ‘clusterExport’
    rVI: no visible global function definition for ‘clusterApplyLB’
    randomVarImpsRF: no visible global function definition for
     ‘clusterEvalQ’
    randomVarImpsRF : iRF.cluster: no visible binding for global variable
     ‘xdataTheCluster’
    randomVarImpsRF : iRF.cluster: no visible binding for global variable
     ‘ClassTheCluster’
    randomVarImpsRF: no visible binding for '<<-' assignment to
     ‘xdataTheCluster’
    randomVarImpsRF: no visible binding for '<<-' assignment to
     ‘ClassTheCluster’
    randomVarImpsRF: no visible global function definition for
     ‘clusterExport’
    randomVarImpsRF: no visible global function definition for
     ‘clusterApplyLB’
    tune2RF: no visible global function definition for ‘tuneRF’
    tune2RF: no visible global function definition for ‘cov.rob’
    tune2RF: no visible binding for global variable ‘ntree’
    varSelRFBoot: no visible global function definition for ‘clusterEvalQ’
    varSelRFBoot: no visible global function definition for ‘clusterExport’
    varSelRFBoot: no visible global function definition for
     ‘clusterApplyLB’
Flavors: r-devel-linux-x86_64-fedora-gcc, r-devel-windows-ix86+x86_64, r-patched-solaris-sparc, r-patched-solaris-x86

Version: 0.7-3
Check: R code for possible problems
Result: NOTE
    basicClusterInit: warning in assign(nameCluster,
     makeCluster(clusterNumberNodes, type = typeCluster), env =
     .GlobalEnv): partial argument match of 'env' to 'envir'
    ExpedrimentalvarSelRF: no visible binding for global variable
     ‘mtryFactor’
    ExpedrimentalvarSelRF: no visible global function definition for
     ‘oobError’
    rVI: no visible binding for global variable ‘usingCluster’
    rVI : iRF.cluster: no visible binding for global variable
     ‘xdataTheCluster’
    rVI : iRF.cluster: no visible binding for global variable
     ‘ClassTheCluster’
    rVI: no visible binding for global variable ‘TheCluster’
    rVI: no visible binding for '<<-' assignment to ‘xdataTheCluster’
    rVI: no visible binding for '<<-' assignment to ‘ClassTheCluster’
    randomVarImpsRF : iRF.cluster: no visible binding for global variable
     ‘xdataTheCluster’
    randomVarImpsRF : iRF.cluster: no visible binding for global variable
     ‘ClassTheCluster’
    randomVarImpsRF: no visible binding for '<<-' assignment to
     ‘xdataTheCluster’
    randomVarImpsRF: no visible binding for '<<-' assignment to
     ‘ClassTheCluster’
    tune2RF: no visible global function definition for ‘cov.rob’
    tune2RF: no visible binding for global variable ‘ntree’
    
    Found the following assignments to the global environment:
    File ‘varSelRF/R/varSelRF.R’:
     assign(nameCluster, makeCluster(clusterNumberNodes, type = typeCluster),
     env = .GlobalEnv)
Flavors: r-release-linux-ix86, r-release-linux-x86_64

Version: 0.7-3
Check: package dependencies
Result: NOTE
    Package which this enhances but not available for checking: ‘Rmpi’
Flavor: r-release-osx-x86_64-mavericks

Version: 0.7-3
Check: R code for possible problems
Result: NOTE
    basicClusterInit: warning in assign(nameCluster,
     makeCluster(clusterNumberNodes, type = typeCluster), env =
     .GlobalEnv): partial argument match of 'env' to 'envir'
    ExpedrimentalvarSelRF: no visible binding for global variable
     ‘mtryFactor’
    ExpedrimentalvarSelRF: no visible global function definition for
     ‘oobError’
    rVI: no visible binding for global variable ‘usingCluster’
    rVI : iRF.cluster: no visible binding for global variable
     ‘xdataTheCluster’
    rVI : iRF.cluster: no visible binding for global variable
     ‘ClassTheCluster’
    rVI: no visible binding for global variable ‘TheCluster’
    rVI: no visible binding for '<<-' assignment to ‘xdataTheCluster’
    rVI: no visible binding for '<<-' assignment to ‘ClassTheCluster’
    randomVarImpsRF : iRF.cluster: no visible binding for global variable
     ‘xdataTheCluster’
    randomVarImpsRF : iRF.cluster: no visible binding for global variable
     ‘ClassTheCluster’
    randomVarImpsRF: no visible binding for '<<-' assignment to
     ‘xdataTheCluster’
    randomVarImpsRF: no visible binding for '<<-' assignment to
     ‘ClassTheCluster’
    tune2RF: no visible global function definition for ‘cov.rob’
    tune2RF: no visible binding for global variable ‘ntree’
Flavors: r-release-osx-x86_64-mavericks, r-release-osx-x86_64-snowleopard, r-release-windows-ix86+x86_64, r-oldrel-windows-ix86+x86_64