CRAN Package Check Results for Package varSelRF

Last updated on 2014-04-18 05:48:14.

Flavor Version Tinstall Tcheck Ttotal Status Flags
r-devel-linux-x86_64-debian-clang 0.7-3 0.76 20.05 20.80 NOTE
r-devel-linux-x86_64-debian-gcc NOTE
r-devel-linux-x86_64-fedora-clang 0.7-3 38.81 NOTE
r-devel-linux-x86_64-fedora-gcc 0.7-3 37.46 NOTE
r-devel-macosx-x86_64-clang 0.7-3 39.35 NOTE
r-devel-macosx-x86_64-gcc 0.7-3 NOTE
r-devel-windows-ix86+x86_64 0.7-3 3.00 30.00 33.00 NOTE
r-patched-linux-x86_64 0.7-3 0.81 20.40 21.22 NOTE
r-patched-solaris-sparc 0.7-3 213.50 NOTE
r-patched-solaris-x86 0.7-3 52.60 NOTE
r-release-linux-ix86 0.7-3 2.00 36.00 38.00 NOTE
r-release-linux-x86_64 0.7-3 0.74 20.01 20.74 NOTE
r-release-macosx-x86_64 0.7-3 NOTE
r-release-windows-ix86+x86_64 0.7-3 3.00 33.00 36.00 NOTE
r-oldrel-windows-ix86+x86_64 0.7-3 3.00 30.00 33.00 NOTE

Check Details

Version: 0.7-3
Check: dependencies in R code
Result: NOTE
    'library' or 'require' call to ‘randomForest’ which was already attached by Depends.
     Please remove these calls from your code.
    See the information on DESCRIPTION files in the chapter ‘Creating R
    packages’ of the ‘Writing R Extensions’ manual.
Flavors: r-devel-linux-x86_64-debian-clang, r-devel-linux-x86_64-debian-gcc, r-devel-linux-x86_64-fedora-clang, r-devel-linux-x86_64-fedora-gcc, r-devel-macosx-x86_64-clang, r-devel-macosx-x86_64-gcc, r-devel-windows-ix86+x86_64, r-patched-linux-x86_64, r-patched-solaris-sparc, r-patched-solaris-x86, r-release-linux-ix86, r-release-linux-x86_64, r-release-macosx-x86_64, r-release-windows-ix86+x86_64, r-oldrel-windows-ix86+x86_64

Version: 0.7-3
Check: R code for possible problems
Result: NOTE
    basicClusterInit: warning in assign(nameCluster,
     makeCluster(clusterNumberNodes, type = typeCluster), env =
     .GlobalEnv): partial argument match of 'env' to 'envir'
    ExpedrimentalvarSelRF: no visible binding for global variable
     ‘mtryFactor’
    ExpedrimentalvarSelRF: no visible global function definition for
     ‘oobError’
    rVI: no visible binding for global variable ‘usingCluster’
    rVI : iRF.cluster: no visible binding for global variable
     ‘xdataTheCluster’
    rVI : iRF.cluster: no visible binding for global variable
     ‘ClassTheCluster’
    rVI: no visible binding for global variable ‘TheCluster’
    rVI: no visible binding for '<<-' assignment to ‘xdataTheCluster’
    rVI: no visible binding for '<<-' assignment to ‘ClassTheCluster’
    randomVarImpsRF : iRF.cluster: no visible binding for global variable
     ‘xdataTheCluster’
    randomVarImpsRF : iRF.cluster: no visible binding for global variable
     ‘ClassTheCluster’
    randomVarImpsRF: no visible binding for '<<-' assignment to
     ‘xdataTheCluster’
    randomVarImpsRF: no visible binding for '<<-' assignment to
     ‘ClassTheCluster’
    tune2RF: no visible global function definition for ‘cov.rob’
    tune2RF: no visible binding for global variable ‘ntree’
    
    Found the following assignments to the global environment:
    File ‘varSelRF/R/varSelRF.R’:
     assign(nameCluster, makeCluster(clusterNumberNodes, type = typeCluster),
     env = .GlobalEnv)
Flavors: r-devel-linux-x86_64-debian-clang, r-devel-linux-x86_64-debian-gcc, r-devel-linux-x86_64-fedora-clang, r-devel-macosx-x86_64-clang, r-patched-linux-x86_64, r-release-linux-ix86, r-release-linux-x86_64

Version: 0.7-3
Check: top-level files
Result: NOTE
    Non-standard file/directory found at top level:
     ‘To-do’
Flavors: r-devel-linux-x86_64-fedora-clang, r-devel-linux-x86_64-fedora-gcc

Version: 0.7-3
Check: R code for possible problems
Result: NOTE
    basicClusterInit: warning in assign(nameCluster,
     makeCluster(clusterNumberNodes, type = typeCluster), env =
     .GlobalEnv): partial argument match of 'env' to 'envir'
    ExpedrimentalvarSelRF: no visible binding for global variable
     ‘mtryFactor’
    ExpedrimentalvarSelRF: no visible global function definition for
     ‘oobError’
    rVI: no visible binding for global variable ‘usingCluster’
    rVI : iRF.cluster: no visible binding for global variable
     ‘xdataTheCluster’
    rVI : iRF.cluster: no visible binding for global variable
     ‘ClassTheCluster’
    rVI: no visible binding for global variable ‘TheCluster’
    rVI: no visible binding for '<<-' assignment to ‘xdataTheCluster’
    rVI: no visible binding for '<<-' assignment to ‘ClassTheCluster’
    randomVarImpsRF : iRF.cluster: no visible binding for global variable
     ‘xdataTheCluster’
    randomVarImpsRF : iRF.cluster: no visible binding for global variable
     ‘ClassTheCluster’
    randomVarImpsRF: no visible binding for '<<-' assignment to
     ‘xdataTheCluster’
    randomVarImpsRF: no visible binding for '<<-' assignment to
     ‘ClassTheCluster’
    tune2RF: no visible global function definition for ‘cov.rob’
    tune2RF: no visible binding for global variable ‘ntree’
Flavors: r-devel-linux-x86_64-fedora-gcc, r-devel-macosx-x86_64-gcc, r-devel-windows-ix86+x86_64, r-patched-solaris-sparc, r-patched-solaris-x86, r-release-macosx-x86_64, r-release-windows-ix86+x86_64, r-oldrel-windows-ix86+x86_64

Version: 0.7-3
Check: package dependencies
Result: NOTE
    Package which this enhances but not available for checking: ‘Rmpi’
Flavor: r-devel-macosx-x86_64-gcc