CRAN Package Check Results for Package varSelRF

Last updated on 2015-07-03 13:46:55.

Flavor Version Tinstall Tcheck Ttotal Status Flags
r-devel-linux-x86_64-debian-clang 0.7-5 0.64 17.18 17.81 NOTE
r-devel-linux-x86_64-debian-gcc 0.7-5 0.61 18.05 18.66 NOTE
r-devel-linux-x86_64-fedora-clang 0.7-5 34.41 NOTE
r-devel-linux-x86_64-fedora-gcc 0.7-5 32.18 NOTE
r-devel-osx-x86_64-clang 0.7-5 28.80 OK
r-devel-windows-ix86+x86_64 0.7-5 3.00 29.00 32.00 NOTE
r-patched-linux-x86_64 0.7-5 0.70 18.18 18.88 OK
r-patched-solaris-sparc 0.7-5 202.30 OK
r-patched-solaris-x86 0.7-5 48.80 OK
r-release-linux-x86_64 0.7-5 0.64 18.70 19.34 OK
r-release-osx-x86_64-mavericks 0.7-5 OK
r-release-windows-ix86+x86_64 0.7-5 3.00 30.00 33.00 OK
r-oldrel-windows-ix86+x86_64 0.7-5 3.00 49.00 52.00 OK

Check Details

Version: 0.7-5
Check: R code for possible problems
Result: NOTE
    figureSummary2.varSelRFBoot: no visible global function definition for
     ‘median’
    figureSummary2.varSelRFBoot: no visible global function definition for
     ‘quantile’
    plot.varSelRF: no visible global function definition for
     ‘dev.interactive’
    plot.varSelRF: no visible global function definition for ‘par’
    plot.varSelRF: no visible global function definition for ‘dotchart’
    plot.varSelRF: no visible global function definition for ‘plot’
    plot.varSelRF: no visible global function definition for ‘lines’
    plot.varSelRFBoot: no visible global function definition for ‘rainbow’
    plot.varSelRFBoot: no visible global function definition for
     ‘dev.interactive’
    plot.varSelRFBoot: no visible global function definition for ‘par’
    plot.varSelRFBoot: no visible global function definition for ‘boxplot’
    plot.varSelRFBoot: no visible global function definition for ‘plot’
    plot.varSelRFBoot: no visible global function definition for ‘text’
    plot.varSelRFBoot: no visible global function definition for ‘box’
    plot.varSelRFBoot: no visible global function definition for ‘axis’
    plot.varSelRFBoot: no visible global function definition for ‘segments’
    plot.varSelRFBoot: no visible global function definition for ‘legend’
    plot.varSelRFBoot: no visible global function definition for ‘abline’
    plot.varSelRFBoot: no visible global function definition for ‘lines’
    randomVarImpsRFplot: no visible global function definition for ‘plot’
    randomVarImpsRFplot: no visible global function definition for ‘abline’
    randomVarImpsRFplot: no visible global function definition for ‘axis’
    randomVarImpsRFplot: no visible global function definition for ‘box’
    randomVarImpsRFplot: no visible global function definition for ‘lines’
    randomVarImpsRFplot: no visible global function definition for
     ‘segments’
    randomVarImpsRFplot: no visible global function definition for
     ‘matlines’
    randomVarImpsRFplot: no visible global function definition for ‘points’
    selProbPlot: no visible global function definition for ‘plot’
    selProbPlot: no visible global function definition for ‘points’
    tableSummary.varSelRFBoot: no visible global function definition for
     ‘median’
    tableSummary.varSelRFBoot: no visible global function definition for
     ‘quantile’
    varSelImpSpecRF : <anonymous>: no visible global function definition
     for ‘quantile’
    Undefined global functions or variables:
     abline axis box boxplot dev.interactive dotchart legend lines
     matlines median par plot points quantile rainbow segments text
Flavors: r-devel-linux-x86_64-debian-clang, r-devel-linux-x86_64-debian-gcc, r-devel-linux-x86_64-fedora-clang, r-devel-linux-x86_64-fedora-gcc, r-devel-windows-ix86+x86_64