CRAN Package Check Results for Package varSelectIP

Last updated on 2014-04-18 01:47:56.

Flavor Version Tinstall Tcheck Ttotal Status Flags
r-devel-linux-x86_64-debian-clang 0.2-1 0.68 18.36 19.04 NOTE
r-devel-linux-x86_64-debian-gcc 0.2-1 0.72 18.53 19.25 NOTE
r-devel-linux-x86_64-fedora-clang 0.2-1 36.84 NOTE
r-devel-linux-x86_64-fedora-gcc 0.2-1 35.49 NOTE
r-devel-macosx-x86_64-clang 0.2-1 37.48 NOTE
r-devel-macosx-x86_64-gcc 0.2-1 NOTE
r-devel-windows-ix86+x86_64 0.2-1 2.00 29.00 31.00 NOTE
r-patched-linux-x86_64 0.2-1 0.75 18.32 19.07 NOTE
r-patched-solaris-sparc 0.2-1 217.30 NOTE
r-patched-solaris-x86 0.2-1 45.80 NOTE
r-release-linux-ix86 0.2-1 2.00 34.00 36.00 NOTE
r-release-linux-x86_64 0.2-1 0.66 18.22 18.88 NOTE
r-release-macosx-x86_64 0.2-1 OK
r-release-windows-ix86+x86_64 0.2-1 2.00 29.00 31.00 NOTE
r-oldrel-windows-ix86+x86_64 0.2-1 3.00 28.00 31.00 NOTE

Check Details

Version: 0.2-1
Check: dependencies in R code
Result: NOTE
    Packages in Depends field not imported from:
     ‘MASS’ ‘mvtnorm’
     These packages need to be imported from (in the NAMESPACE file)
     for when this namespace is loaded but not attached.
    See the information on DESCRIPTION files in the chapter ‘Creating R
    packages’ of the ‘Writing R Extensions’ manual.
Flavors: r-devel-linux-x86_64-debian-clang, r-devel-linux-x86_64-debian-gcc, r-devel-linux-x86_64-fedora-clang, r-devel-linux-x86_64-fedora-gcc, r-devel-macosx-x86_64-clang, r-devel-macosx-x86_64-gcc, r-devel-windows-ix86+x86_64, r-patched-linux-x86_64, r-patched-solaris-sparc, r-patched-solaris-x86, r-release-linux-ix86, r-release-linux-x86_64, r-release-windows-ix86+x86_64, r-oldrel-windows-ix86+x86_64