CRAN Package Check Results for Package varSelectIP

Last updated on 2014-08-29 21:47:54.

Flavor Version Tinstall Tcheck Ttotal Status Flags
r-devel-linux-x86_64-debian-clang 0.2-1 0.61 17.10 17.71 NOTE
r-devel-linux-x86_64-debian-gcc 0.2-1 0.59 17.03 17.62 NOTE
r-devel-linux-x86_64-fedora-clang 0.2-1 35.77 NOTE
r-devel-linux-x86_64-fedora-gcc 0.2-1 33.47 NOTE
r-devel-osx-x86_64-clang 0.2-1 34.81 NOTE
r-devel-windows-ix86+x86_64 0.2-1 3.00 26.00 29.00 NOTE
r-patched-linux-x86_64 0.2-1 0.62 17.64 18.26 NOTE
r-patched-solaris-sparc 0.2-1 208.90 NOTE
r-patched-solaris-x86 0.2-1 46.00 NOTE
r-release-linux-ix86 0.2-1 0.94 24.88 25.82 NOTE
r-release-linux-x86_64 0.2-1 0.63 17.80 18.43 NOTE
r-release-osx-x86_64-mavericks 0.2-1 NOTE
r-release-osx-x86_64-snowleopard 0.2-1 OK
r-release-windows-ix86+x86_64 0.2-1 3.00 30.00 33.00 NOTE
r-oldrel-windows-ix86+x86_64 0.2-1 3.00 47.00 50.00 NOTE

Check Details

Version: 0.2-1
Check: dependencies in R code
Result: NOTE
    Packages in Depends field not imported from:
     ‘MASS’ ‘mvtnorm’
     These packages need to be imported from (in the NAMESPACE file)
     for when this namespace is loaded but not attached.
    See the information on DESCRIPTION files in the chapter ‘Creating R
    packages’ of the ‘Writing R Extensions’ manual.
Flavors: r-devel-linux-x86_64-debian-clang, r-devel-linux-x86_64-debian-gcc, r-devel-linux-x86_64-fedora-clang, r-devel-linux-x86_64-fedora-gcc, r-devel-osx-x86_64-clang, r-devel-windows-ix86+x86_64, r-patched-linux-x86_64, r-patched-solaris-sparc, r-patched-solaris-x86, r-release-linux-ix86, r-release-linux-x86_64, r-release-osx-x86_64-mavericks, r-release-windows-ix86+x86_64, r-oldrel-windows-ix86+x86_64

Version: 0.2-1
Check: R code for possible problems
Result: NOTE
    BayesFactorLinReg: no visible global function definition for ‘ginv’
    BayesFactorProbit : marginalZ.serial: no visible global function
     definition for ‘pmvt’
    BayesFactorProbit : marginalZ.serial: no visible global function
     definition for ‘GenzBretz’
    m0: no visible global function definition for ‘pmvt’
    m0: no visible global function definition for ‘GenzBretz’
Flavors: r-devel-linux-x86_64-debian-clang, r-devel-linux-x86_64-debian-gcc, r-devel-linux-x86_64-fedora-clang, r-devel-linux-x86_64-fedora-gcc, r-devel-osx-x86_64-clang, r-devel-windows-ix86+x86_64