CRAN Package Check Results for Package varSelectIP

Last updated on 2015-05-06 17:48:10.

Flavor Version Tinstall Tcheck Ttotal Status Flags
r-devel-linux-x86_64-debian-clang 0.2-1 0.58 16.28 16.86 NOTE
r-devel-linux-x86_64-debian-gcc 0.2-1 0.60 16.59 17.19 NOTE
r-devel-linux-x86_64-fedora-clang 0.2-1 33.45 NOTE
r-devel-linux-x86_64-fedora-gcc 0.2-1 31.06 NOTE
r-devel-osx-x86_64-clang 0.2-1 32.45 NOTE
r-devel-windows-ix86+x86_64 0.2-1 2.00 29.00 31.00 NOTE
r-patched-linux-x86_64 0.2-1 0.60 16.85 17.45 NOTE
r-patched-solaris-sparc 0.2-1 202.50 NOTE
r-patched-solaris-x86 0.2-1 41.50 NOTE
r-release-linux-x86_64 0.2-1 0.60 16.69 17.30 NOTE
r-release-osx-x86_64-mavericks 0.2-1 NOTE
r-release-osx-x86_64-snowleopard 0.2-1 NOTE
r-release-windows-ix86+x86_64 0.2-1 3.00 25.00 28.00 NOTE
r-oldrel-windows-ix86+x86_64 0.2-1 4.00 42.00 46.00 NOTE

Check Details

Version: 0.2-1
Check: dependencies in R code
Result: NOTE
    Packages in Depends field not imported from:
     ‘MASS’ ‘mvtnorm’
     These packages need to be imported from (in the NAMESPACE file)
     for when this namespace is loaded but not attached.
Flavors: r-devel-linux-x86_64-debian-clang, r-devel-linux-x86_64-debian-gcc, r-devel-linux-x86_64-fedora-clang, r-devel-linux-x86_64-fedora-gcc, r-devel-osx-x86_64-clang, r-devel-windows-ix86+x86_64, r-patched-linux-x86_64, r-patched-solaris-sparc, r-patched-solaris-x86, r-release-linux-x86_64, r-release-osx-x86_64-mavericks, r-release-osx-x86_64-snowleopard, r-release-windows-ix86+x86_64, r-oldrel-windows-ix86+x86_64

Version: 0.2-1
Check: R code for possible problems
Result: NOTE
    BayesFactorLinReg: no visible global function definition for ‘ginv’
    BayesFactorProbit : marginalZ.serial: no visible global function
     definition for ‘pmvt’
    BayesFactorProbit : marginalZ.serial: no visible global function
     definition for ‘GenzBretz’
    m0: no visible global function definition for ‘pmvt’
    m0: no visible global function definition for ‘GenzBretz’
Flavors: r-devel-linux-x86_64-debian-clang, r-devel-linux-x86_64-debian-gcc, r-devel-linux-x86_64-fedora-clang, r-devel-linux-x86_64-fedora-gcc, r-devel-osx-x86_64-clang, r-devel-windows-ix86+x86_64, r-patched-linux-x86_64, r-patched-solaris-sparc, r-patched-solaris-x86, r-release-linux-x86_64, r-release-osx-x86_64-mavericks, r-release-osx-x86_64-snowleopard, r-release-windows-ix86+x86_64, r-oldrel-windows-ix86+x86_64