CRAN Package Check Results for Package varSelectIP

Last updated on 2015-03-30 23:48:02.

Flavor Version Tinstall Tcheck Ttotal Status Flags
r-devel-linux-x86_64-debian-clang 0.2-1 0.78 16.69 17.46 NOTE
r-devel-linux-x86_64-debian-gcc 0.2-1 0.64 15.94 16.58 NOTE
r-devel-linux-x86_64-fedora-clang 0.2-1 33.82 NOTE
r-devel-linux-x86_64-fedora-gcc 0.2-1 31.88 NOTE
r-devel-osx-x86_64-clang 0.2-1 35.69 NOTE
r-prerel-windows-ix86+x86_64 0.2-1 3.00 25.00 28.00 NOTE
r-prerel-linux-x86_64 0.2-1 0.60 16.29 16.89 NOTE
r-prerel-solaris-sparc 0.2-1 202.50 NOTE
r-prerel-solaris-x86 0.2-1 40.90 NOTE
r-release-linux-x86_64 0.2-1 0.71 18.08 18.79 NOTE
r-release-osx-x86_64-mavericks 0.2-1 NOTE
r-release-osx-x86_64-snowleopard 0.2-1 OK
r-release-windows-ix86+x86_64 0.2-1 3.00 31.00 34.00 NOTE
r-oldrel-windows-ix86+x86_64 0.2-1 4.00 32.00 36.00 NOTE

Check Details

Version: 0.2-1
Check: dependencies in R code
Result: NOTE
    Packages in Depends field not imported from:
     ‘MASS’ ‘mvtnorm’
     These packages need to be imported from (in the NAMESPACE file)
     for when this namespace is loaded but not attached.
Flavors: r-devel-linux-x86_64-debian-clang, r-devel-linux-x86_64-debian-gcc, r-devel-linux-x86_64-fedora-clang, r-devel-linux-x86_64-fedora-gcc, r-devel-osx-x86_64-clang, r-prerel-windows-ix86+x86_64, r-prerel-linux-x86_64, r-prerel-solaris-sparc, r-prerel-solaris-x86, r-release-linux-x86_64, r-release-windows-ix86+x86_64

Version: 0.2-1
Check: R code for possible problems
Result: NOTE
    BayesFactorLinReg: no visible global function definition for ‘ginv’
    BayesFactorProbit : marginalZ.serial: no visible global function
     definition for ‘pmvt’
    BayesFactorProbit : marginalZ.serial: no visible global function
     definition for ‘GenzBretz’
    m0: no visible global function definition for ‘pmvt’
    m0: no visible global function definition for ‘GenzBretz’
Flavors: r-devel-linux-x86_64-debian-clang, r-devel-linux-x86_64-debian-gcc, r-devel-linux-x86_64-fedora-clang, r-devel-linux-x86_64-fedora-gcc, r-devel-osx-x86_64-clang, r-prerel-windows-ix86+x86_64, r-prerel-linux-x86_64, r-prerel-solaris-sparc, r-prerel-solaris-x86, r-release-linux-x86_64, r-release-osx-x86_64-mavericks, r-release-windows-ix86+x86_64

Version: 0.2-1
Check: dependencies in R code
Result: NOTE
    Packages in Depends field not imported from:
     ‘MASS’ ‘mvtnorm’
     These packages need to be imported from (in the NAMESPACE file)
     for when this namespace is loaded but not attached.
    See the information on DESCRIPTION files in the chapter ‘Creating R
    packages’ of the ‘Writing R Extensions’ manual.
Flavors: r-release-osx-x86_64-mavericks, r-oldrel-windows-ix86+x86_64