CRAN Package Check Results for Package varSelectIP

Last updated on 2015-01-27 19:50:36.

Flavor Version Tinstall Tcheck Ttotal Status Flags
r-devel-linux-x86_64-debian-clang 0.2-1 0.62 16.66 17.28 NOTE
r-devel-linux-x86_64-debian-gcc 0.2-1 0.60 15.96 16.56 NOTE
r-devel-linux-x86_64-fedora-clang 0.2-1 40.34 NOTE
r-devel-linux-x86_64-fedora-gcc 0.2-1 36.84 NOTE
r-devel-osx-x86_64-clang 0.2-1 35.98 NOTE
r-devel-windows-ix86+x86_64 0.2-1 3.00 24.00 27.00 NOTE
r-patched-linux-x86_64 0.2-1 0.68 17.70 18.37 NOTE
r-patched-solaris-sparc 0.2-1 214.20 NOTE
r-patched-solaris-x86 0.2-1 46.60 NOTE
r-release-linux-ix86 0.2-1 0.94 23.67 24.61 NOTE
r-release-linux-x86_64 0.2-1 0.67 18.00 18.67 NOTE
r-release-osx-x86_64-mavericks 0.2-1 NOTE
r-release-osx-x86_64-snowleopard 0.2-1 OK
r-release-windows-ix86+x86_64 0.2-1 3.00 31.00 34.00 NOTE
r-oldrel-windows-ix86+x86_64 0.2-1 3.00 36.00 39.00 NOTE

Check Details

Version: 0.2-1
Check: dependencies in R code
Result: NOTE
    Packages in Depends field not imported from:
     ‘MASS’ ‘mvtnorm’
     These packages need to be imported from (in the NAMESPACE file)
     for when this namespace is loaded but not attached.
Flavors: r-devel-linux-x86_64-debian-clang, r-devel-linux-x86_64-debian-gcc, r-devel-linux-x86_64-fedora-clang, r-devel-linux-x86_64-fedora-gcc, r-devel-osx-x86_64-clang, r-devel-windows-ix86+x86_64

Version: 0.2-1
Check: R code for possible problems
Result: NOTE
    BayesFactorLinReg: no visible global function definition for ‘ginv’
    BayesFactorProbit : marginalZ.serial: no visible global function
     definition for ‘pmvt’
    BayesFactorProbit : marginalZ.serial: no visible global function
     definition for ‘GenzBretz’
    m0: no visible global function definition for ‘pmvt’
    m0: no visible global function definition for ‘GenzBretz’
Flavors: r-devel-linux-x86_64-debian-clang, r-devel-linux-x86_64-debian-gcc, r-devel-linux-x86_64-fedora-clang, r-devel-linux-x86_64-fedora-gcc, r-devel-osx-x86_64-clang, r-devel-windows-ix86+x86_64, r-patched-linux-x86_64, r-patched-solaris-sparc, r-patched-solaris-x86, r-release-linux-ix86, r-release-linux-x86_64, r-release-osx-x86_64-mavericks, r-release-windows-ix86+x86_64

Version: 0.2-1
Check: dependencies in R code
Result: NOTE
    Packages in Depends field not imported from:
     ‘MASS’ ‘mvtnorm’
     These packages need to be imported from (in the NAMESPACE file)
     for when this namespace is loaded but not attached.
    See the information on DESCRIPTION files in the chapter ‘Creating R
    packages’ of the ‘Writing R Extensions’ manual.
Flavors: r-patched-linux-x86_64, r-patched-solaris-sparc, r-patched-solaris-x86, r-release-linux-ix86, r-release-linux-x86_64, r-release-osx-x86_64-mavericks, r-release-windows-ix86+x86_64, r-oldrel-windows-ix86+x86_64