CRAN Package Check Results for Package varSelectIP

Last updated on 2014-07-24 17:49:10.

Flavor Version Tinstall Tcheck Ttotal Status Flags
r-devel-linux-x86_64-debian-clang 0.2-1 0.61 18.04 18.64 NOTE
r-devel-linux-x86_64-debian-gcc 0.2-1 0.58 17.27 17.85 NOTE
r-devel-linux-x86_64-fedora-clang 0.2-1 37.25 NOTE
r-devel-linux-x86_64-fedora-gcc 0.2-1 35.56 NOTE
r-devel-osx-x86_64-clang 0.2-1 36.29 NOTE
r-devel-windows-ix86+x86_64 0.2-1 3.00 27.00 30.00 NOTE
r-patched-linux-x86_64 0.2-1 0.62 17.74 18.36 NOTE
r-patched-solaris-sparc 0.2-1 217.30 NOTE
r-patched-solaris-x86 0.2-1 45.60 NOTE
r-release-linux-ix86 0.2-1 0.94 24.74 25.68 NOTE
r-release-linux-x86_64 0.2-1 0.65 18.32 18.97 NOTE
r-release-osx-x86_64-mavericks 0.2-1 NOTE
r-release-osx-x86_64-snowleopard 0.2-1 OK
r-release-windows-ix86+x86_64 0.2-1 3.00 28.00 31.00 NOTE
r-oldrel-windows-ix86+x86_64 0.2-1 3.00 33.00 36.00 NOTE

Check Details

Version: 0.2-1
Check: dependencies in R code
Result: NOTE
    Packages in Depends field not imported from:
     ‘MASS’ ‘mvtnorm’
     These packages need to be imported from (in the NAMESPACE file)
     for when this namespace is loaded but not attached.
    See the information on DESCRIPTION files in the chapter ‘Creating R
    packages’ of the ‘Writing R Extensions’ manual.
Flavors: r-devel-linux-x86_64-debian-clang, r-devel-linux-x86_64-debian-gcc, r-devel-linux-x86_64-fedora-clang, r-devel-linux-x86_64-fedora-gcc, r-devel-osx-x86_64-clang, r-devel-windows-ix86+x86_64, r-patched-linux-x86_64, r-patched-solaris-sparc, r-patched-solaris-x86, r-release-linux-ix86, r-release-linux-x86_64, r-release-osx-x86_64-mavericks, r-release-windows-ix86+x86_64, r-oldrel-windows-ix86+x86_64