CRAN Package Check Results for Package varSelectIP

Last updated on 2014-10-21 21:47:04.

Flavor Version Tinstall Tcheck Ttotal Status Flags
r-devel-linux-x86_64-debian-clang 0.2-1 0.66 19.36 20.02 NOTE
r-devel-linux-x86_64-debian-gcc 0.2-1 0.66 18.24 18.90 NOTE
r-devel-linux-x86_64-fedora-clang 0.2-1 36.94 NOTE
r-devel-linux-x86_64-fedora-gcc 0.2-1 34.97 NOTE
r-devel-osx-x86_64-clang 0.2-1 35.88 NOTE
r-devel-windows-ix86+x86_64 0.2-1 2.00 26.00 28.00 NOTE
r-patched-linux-x86_64 0.2-1 0.67 18.18 18.86 NOTE
r-patched-solaris-sparc 0.2-1 212.40 NOTE
r-patched-solaris-x86 0.2-1 45.50 NOTE
r-release-linux-ix86 0.2-1 0.94 25.10 26.04 NOTE
r-release-linux-x86_64 0.2-1 0.66 18.45 19.11 NOTE
r-release-osx-x86_64-mavericks 0.2-1 NOTE
r-release-osx-x86_64-snowleopard 0.2-1 OK
r-release-windows-ix86+x86_64 0.2-1 3.00 27.00 30.00 NOTE
r-oldrel-windows-ix86+x86_64 0.2-1 3.00 29.00 32.00 NOTE

Check Details

Version: 0.2-1
Check: dependencies in R code
Result: NOTE
    Packages in Depends field not imported from:
     ‘MASS’ ‘mvtnorm’
     These packages need to be imported from (in the NAMESPACE file)
     for when this namespace is loaded but not attached.
    See the information on DESCRIPTION files in the chapter ‘Creating R
    packages’ of the ‘Writing R Extensions’ manual.
Flavors: r-devel-linux-x86_64-debian-clang, r-devel-linux-x86_64-debian-gcc, r-devel-linux-x86_64-fedora-clang, r-devel-linux-x86_64-fedora-gcc, r-devel-osx-x86_64-clang, r-devel-windows-ix86+x86_64, r-patched-linux-x86_64, r-patched-solaris-sparc, r-patched-solaris-x86, r-release-linux-ix86, r-release-linux-x86_64, r-release-osx-x86_64-mavericks, r-release-windows-ix86+x86_64, r-oldrel-windows-ix86+x86_64

Version: 0.2-1
Check: R code for possible problems
Result: NOTE
    BayesFactorLinReg: no visible global function definition for ‘ginv’
    BayesFactorProbit : marginalZ.serial: no visible global function
     definition for ‘pmvt’
    BayesFactorProbit : marginalZ.serial: no visible global function
     definition for ‘GenzBretz’
    m0: no visible global function definition for ‘pmvt’
    m0: no visible global function definition for ‘GenzBretz’
Flavors: r-devel-linux-x86_64-debian-clang, r-devel-linux-x86_64-debian-gcc, r-devel-linux-x86_64-fedora-clang, r-devel-linux-x86_64-fedora-gcc, r-devel-osx-x86_64-clang, r-devel-windows-ix86+x86_64, r-patched-linux-x86_64, r-patched-solaris-sparc, r-patched-solaris-x86