CRAN Package Check Results for Package varbin

Last updated on 2022-09-27 02:54:28 CEST.

Flavor Version Tinstall Tcheck Ttotal Status Flags
r-devel-linux-x86_64-debian-clang 0.2.1 2.59 24.52 27.11 NOTE
r-devel-linux-x86_64-debian-gcc 0.2.1 1.99 19.11 21.10 NOTE
r-devel-linux-x86_64-fedora-clang 0.2.1 45.52 NOTE
r-devel-linux-x86_64-fedora-gcc 0.2.1 45.49 NOTE
r-devel-windows-x86_64 0.2.1 9.00 48.00 57.00 NOTE
r-patched-linux-x86_64 0.2.1 2.72 23.87 26.59 NOTE
r-release-linux-x86_64 0.2.1 1.98 23.00 24.98 NOTE
r-release-macos-arm64 0.2.1 14.00 NOTE
r-release-macos-x86_64 0.2.1 22.00 NOTE
r-release-windows-x86_64 0.2.1 8.00 39.00 47.00 NOTE
r-oldrel-macos-arm64 0.2.1 16.00 NOTE
r-oldrel-macos-x86_64 0.2.1 29.00 NOTE
r-oldrel-windows-ix86+x86_64 0.2.1 6.00 43.00 49.00 NOTE

Check Details

Version: 0.2.1
Check: LazyData
Result: NOTE
     'LazyData' is specified without a 'data' directory
Flavors: r-devel-linux-x86_64-debian-clang, r-devel-linux-x86_64-debian-gcc, r-devel-linux-x86_64-fedora-clang, r-devel-linux-x86_64-fedora-gcc, r-devel-windows-x86_64, r-patched-linux-x86_64, r-release-linux-x86_64, r-release-macos-arm64, r-release-macos-x86_64, r-release-windows-x86_64, r-oldrel-macos-arm64, r-oldrel-macos-x86_64, r-oldrel-windows-ix86+x86_64