CRAN Package Check Results for Package varbvs

Last updated on 2015-04-26 03:47:41.

Flavor Version Tinstall Tcheck Ttotal Status Flags
r-devel-linux-x86_64-debian-clang 1.0 1.19 10.26 11.45 NOTE
r-devel-linux-x86_64-debian-gcc 1.0 1.07 10.86 11.92 NOTE
r-devel-linux-x86_64-fedora-clang 1.0 22.00 NOTE
r-devel-linux-x86_64-fedora-gcc 1.0 19.43 NOTE
r-devel-osx-x86_64-clang 1.0 24.22 NOTE
r-devel-windows-ix86+x86_64 1.0 10.00 22.00 32.00 NOTE
r-patched-linux-x86_64 1.0 1.15 10.11 11.26 NOTE
r-patched-solaris-sparc 1.0 147.70 NOTE
r-patched-solaris-x86 1.0 29.90 NOTE
r-release-linux-x86_64 1.0 1.16 10.24 11.40 NOTE
r-release-osx-x86_64-mavericks 1.0 NOTE
r-release-osx-x86_64-snowleopard 1.0 NOTE
r-release-windows-ix86+x86_64 1.0 8.00 22.00 30.00 NOTE
r-oldrel-windows-ix86+x86_64 1.0 7.00 24.00 31.00 NOTE

Check Details

Version: 1.0
Check: foreign function calls
Result: NOTE
    Calls with DUP:
     .C("varbvsbinupdateR", n = as.integer(n), m = as.integer(m),
     X = X, sa = as.double(sa), logodds = as.double(logodds),
     u = as.double(stats$u), xy = as.double(stats$xy), xu = as.double(stats$xu),
     d = as.double(stats$d), alpha = as.double(alpha0), mu = as.double(mu0),
     Xr = as.double(Xr0), S = as.integer(S - 1), DUP = FALSE)
     .C("varbvsupdateR", n = as.integer(n), m = as.integer(m), X = X,
     sigma = as.double(sigma), sa = as.double(sa), logodds = as.double(logodds),
     xy = as.double(xy), d = as.double(d), alpha = as.double(alpha0),
     mu = as.double(mu0), Xr = as.double(Xr0), S = as.integer(S -
     1), DUP = FALSE)
    DUP is no longer supported and will be ignored.
Flavors: r-devel-windows-ix86+x86_64, r-release-windows-ix86+x86_64

Version: 1.0
Check: foreign function calls
Result: NOTE
    Calls with DUP != TRUE:
     .C("varbvsbinupdateR", n = as.integer(n), m = as.integer(m),
     X = X, sa = as.double(sa), logodds = as.double(logodds),
     u = as.double(stats$u), xy = as.double(stats$xy), xu = as.double(stats$xu),
     d = as.double(stats$d), alpha = as.double(alpha0), mu = as.double(mu0),
     Xr = as.double(Xr0), S = as.integer(S - 1), DUP = FALSE)
     .C("varbvsupdateR", n = as.integer(n), m = as.integer(m), X = X,
     sigma = as.double(sigma), sa = as.double(sa), logodds = as.double(logodds),
     xy = as.double(xy), d = as.double(d), alpha = as.double(alpha0),
     mu = as.double(mu0), Xr = as.double(Xr0), S = as.integer(S -
     1), DUP = FALSE)
    DUP = FALSE is deprecated and will be disabled in future versions of R.
Flavor: r-oldrel-windows-ix86+x86_64