CRAN Package Check Results for Package varbvs

Last updated on 2014-07-31 11:51:18.

Flavor Version Tinstall Tcheck Ttotal Status Flags
r-devel-linux-x86_64-debian-clang 1.0 1.10 10.63 11.72 NOTE
r-devel-linux-x86_64-debian-gcc 1.0 1.12 10.79 11.92 NOTE
r-devel-linux-x86_64-fedora-clang 1.0 23.80 NOTE
r-devel-linux-x86_64-fedora-gcc 1.0 22.76 NOTE
r-devel-osx-x86_64-clang 1.0 25.83 NOTE
r-devel-windows-ix86+x86_64 1.0 8.00 24.00 32.00 NOTE
r-patched-linux-x86_64 1.0 1.16 11.21 12.36 NOTE
r-patched-solaris-sparc 1.0 135.40 NOTE
r-patched-solaris-x86 1.0 33.40 NOTE
r-release-linux-ix86 1.0 1.70 17.11 18.81 NOTE
r-release-linux-x86_64 1.0 1.26 10.90 12.17 NOTE
r-release-osx-x86_64-mavericks 1.0 NOTE
r-release-windows-ix86+x86_64 1.0 9.00 29.00 38.00 NOTE
r-oldrel-windows-ix86+x86_64 1.0 18.00 31.00 49.00 OK

Check Details

Version: 1.0
Check: foreign function calls
Result: NOTE
    Calls with DUP = FALSE:
     .C("varbvsbinupdateR", n = as.integer(n), m = as.integer(m),
     X = X, sa = as.double(sa), logodds = as.double(logodds),
     u = as.double(stats$u), xy = as.double(stats$xy), xu = as.double(stats$xu),
     d = as.double(stats$d), alpha = as.double(alpha0), mu = as.double(mu0),
     Xr = as.double(Xr0), S = as.integer(S - 1), DUP = FALSE)
     .C("varbvsupdateR", n = as.integer(n), m = as.integer(m), X = X,
     sigma = as.double(sigma), sa = as.double(sa), logodds = as.double(logodds),
     xy = as.double(xy), d = as.double(d), alpha = as.double(alpha0),
     mu = as.double(mu0), Xr = as.double(Xr0), S = as.integer(S -
     1), DUP = FALSE)
    DUP = FALSE is deprecated and may be disabled in future versions of R.
Flavors: r-devel-linux-x86_64-debian-clang, r-devel-linux-x86_64-debian-gcc, r-devel-linux-x86_64-fedora-clang, r-devel-linux-x86_64-fedora-gcc, r-devel-osx-x86_64-clang, r-devel-windows-ix86+x86_64, r-patched-linux-x86_64, r-patched-solaris-sparc, r-patched-solaris-x86, r-release-linux-ix86, r-release-linux-x86_64, r-release-osx-x86_64-mavericks, r-release-windows-ix86+x86_64