CRAN Package Check Results for Package varbvs

Last updated on 2016-09-26 11:51:54.

Flavor Version Tinstall Tcheck Ttotal Status Flags
r-devel-linux-x86_64-debian-clang 2.0.0 1.72 18.25 19.97 WARN
r-devel-linux-x86_64-debian-gcc 2.0.0 1.52 18.13 19.64 WARN
r-devel-linux-x86_64-fedora-clang 2.0.0 25.38 WARN
r-devel-linux-x86_64-fedora-gcc 2.0.0 31.54 WARN
r-devel-macos-x86_64-clang 2.0.0 28.47 WARN
r-devel-windows-ix86+x86_64 2.0.0 11.00 54.00 65.00 WARN
r-patched-linux-x86_64 2.0.0 1.48 18.64 20.12 OK
r-patched-solaris-sparc 2.0.0 222.80 OK
r-patched-solaris-x86 2.0.0 45.80 OK
r-release-linux-x86_64 2.0.0 1.55 18.51 20.05 OK
r-release-osx-x86_64-mavericks 2.0.0 OK
r-release-windows-ix86+x86_64 2.0.0 29.00 56.00 85.00 OK
r-oldrel-windows-ix86+x86_64 2.0.0 15.00 59.00 74.00 OK

Check Details

Version: 2.0.0
Check: files in ‘vignettes’
Result: WARN
    Files in the 'vignettes' directory but no files in 'inst/doc':
     ‘demo.cc.R’, ‘demo.cd.R’, ‘demo.cfw.R’, ‘demo.cytokine.R’,
     ‘demo.leukemia.R’, ‘demo.qtl.R’
    Package has no Sweave vignette sources and no VignetteBuilder field.
Flavors: r-devel-linux-x86_64-debian-clang, r-devel-linux-x86_64-debian-gcc, r-devel-linux-x86_64-fedora-clang, r-devel-linux-x86_64-fedora-gcc, r-devel-macos-x86_64-clang, r-devel-windows-ix86+x86_64