CRAN Package Check Results for Package varbvs

Last updated on 2016-05-27 19:49:27.

Flavor Version Tinstall Tcheck Ttotal Status Flags
r-devel-linux-x86_64-debian-gcc 1.0 1.21 10.48 11.69 NOTE
r-devel-linux-x86_64-fedora-clang 1.0 18.96 NOTE
r-devel-linux-x86_64-fedora-gcc 1.0 17.41 NOTE
r-devel-osx-x86_64-clang 1.0 22.75 NOTE
r-devel-windows-ix86+x86_64 1.0 7.00 29.00 36.00 NOTE
r-patched-linux-x86_64 1.0 1.24 10.70 11.94 NOTE
r-patched-solaris-sparc 1.0 123.00 NOTE
r-patched-solaris-x86 1.0 28.00 NOTE
r-release-linux-x86_64 1.0 1.09 10.27 11.36 NOTE
r-release-osx-x86_64-mavericks 1.0 NOTE
r-release-windows-ix86+x86_64 1.0 11.00 30.00 41.00 NOTE

Check Details

Version: 1.0
Check: foreign function calls
Result: NOTE
    Calls with DUP:
     .C("varbvsbinupdateR", n = as.integer(n), m = as.integer(m),
     X = X, sa = as.double(sa), logodds = as.double(logodds),
     u = as.double(stats$u), xy = as.double(stats$xy), xu = as.double(stats$xu),
     d = as.double(stats$d), alpha = as.double(alpha0), mu = as.double(mu0),
     Xr = as.double(Xr0), S = as.integer(S - 1), DUP = FALSE)
     .C("varbvsupdateR", n = as.integer(n), m = as.integer(m), X = X,
     sigma = as.double(sigma), sa = as.double(sa), logodds = as.double(logodds),
     xy = as.double(xy), d = as.double(d), alpha = as.double(alpha0),
     mu = as.double(mu0), Xr = as.double(Xr0), S = as.integer(S -
     1), DUP = FALSE)
    DUP is no longer supported and will be ignored.
Flavors: r-devel-linux-x86_64-debian-gcc, r-devel-linux-x86_64-fedora-clang, r-devel-linux-x86_64-fedora-gcc, r-devel-osx-x86_64-clang, r-devel-windows-ix86+x86_64, r-patched-linux-x86_64, r-patched-solaris-sparc, r-patched-solaris-x86, r-release-linux-x86_64, r-release-osx-x86_64-mavericks, r-release-windows-ix86+x86_64, r-oldrel-windows-ix86+x86_64

Version: 1.0
Check: R code for possible problems
Result: NOTE
    create.data: no visible global function definition for ‘rnorm’
    create.snps: no visible global function definition for ‘rnorm’
    create.snps: no visible global function definition for ‘runif’
    varbvsbinoptimize: no visible global function definition for ‘runif’
    varbvsbinoptimize: no visible global function definition for ‘rnorm’
    varbvsoptimize: no visible global function definition for ‘runif’
    varbvsoptimize: no visible global function definition for ‘rnorm’
    varsimbvs: no visible binding for global variable ‘sd’
    varsimbvs: no visible global function definition for ‘runif’
    varsimbvs: no visible global function definition for ‘rnorm’
    varsimbvs: no visible global function definition for ‘dbeta’
    Undefined global functions or variables:
     dbeta rnorm runif sd
    Consider adding
     importFrom("stats", "dbeta", "rnorm", "runif", "sd")
    to your NAMESPACE file.
Flavors: r-devel-linux-x86_64-debian-gcc, r-devel-linux-x86_64-fedora-clang, r-devel-linux-x86_64-fedora-gcc, r-devel-osx-x86_64-clang, r-devel-windows-ix86+x86_64, r-patched-linux-x86_64, r-patched-solaris-sparc, r-patched-solaris-x86, r-release-linux-x86_64, r-release-osx-x86_64-mavericks, r-release-windows-ix86+x86_64