CRAN Package Check Results for Package varbvs

Last updated on 2017-02-23 07:48:11.

Flavor Version Tinstall Tcheck Ttotal Status Flags
r-devel-linux-x86_64-debian-clang 2.0.0 1.87 22.02 23.89 WARN
r-devel-linux-x86_64-debian-gcc 2.0.0 1.92 21.15 23.07 WARN
r-devel-linux-x86_64-fedora-clang 2.0.0 39.16 WARN --no-stop-on-test-error
r-devel-linux-x86_64-fedora-gcc 2.0.0 39.61 WARN --no-stop-on-test-error
r-devel-macos-x86_64-clang 2.0.0 32.99 WARN --no-stop-on-test-error
r-devel-windows-ix86+x86_64 2.0.0 15.00 67.00 82.00 WARN
r-patched-linux-x86_64 2.0.0 1.51 18.15 19.66 OK
r-patched-solaris-sparc 2.0.0 229.20 OK
r-patched-solaris-x86 2.0.0 46.00 OK
r-release-linux-x86_64 2.0.0 1.53 18.21 19.73 OK
r-release-osx-x86_64-mavericks 2.0.0 OK
r-release-windows-ix86+x86_64 2.0.0 15.00 89.00 104.00 OK
r-oldrel-windows-ix86+x86_64 2.0.0 15.00 41.00 56.00 OK

Check Details

Version: 2.0.0
Check: compiled code
Result: NOTE
    File ‘varbvs/libs/varbvs.so’:
     Found no calls to: ‘R_registerRoutines’, ‘R_useDynamicSymbols’
    
    It is good practice to register native routines and to disable symbol
    search.
    
    See ‘Writing portable packages’ in the ‘Writing R Extensions’ manual.
Flavors: r-devel-linux-x86_64-debian-clang, r-devel-linux-x86_64-debian-gcc

Version: 2.0.0
Check: files in ‘vignettes’
Result: WARN
    Files in the 'vignettes' directory but no files in 'inst/doc':
     ‘demo.cc.R’, ‘demo.cd.R’, ‘demo.cfw.R’, ‘demo.cytokine.R’,
     ‘demo.leukemia.R’, ‘demo.qtl.R’
    Package has no Sweave vignette sources and no VignetteBuilder field.
Flavors: r-devel-linux-x86_64-debian-clang, r-devel-linux-x86_64-debian-gcc, r-devel-windows-ix86+x86_64

Version: 2.0.0
Flags: --no-stop-on-test-error
Check: compiled code
Result: NOTE
    File ‘varbvs/libs/varbvs.so’:
     Found no calls to: ‘R_registerRoutines’, ‘R_useDynamicSymbols’
    
    It is good practice to register native routines and to disable symbol
    search.
    
    See ‘Writing portable packages’ in the ‘Writing R Extensions’ manual.
Flavors: r-devel-linux-x86_64-fedora-clang, r-devel-linux-x86_64-fedora-gcc, r-devel-macos-x86_64-clang

Version: 2.0.0
Flags: --no-stop-on-test-error
Check: files in ‘vignettes’
Result: WARN
    Files in the 'vignettes' directory but no files in 'inst/doc':
     ‘demo.cc.R’, ‘demo.cd.R’, ‘demo.cfw.R’, ‘demo.cytokine.R’,
     ‘demo.leukemia.R’, ‘demo.qtl.R’
    Package has no Sweave vignette sources and no VignetteBuilder field.
Flavors: r-devel-linux-x86_64-fedora-clang, r-devel-linux-x86_64-fedora-gcc, r-devel-macos-x86_64-clang