CRAN Package Check Results for Package varbvs

Last updated on 2014-04-24 03:47:56.

Flavor Version Tinstall Tcheck Ttotal Status Flags
r-devel-linux-x86_64-debian-clang 1.0 1.13 11.28 12.42 NOTE
r-devel-linux-x86_64-debian-gcc 1.0 1.42 11.36 12.79 NOTE
r-devel-linux-x86_64-fedora-clang 1.0 23.61 NOTE
r-devel-linux-x86_64-fedora-gcc 1.0 22.98 NOTE
r-devel-osx-x86_64-clang 1.0 26.64 NOTE
r-devel-osx-x86_64-gcc 1.0 NOTE
r-devel-windows-ix86+x86_64 1.0 9.00 22.00 31.00 NOTE
r-patched-linux-x86_64 1.0 1.16 11.24 12.40 NOTE
r-patched-solaris-sparc 1.0 138.80 NOTE
r-patched-solaris-x86 1.0 34.00 NOTE
r-release-linux-ix86 1.0 2.00 25.00 27.00 NOTE
r-release-linux-x86_64 1.0 1.12 11.18 12.30 NOTE
r-release-osx-x86_64-mavericks 1.0 WARN
r-release-windows-ix86+x86_64 1.0 9.00 24.00 33.00 NOTE
r-oldrel-windows-ix86+x86_64 1.0 9.00 24.00 33.00 OK

Check Details

Version: 1.0
Check: foreign function calls
Result: NOTE
    Calls with DUP = FALSE:
     .C("varbvsbinupdateR", n = as.integer(n), m = as.integer(m),
     X = X, sa = as.double(sa), logodds = as.double(logodds),
     u = as.double(stats$u), xy = as.double(stats$xy), xu = as.double(stats$xu),
     d = as.double(stats$d), alpha = as.double(alpha0), mu = as.double(mu0),
     Xr = as.double(Xr0), S = as.integer(S - 1), DUP = FALSE)
     .C("varbvsupdateR", n = as.integer(n), m = as.integer(m), X = X,
     sigma = as.double(sigma), sa = as.double(sa), logodds = as.double(logodds),
     xy = as.double(xy), d = as.double(d), alpha = as.double(alpha0),
     mu = as.double(mu0), Xr = as.double(Xr0), S = as.integer(S -
     1), DUP = FALSE)
    DUP = FALSE is deprecated and may be disabled in future versions of R.
Flavors: r-devel-linux-x86_64-debian-clang, r-devel-linux-x86_64-debian-gcc, r-devel-linux-x86_64-fedora-clang, r-devel-linux-x86_64-fedora-gcc, r-devel-osx-x86_64-clang, r-devel-osx-x86_64-gcc, r-devel-windows-ix86+x86_64, r-patched-linux-x86_64, r-patched-solaris-sparc, r-patched-solaris-x86, r-release-linux-ix86, r-release-linux-x86_64, r-release-osx-x86_64-mavericks, r-release-windows-ix86+x86_64

Version: 1.0
Check: package dependencies
Result: NOTE
    Package suggested but not available for checking: ‘ggplot2’
Flavor: r-devel-osx-x86_64-gcc

Version: 1.0
Check: PDF version of manual
Result: WARNING
    LaTeX errors when creating PDF version.
    This typically indicates Rd problems.
    LaTeX errors found:
    ! LaTeX Error: File `upquote.sty' not found.
    
    Type X to quit or <RETURN> to proceed,
    or enter new name. (Default extension: sty)
    
    19ea6568/Rd2.tex:8: ==> Fatal error occurred, no output PDF file produced!
Flavor: r-release-osx-x86_64-mavericks