CRAN Package Check Results for Package varbvs

Last updated on 2016-12-10 02:48:29.

Flavor Version Tinstall Tcheck Ttotal Status Flags
r-devel-linux-x86_64-debian-clang 2.0.0 1.87 21.65 23.52 WARN
r-devel-linux-x86_64-debian-gcc 2.0.0 1.84 22.33 24.17 WARN
r-devel-linux-x86_64-fedora-clang 2.0.0 40.82 WARN --no-stop-on-test-error
r-devel-linux-x86_64-fedora-gcc 2.0.0 38.97 WARN --no-stop-on-test-error
r-devel-macos-x86_64-clang 2.0.0 33.09 WARN --no-stop-on-test-error
r-devel-windows-ix86+x86_64 2.0.0 8.00 72.00 80.00 WARN
r-patched-linux-x86_64 2.0.0 1.48 18.33 19.81 OK
r-patched-solaris-sparc 2.0.0 222.80 OK
r-patched-solaris-x86 2.0.0 46.70 OK
r-release-linux-x86_64 2.0.0 1.54 18.45 19.98 OK
r-release-osx-x86_64-mavericks 2.0.0 OK
r-release-windows-ix86+x86_64 2.0.0 7.00 61.00 68.00 OK
r-oldrel-windows-ix86+x86_64 2.0.0 19.00 40.00 59.00 OK

Check Details

Version: 2.0.0
Check: files in ‘vignettes’
Result: WARN
    Files in the 'vignettes' directory but no files in 'inst/doc':
     ‘demo.cc.R’, ‘demo.cd.R’, ‘demo.cfw.R’, ‘demo.cytokine.R’,
     ‘demo.leukemia.R’, ‘demo.qtl.R’
    Package has no Sweave vignette sources and no VignetteBuilder field.
Flavors: r-devel-linux-x86_64-debian-clang, r-devel-linux-x86_64-debian-gcc, r-devel-windows-ix86+x86_64

Version: 2.0.0
Flags: --no-stop-on-test-error
Check: files in ‘vignettes’
Result: WARN
    Files in the 'vignettes' directory but no files in 'inst/doc':
     ‘demo.cc.R’, ‘demo.cd.R’, ‘demo.cfw.R’, ‘demo.cytokine.R’,
     ‘demo.leukemia.R’, ‘demo.qtl.R’
    Package has no Sweave vignette sources and no VignetteBuilder field.
Flavors: r-devel-linux-x86_64-fedora-clang, r-devel-linux-x86_64-fedora-gcc, r-devel-macos-x86_64-clang