CRAN Package Check Results for Package vardiag

Last updated on 2015-06-30 15:47:31.

Flavor Version Tinstall Tcheck Ttotal Status Flags
r-devel-linux-x86_64-debian-clang 0.2-0 0.53 10.68 11.21 NOTE
r-devel-linux-x86_64-debian-gcc 0.2-0 0.54 10.50 11.04 NOTE
r-devel-linux-x86_64-fedora-clang 0.2-0 20.41 NOTE
r-devel-linux-x86_64-fedora-gcc 0.2-0 19.52 OK
r-devel-osx-x86_64-clang 0.2-0 19.30 OK
r-devel-windows-ix86+x86_64 0.2-0 3.00 18.00 21.00 OK
r-patched-linux-x86_64 0.2-0 0.58 10.86 11.44 OK
r-patched-solaris-sparc 0.2-0 130.70 OK
r-patched-solaris-x86 0.2-0 31.10 OK
r-release-linux-x86_64 0.2-0 0.58 11.17 11.75 OK
r-release-osx-x86_64-mavericks 0.2-0 OK
r-release-windows-ix86+x86_64 0.2-0 2.00 21.00 23.00 OK
r-oldrel-windows-ix86+x86_64 0.2-0 3.00 22.00 25.00 OK

Check Details

Version: 0.2-0
Check: R code for possible problems
Result: NOTE
    CookRLF.varobj: no visible global function definition for ‘plot’
    CookRLF.varobj: no visible global function definition for ‘identify’
    PlotDiag.varobj: no visible global function definition for ‘palette’
    PlotDiag.varobj: no visible global function definition for ‘par’
    PlotDiag.varobj: no visible global function definition for ‘plot’
    PlotDiag.varobj: no visible global function definition for ‘symbols’
    PlotDiag.varobj: no visible global function definition for ‘polygon’
    PlotDiag.varobj: no visible global function definition for ‘title’
    PlotDiag.varobj: no visible global function definition for ‘segments’
    PlotDiag.varobj: no visible global function definition for ‘points’
    PlotDiag.varobj: no visible global function definition for ‘text’
    PlotDiag.varobj: no visible global function definition for ‘lines’
    QQDecorr.varobj: no visible global function definition for ‘plot’
    QQDecorr.varobj: no visible global function definition for ‘qchisq’
    QQDecorr.varobj: no visible global function definition for ‘rchisq’
    QQDecorr.varobj: no visible binding for global variable ‘quantile’
    QQDecorr.varobj: no visible binding for global variable ‘lines’
    QQDecorr.varobj: no visible global function definition for ‘lines’
    QQVarcloud.varobj: no visible global function definition for ‘plot’
    QQVarcloud.varobj: no visible global function definition for ‘qnorm’
    QQVarcloud.varobj: no visible global function definition for ‘lines’
    QQVarcloud.varobj: no visible global function definition for ‘rnorm’
    QQVarcloud.varobj: no visible binding for global variable ‘quantile’
    QQVarcloud.varobj: no visible binding for global variable ‘lines’
    estvar: no visible global function definition for ‘optim’
    interact.varobj: no visible global function definition for ‘palette’
    interact.varobj: no visible global function definition for ‘par’
    interact.varobj: no visible global function definition for ‘identify’
    interact.varobj: no visible global function definition for ‘points’
    interact.varobj: no visible global function definition for ‘locator’
    interact.varobj: no visible global function definition for ‘lines’
    interact.varobj: no visible global function definition for ‘dev.off’
    interact.varobj: no visible global function definition for ‘polygon’
    interact.varobj: no visible global function definition for ‘segments’
    interact.varobj: no visible global function definition for ‘qnorm’
Flavors: r-devel-linux-x86_64-debian-clang, r-devel-linux-x86_64-debian-gcc, r-devel-linux-x86_64-fedora-clang