CRAN Package Check Results for Package vardiag

Last updated on 2014-04-24 07:52:40.

Flavor Version Tinstall Tcheck Ttotal Status Flags
r-devel-linux-x86_64-debian-clang 0.2-0 0.62 11.48 12.10 OK
r-devel-linux-x86_64-debian-gcc 0.2-0 0.77 11.58 12.34 OK
r-devel-linux-x86_64-fedora-clang 0.2-0 23.03 OK
r-devel-linux-x86_64-fedora-gcc 0.2-0 22.38 OK
r-devel-osx-x86_64-clang 0.2-0 25.38 OK
r-devel-osx-x86_64-gcc 0.2-0 OK
r-devel-windows-ix86+x86_64 0.2-0 2.00 18.00 20.00 OK
r-patched-linux-x86_64 0.2-0 0.64 11.38 12.02 OK
r-patched-solaris-sparc 0.2-0 136.40 OK
r-patched-solaris-x86 0.2-0 32.80 OK
r-release-linux-ix86 0.2-0 1.00 24.00 25.00 OK
r-release-linux-x86_64 0.2-0 0.62 11.58 12.20 OK
r-release-osx-x86_64-mavericks 0.2-0 WARN
r-release-windows-ix86+x86_64 0.2-0 4.00 17.00 21.00 OK
r-oldrel-windows-ix86+x86_64 0.2-0 2.00 19.00 21.00 OK

Check Details

Version: 0.2-0
Check: PDF version of manual
Result: WARNING
    LaTeX errors when creating PDF version.
    This typically indicates Rd problems.
    LaTeX errors found:
    ! LaTeX Error: File `upquote.sty' not found.
    
    Type X to quit or <RETURN> to proceed,
    or enter new name. (Default extension: sty)
    
    c5833d4/Rd2.tex:8: ==> Fatal error occurred, no output PDF file produced!
Flavor: r-release-osx-x86_64-mavericks