CRAN Package Check Results for Package varhandle

Last updated on 2019-08-20 16:48:18 CEST.

Flavor Version Tinstall Tcheck Ttotal Status Flags
r-devel-linux-x86_64-debian-clang 2.0.3 2.42 18.97 21.39 NOTE
r-devel-linux-x86_64-debian-gcc 2.0.3 1.81 15.44 17.25 NOTE
r-devel-linux-x86_64-fedora-clang 2.0.3 25.18 NOTE
r-devel-linux-x86_64-fedora-gcc 2.0.3 26.68 NOTE
r-devel-windows-ix86+x86_64 2.0.3 7.00 66.00 73.00 OK
r-patched-linux-x86_64 2.0.3 1.85 18.68 20.53 OK
r-patched-solaris-x86 2.0.3 40.00 OK
r-release-linux-x86_64 2.0.3 1.88 18.78 20.66 OK
r-release-windows-ix86+x86_64 2.0.3 4.00 44.00 48.00 OK
r-release-osx-x86_64 2.0.3 OK
r-oldrel-windows-ix86+x86_64 2.0.3 2.00 28.00 30.00 OK
r-oldrel-osx-x86_64 2.0.3 OK

Check Details

Version: 2.0.3
Check: for non-standard things in the check directory
Result: NOTE
    Found the following files/directories:
     '20190819-015754' '20190819-015754-just_vowels'
Flavor: r-devel-linux-x86_64-debian-clang

Version: 2.0.3
Check: for non-standard things in the check directory
Result: NOTE
    Found the following files/directories:
     ‘20190820-111606’ ‘20190820-111606-just_vowels’
Flavor: r-devel-linux-x86_64-debian-gcc

Version: 2.0.3
Check: for non-standard things in the check directory
Result: NOTE
    Found the following files/directories:
     ‘20190818-004557’ ‘20190818-004557-just_vowels’
Flavor: r-devel-linux-x86_64-fedora-clang

Version: 2.0.3
Check: for non-standard things in the check directory
Result: NOTE
    Found the following files/directories:
     ‘20190819-011507’ ‘20190819-011507-just_vowels’
Flavor: r-devel-linux-x86_64-fedora-gcc