CRAN Package Check Results for Package varian

Last updated on 2024-06-13 05:59:25 CEST.

Flavor Version Tinstall Tcheck Ttotal Status Flags
r-devel-linux-x86_64-debian-clang 0.2.2 24.95 141.00 165.95 OK
r-devel-linux-x86_64-debian-gcc 0.2.2 0.32 1.56 1.88 ERROR
r-devel-linux-x86_64-fedora-clang 0.2.2 219.79 OK
r-devel-linux-x86_64-fedora-gcc 0.2.2 195.66 OK
r-devel-windows-x86_64 0.2.2 15.00 104.00 119.00 OK
r-patched-linux-x86_64 0.2.2 24.56 134.01 158.57 OK
r-release-linux-x86_64 0.2.2 21.55 134.99 156.54 OK
r-release-macos-arm64 0.2.2 43.00 OK
r-release-macos-x86_64 0.2.2 121.00 OK
r-release-windows-x86_64 0.2.2 15.00 105.00 120.00 OK
r-oldrel-macos-arm64 0.2.2 39.00 OK
r-oldrel-macos-x86_64 0.2.2 60.00 OK
r-oldrel-windows-x86_64 0.2.2 18.00 126.00 144.00 OK

Check Details

Version: 0.2.2
Check: package dependencies
Result: ERROR Packages required but not available: 'rstan', 'ggplot2' Package suggested but not available for checking: ‘testthat’ See section ‘The DESCRIPTION file’ in the ‘Writing R Extensions’ manual. Flavor: r-devel-linux-x86_64-debian-gcc