CRAN Package Check Results for Package varitas

Last updated on 2020-05-31 09:47:44 CEST.

Flavor Version Tinstall Tcheck Ttotal Status Flags
r-devel-linux-x86_64-debian-clang 0.0.1 5.62 46.98 52.60 WARN
r-devel-linux-x86_64-debian-gcc 0.0.1 5.40 36.51 41.91 OK
r-devel-linux-x86_64-fedora-clang 0.0.1 69.65 OK
r-devel-linux-x86_64-fedora-gcc 0.0.1 67.00 OK
r-devel-windows-ix86+x86_64 0.0.1 23.00 121.00 144.00 OK
r-patched-linux-x86_64 0.0.1 6.25 47.13 53.38 OK
r-patched-solaris-x86 0.0.1 90.60 OK
r-release-linux-x86_64 0.0.1 7.81 47.02 54.83 OK
r-release-osx-x86_64 0.0.1 OK
r-release-windows-ix86+x86_64 0.0.1 15.00 123.00 138.00 OK
r-oldrel-osx-x86_64 0.0.1 OK
r-oldrel-windows-ix86+x86_64 0.0.1 12.00 62.00 74.00 OK

Check Details

Version: 0.0.1
Check: whether package can be installed
Result: WARN
    Found the following significant warnings:
     Warning: unable to re-encode 'process.total.coverage.statistics.R' line 60
Flavor: r-devel-linux-x86_64-debian-clang