CRAN Package Check Results for Package varrank

Last updated on 2019-06-18 01:48:59 CEST.

Flavor Version Tinstall Tcheck Ttotal Status Flags
r-devel-linux-x86_64-debian-clang 0.2 2.21 172.52 174.73 OK
r-devel-linux-x86_64-debian-gcc 0.2 1.79 80.24 82.03 OK
r-devel-linux-x86_64-fedora-clang 0.2 208.57 OK
r-devel-linux-x86_64-fedora-gcc 0.2 192.72 OK
r-devel-windows-ix86+x86_64 0.2 8.00 108.00 116.00 OK
r-patched-linux-x86_64 0.2 2.34 160.97 163.31 OK
r-patched-solaris-x86 0.2 1382.80 WARN
r-release-linux-x86_64 0.2 2.65 162.06 164.71 OK
r-release-windows-ix86+x86_64 0.2 5.00 133.00 138.00 OK
r-release-osx-x86_64 0.2 OK
r-oldrel-windows-ix86+x86_64 0.2 4.00 131.00 135.00 OK
r-oldrel-osx-x86_64 0.2 OK

Check Details

Version: 0.2
Check: package dependencies
Result: NOTE
    Package suggested but not available for checking: ‘FSelector’
Flavor: r-patched-solaris-x86

Version: 0.2
Check: re-building of vignette outputs
Result: WARN
    Error(s) in re-building vignettes:
     ...
    --- re-building ‘varrank.Rmd’ using knitr
    Loading required package: randomForest
    randomForest 4.6-14
    Type rfNews() to see new features/changes/bug fixes.
    
    Attaching package: 'randomForest'
    
    The following object is masked from 'package:ranger':
    
     importance
    
    The following object is masked from 'package:ggplot2':
    
     margin
    
    Loading required package: parallel
    Quitting from lines 123-126 (varrank.Rmd)
    Error: processing vignette 'varrank.Rmd' failed with diagnostics:
    there is no package called 'FSelector'
    --- failed re-building ‘varrank.Rmd’
    
    SUMMARY: processing the following file failed:
     ‘varrank.Rmd’
    
    Error: Vignette re-building failed.
    Execution halted
Flavor: r-patched-solaris-x86