CRAN Package Check Results for Package vars

Last updated on 2014-07-25 21:48:01.

Flavor Version Tinstall Tcheck Ttotal Status Flags
r-devel-linux-x86_64-debian-clang 1.5-2 2.37 52.28 54.64 NOTE
r-devel-linux-x86_64-debian-gcc 1.5-2 1.81 51.20 53.01 NOTE
r-devel-linux-x86_64-fedora-clang 1.5-2 125.54 NOTE
r-devel-linux-x86_64-fedora-gcc 1.5-2 118.75 NOTE
r-devel-osx-x86_64-clang 1.5-2 104.67 NOTE
r-devel-windows-ix86+x86_64 1.5-2 6.00 74.00 80.00 NOTE
r-patched-linux-x86_64 1.5-2 1.91 52.17 54.08 NOTE
r-patched-solaris-sparc 1.5-2 634.60 NOTE
r-patched-solaris-x86 1.5-2 145.40 NOTE
r-release-linux-ix86 1.5-2 2.48 67.33 69.81 NOTE
r-release-linux-x86_64 1.5-2 1.92 52.34 54.26 NOTE
r-release-osx-x86_64-mavericks 1.5-2 NOTE
r-release-osx-x86_64-snowleopard 1.5-2 NOTE
r-release-windows-ix86+x86_64 1.5-2 7.00 74.00 81.00 NOTE
r-oldrel-windows-ix86+x86_64 1.5-2 7.00 78.00 85.00 NOTE

Check Details

Version: 1.5-2
Check: dependencies in R code
Result: NOTE
    Packages in Depends field not imported from:
     ‘MASS’ ‘strucchange’
     These packages need to be imported from (in the NAMESPACE file)
     for when this namespace is loaded but not attached.
    See the information on DESCRIPTION files in the chapter ‘Creating R
    packages’ of the ‘Writing R Extensions’ manual.
Flavors: r-devel-linux-x86_64-debian-clang, r-devel-linux-x86_64-debian-gcc, r-devel-linux-x86_64-fedora-clang, r-devel-linux-x86_64-fedora-gcc, r-devel-osx-x86_64-clang, r-devel-windows-ix86+x86_64, r-patched-linux-x86_64, r-patched-solaris-sparc, r-patched-solaris-x86, r-release-linux-ix86, r-release-linux-x86_64, r-release-osx-x86_64-mavericks, r-release-windows-ix86+x86_64, r-oldrel-windows-ix86+x86_64

Version: 1.5-2
Check: dependencies in R code
Result: NOTE
    Packages in Depends field not imported from:
     'MASS' 'strucchange'
     These packages need to be imported from for the case when
     this namespace is loaded but not attached.
    See the information on DESCRIPTION files in the chapter 'Creating R
    packages' of the 'Writing R Extensions' manual.
Flavor: r-release-osx-x86_64-snowleopard

Version: 1.5-2
Check: re-building of vignette outputs
Result: NOTE
    Error in re-building vignettes:
     ...
    Loading required package: MASS
    Loading required package: strucchange
    Loading required package: zoo
    
    Attaching package: 'zoo'
    
    The following objects are masked from 'package:base':
    
     as.Date, as.Date.numeric
    
    Loading required package: sandwich
    Loading required package: urca
    Loading required package: lmtest
    Error in texi2dvi(file = file, pdf = TRUE, clean = clean, quiet = quiet, :
     Running 'texi2dvi' on 'vars.tex' failed.
    Messages:
    sh: gs: command not found
    !!! Error: Closing Ghostscript (exit status: 127)!
    /usr/bin/texi2dvi: thumbpdf exited with bad status, quitting.
    Calls: buildVignettes -> texi2pdf -> texi2dvi
    Execution halted
Flavor: r-release-osx-x86_64-snowleopard