Last updated on 2023-03-24 19:50:04 CET.
Flavor | Version | Tinstall | Tcheck | Ttotal | Status | Flags |
---|---|---|---|---|---|---|
r-devel-linux-x86_64-debian-clang | 1.5-6 | 7.95 | 70.39 | 78.34 | WARN | |
r-devel-linux-x86_64-debian-gcc | 1.5-9 | 6.34 | 50.80 | 57.14 | OK | |
r-devel-linux-x86_64-fedora-clang | 1.5-9 | 102.44 | OK | |||
r-devel-linux-x86_64-fedora-gcc | 1.5-9 | 95.94 | OK | |||
r-devel-windows-x86_64 | 1.5-9 | 40.00 | 100.00 | 140.00 | OK | |
r-patched-linux-x86_64 | 1.5-6 | 10.61 | 65.52 | 76.13 | OK | |
r-release-linux-x86_64 | 1.5-6 | 9.45 | 66.38 | 75.83 | OK | |
r-release-macos-arm64 | 1.5-9 | 25.00 | OK | |||
r-release-macos-x86_64 | 1.5-9 | 39.00 | OK | |||
r-release-windows-x86_64 | 1.5-9 | 42.00 | 104.00 | 146.00 | OK | |
r-oldrel-macos-arm64 | 1.5-9 | 26.00 | OK | |||
r-oldrel-macos-x86_64 | 1.5-9 | 44.00 | OK | |||
r-oldrel-windows-ix86+x86_64 | 1.5-6 | 17.00 | 122.00 | 139.00 | OK |
Version: 1.5-6
Check: S3 generic/method consistency
Result: WARN
toMlm:
function(x, ...)
toMlm.varest:
function(x)
See section ‘Generic functions and methods’ in the ‘Writing R
Extensions’ manual.
Flavor: r-devel-linux-x86_64-debian-clang
Version: 1.5-6
Check: Rd files
Result: NOTE
checkRd: (-1) irf.Rd:111: Escaped LaTeX specials: \&
Flavor: r-devel-linux-x86_64-debian-clang