CRAN Package Check Results for Package vars

Last updated on 2014-11-23 12:46:45.

Flavor Version Tinstall Tcheck Ttotal Status Flags
r-devel-linux-x86_64-debian-clang 1.5-2 1.78 52.58 54.36 NOTE
r-devel-linux-x86_64-debian-gcc 1.5-2 1.74 52.18 53.92 NOTE
r-devel-linux-x86_64-fedora-clang 1.5-2 111.10 NOTE
r-devel-linux-x86_64-fedora-gcc 1.5-2 105.26 NOTE
r-devel-osx-x86_64-clang 1.5-2 101.30 NOTE
r-devel-windows-ix86+x86_64 1.5-2 6.00 73.00 79.00 NOTE
r-patched-linux-x86_64 1.5-2 1.83 55.06 56.90 NOTE
r-patched-solaris-sparc 1.5-2 682.40 NOTE
r-patched-solaris-x86 1.5-2 135.90 NOTE
r-release-linux-ix86 1.5-2 2.42 64.39 66.81 NOTE
r-release-linux-x86_64 1.5-2 1.85 54.42 56.27 NOTE
r-release-osx-x86_64-mavericks 1.5-2 NOTE
r-release-osx-x86_64-snowleopard 1.5-2 NOTE
r-release-windows-ix86+x86_64 1.5-2 7.00 47.00 54.00 ERROR
r-oldrel-windows-ix86+x86_64 1.5-2 7.00 84.00 91.00 NOTE

Check Details

Version: 1.5-2
Check: dependencies in R code
Result: NOTE
    Packages in Depends field not imported from:
     ‘MASS’ ‘strucchange’
     These packages need to be imported from (in the NAMESPACE file)
     for when this namespace is loaded but not attached.
    See the information on DESCRIPTION files in the chapter ‘Creating R
    packages’ of the ‘Writing R Extensions’ manual.
Flavors: r-devel-linux-x86_64-debian-clang, r-devel-linux-x86_64-debian-gcc, r-devel-linux-x86_64-fedora-clang, r-devel-linux-x86_64-fedora-gcc, r-devel-osx-x86_64-clang, r-devel-windows-ix86+x86_64, r-patched-linux-x86_64, r-patched-solaris-sparc, r-patched-solaris-x86, r-release-linux-ix86, r-release-linux-x86_64, r-release-osx-x86_64-mavericks, r-release-windows-ix86+x86_64, r-oldrel-windows-ix86+x86_64

Version: 1.5-2
Check: R code for possible problems
Result: NOTE
    SVEC: no visible global function definition for ‘Null’
    causality: no visible global function definition for ‘ginv’
    stability: no visible global function definition for ‘efp’
Flavors: r-devel-linux-x86_64-debian-clang, r-devel-linux-x86_64-debian-gcc, r-devel-linux-x86_64-fedora-clang, r-devel-linux-x86_64-fedora-gcc, r-devel-osx-x86_64-clang, r-devel-windows-ix86+x86_64, r-patched-linux-x86_64, r-patched-solaris-sparc, r-patched-solaris-x86, r-release-linux-ix86, r-release-linux-x86_64, r-release-windows-ix86+x86_64

Version: 1.5-2
Check: dependencies in R code
Result: NOTE
    Packages in Depends field not imported from:
     'MASS' 'strucchange'
     These packages need to be imported from for the case when
     this namespace is loaded but not attached.
    See the information on DESCRIPTION files in the chapter 'Creating R
    packages' of the 'Writing R Extensions' manual.
Flavor: r-release-osx-x86_64-snowleopard

Version: 1.5-2
Check: re-building of vignette outputs
Result: NOTE
    Error in re-building vignettes:
     ...
    Loading required package: MASS
    Loading required package: strucchange
    Loading required package: zoo
    
    Attaching package: 'zoo'
    
    The following objects are masked from 'package:base':
    
     as.Date, as.Date.numeric
    
    Loading required package: sandwich
    Loading required package: urca
    Loading required package: lmtest
    Error in texi2dvi(file = file, pdf = TRUE, clean = clean, quiet = quiet, :
     Running 'texi2dvi' on 'vars.tex' failed.
    Messages:
    sh: gs: command not found
    !!! Error: Closing Ghostscript (exit status: 127)!
    /usr/bin/texi2dvi: thumbpdf exited with bad status, quitting.
    Calls: buildVignettes -> texi2pdf -> texi2dvi
    Execution halted
Flavor: r-release-osx-x86_64-snowleopard

Version: 1.5-2
Check: running R code from vignettes
Result: ERROR
    Errors in running code in vignettes:
    when running code in 'vars.Rnw'
     ...
    > LR[1, 2:4] <- 0
    
    > LR[2:4, 4] <- 0
    
    > svec <- SVEC(vecm, LR = LR, SR = SR, r = 1, lrtest = FALSE,
    + boot = TRUE, runs = 100)
    
     When sourcing 'vars.R':
    Error: system is computationally singular: reciprocal condition number = 7.27183e-17
    Execution halted
Flavor: r-release-windows-ix86+x86_64