CRAN Package Check Results for Package vars

Last updated on 2014-04-21 17:48:04.

Flavor Version Tinstall Tcheck Ttotal Status Flags
r-devel-linux-x86_64-debian-clang 1.5-2 1.97 54.17 56.14 NOTE
r-devel-linux-x86_64-debian-gcc 1.5-2 2.09 54.74 56.83 NOTE
r-devel-linux-x86_64-fedora-clang 1.5-2 125.71 NOTE
r-devel-linux-x86_64-fedora-gcc 1.5-2 119.66 NOTE
r-devel-osx-x86_64-clang 1.5-2 107.62 NOTE
r-devel-osx-x86_64-gcc 1.5-2 ERROR
r-devel-windows-ix86+x86_64 1.5-2 6.00 79.00 85.00 NOTE
r-patched-linux-x86_64 1.5-2 1.95 54.51 56.46 NOTE
r-patched-solaris-sparc 1.5-2 634.60 NOTE
r-patched-solaris-x86 1.5-2 136.40 NOTE
r-release-linux-x86_64 1.5-2 1.95 54.36 56.31 NOTE
r-release-osx-x86_64-mavericks 1.5-2 WARN
r-release-osx-x86_64-snowleopard 1.5-2 NOTE
r-release-windows-ix86+x86_64 1.5-2 9.00 75.00 84.00 NOTE
r-oldrel-windows-ix86+x86_64 1.5-2 8.00 72.00 80.00 NOTE

Check Details

Version: 1.5-2
Check: dependencies in R code
Result: NOTE
    Packages in Depends field not imported from:
     ‘MASS’ ‘strucchange’
     These packages need to be imported from (in the NAMESPACE file)
     for when this namespace is loaded but not attached.
    See the information on DESCRIPTION files in the chapter ‘Creating R
    packages’ of the ‘Writing R Extensions’ manual.
Flavors: r-devel-linux-x86_64-debian-clang, r-devel-linux-x86_64-debian-gcc, r-devel-linux-x86_64-fedora-clang, r-devel-linux-x86_64-fedora-gcc, r-devel-osx-x86_64-clang, r-devel-windows-ix86+x86_64, r-patched-linux-x86_64, r-patched-solaris-sparc, r-patched-solaris-x86, r-release-linux-x86_64, r-release-osx-x86_64-mavericks, r-release-windows-ix86+x86_64, r-oldrel-windows-ix86+x86_64

Version: 1.5-2
Check: package dependencies
Result: ERROR
    Packages required but not available: ‘strucchange’ ‘lmtest’ ‘sandwich’
    
    See the information on DESCRIPTION files in the chapter ‘Creating R
    packages’ of the ‘Writing R Extensions’ manual.
Flavor: r-devel-osx-x86_64-gcc

Version: 1.5-2
Check: PDF version of manual
Result: WARNING
    LaTeX errors when creating PDF version.
    This typically indicates Rd problems.
    LaTeX errors found:
    ! LaTeX Error: File `upquote.sty' not found.
    
    Type X to quit or <RETURN> to proceed,
    or enter new name. (Default extension: sty)
    
    e45582c/Rd2.tex:8: ==> Fatal error occurred, no output PDF file produced!
Flavor: r-release-osx-x86_64-mavericks

Version: 1.5-2
Check: dependencies in R code
Result: NOTE
    Packages in Depends field not imported from:
     'MASS' 'strucchange'
     These packages need to be imported from for the case when
     this namespace is loaded but not attached.
    See the information on DESCRIPTION files in the chapter 'Creating R
    packages' of the 'Writing R Extensions' manual.
Flavor: r-release-osx-x86_64-snowleopard

Version: 1.5-2
Check: re-building of vignette outputs
Result: NOTE
    Error in re-building vignettes:
     ...
    Loading required package: MASS
    Loading required package: strucchange
    Loading required package: zoo
    
    Attaching package: 'zoo'
    
    The following objects are masked from 'package:base':
    
     as.Date, as.Date.numeric
    
    Loading required package: sandwich
    Loading required package: urca
    Loading required package: lmtest
    Error in texi2dvi(file = file, pdf = TRUE, clean = clean, quiet = quiet, :
     Running 'texi2dvi' on 'vars.tex' failed.
    Messages:
    sh: gs: command not found
    !!! Error: Closing Ghostscript (exit status: 127)!
    /usr/bin/texi2dvi: thumbpdf exited with bad status, quitting.
    Calls: buildVignettes -> texi2pdf -> texi2dvi
    Execution halted
Flavor: r-release-osx-x86_64-snowleopard