CRAN Package Check Results for Package varsExplore

Last updated on 2022-06-29 14:51:32 CEST.

Flavor Version Tinstall Tcheck Ttotal Status Flags
r-devel-linux-x86_64-debian-clang 0.3.0 2.83 33.21 36.04 NOTE
r-devel-linux-x86_64-debian-gcc 0.3.0 2.27 25.82 28.09 NOTE
r-devel-linux-x86_64-fedora-clang 0.3.0 54.47 NOTE
r-devel-linux-x86_64-fedora-gcc 0.3.0 52.57 NOTE
r-devel-windows-x86_64 0.3.0 13.00 65.00 78.00 NOTE
r-patched-linux-x86_64 0.3.0 2.41 32.33 34.74 NOTE
r-release-linux-x86_64 0.3.0 1.95 32.11 34.06 NOTE
r-release-macos-arm64 0.3.0 31.00 NOTE
r-release-macos-x86_64 0.3.0 115.00 NOTE
r-release-windows-x86_64 0.3.0 16.00 62.00 78.00 NOTE
r-oldrel-macos-arm64 0.3.0 41.00 NOTE
r-oldrel-macos-x86_64 0.3.0 1803.00 NOTE
r-oldrel-windows-ix86+x86_64 0.3.0 7.00 57.00 64.00 NOTE

Check Details

Version: 0.3.0
Check: LazyData
Result: NOTE
     'LazyData' is specified without a 'data' directory
Flavors: r-devel-linux-x86_64-debian-clang, r-devel-linux-x86_64-debian-gcc, r-devel-linux-x86_64-fedora-clang, r-devel-linux-x86_64-fedora-gcc, r-devel-windows-x86_64, r-patched-linux-x86_64, r-release-linux-x86_64, r-release-macos-arm64, r-release-macos-x86_64, r-release-windows-x86_64, r-oldrel-macos-arm64, r-oldrel-macos-x86_64, r-oldrel-windows-ix86+x86_64

Version: 0.3.0
Check: dependencies in R code
Result: NOTE
    Namespace in Imports field not imported from: ‘rio’
     All declared Imports should be used.
Flavors: r-devel-linux-x86_64-fedora-clang, r-devel-linux-x86_64-fedora-gcc, r-release-macos-arm64, r-release-macos-x86_64, r-oldrel-macos-arm64, r-oldrel-macos-x86_64