CRAN Package Check Results for Package vcd

Last updated on 2015-07-05 14:46:57.

Flavor Version Tinstall Tcheck Ttotal Status Flags
r-devel-linux-x86_64-debian-clang 1.4-0 2.36 127.05 129.41 NOTE
r-devel-linux-x86_64-debian-gcc 1.4-0 2.05 118.25 120.30 NOTE
r-devel-linux-x86_64-fedora-clang 1.4-0 243.41 NOTE
r-devel-linux-x86_64-fedora-gcc 1.4-0 228.02 NOTE
r-devel-osx-x86_64-clang 1.4-0 180.18 OK
r-devel-windows-ix86+x86_64 1.4-0 8.00 180.00 188.00 NOTE
r-patched-linux-x86_64 1.4-0 2.14 118.18 120.32 OK
r-patched-solaris-sparc 1.4-0 1231.90 OK
r-patched-solaris-x86 1.4-0 285.30 OK
r-release-linux-x86_64 1.4-0 2.08 120.66 122.73 OK
r-release-osx-x86_64-mavericks 1.4-0 OK
r-release-windows-ix86+x86_64 1.4-0 12.00 191.00 203.00 OK
r-oldrel-windows-ix86+x86_64 1.4-0 15.00 237.00 252.00 OK

Check Details

Version: 1.4-0
Check: R code for possible problems
Result: NOTE
    agreementplot.default: no visible global function definition for ‘par’
    grid_legend: no visible global function definition for ‘par’
    pairs.structable: no visible global function definition for ‘pairs’
    str.structable: no visible global function definition for ‘str’
    Undefined global functions or variables:
     pairs par str
Flavors: r-devel-linux-x86_64-debian-clang, r-devel-linux-x86_64-debian-gcc, r-devel-linux-x86_64-fedora-clang, r-devel-linux-x86_64-fedora-gcc, r-devel-windows-ix86+x86_64