CRAN Package Check Results for Package vcd

Last updated on 2017-09-21 18:47:41.

Flavor Version Tinstall Tcheck Ttotal Status Flags
r-devel-linux-x86_64-debian-clang 1.4-3 2.21 126.41 128.63 NOTE
r-devel-linux-x86_64-debian-gcc 1.4-3 2.28 124.31 126.59 NOTE
r-devel-linux-x86_64-fedora-clang 1.4-3 256.45 NOTE
r-devel-linux-x86_64-fedora-gcc 1.4-3 233.34 NOTE
r-devel-windows-ix86+x86_64 1.4-3 9.00 204.00 213.00 OK
r-patched-linux-x86_64 1.4-3 2.19 124.62 126.81 NOTE
r-patched-solaris-x86 1.4-3 260.60 NOTE
r-release-linux-x86_64 1.4-3 2.20 127.59 129.79 NOTE
r-release-windows-ix86+x86_64 1.4-3 7.00 214.00 221.00 OK
r-release-osx-x86_64 1.4-3 OK
r-oldrel-windows-ix86+x86_64 1.4-3 7.00 201.00 208.00 OK
r-oldrel-osx-x86_64 1.4-3 OK

Check Details

Version: 1.4-3
Check: S3 generic/method consistency
Result: NOTE
    Found the following apparent S3 methods exported but not registered:
     cbind.structable rbind.structable
    See section ‘Registering S3 methods’ in the ‘Writing R Extensions’
    manual.
Flavors: r-devel-linux-x86_64-debian-clang, r-devel-linux-x86_64-debian-gcc, r-devel-linux-x86_64-fedora-clang, r-devel-linux-x86_64-fedora-gcc, r-patched-linux-x86_64, r-patched-solaris-x86, r-release-linux-x86_64