CRAN Package Check Results for Package vcd

Last updated on 2014-07-24 09:49:45.

Flavor Version Tinstall Tcheck Ttotal Status Flags
r-devel-linux-x86_64-debian-clang 1.3-1 2.31 138.61 140.92 NOTE
r-devel-linux-x86_64-debian-gcc 1.3-1 2.30 135.58 137.88 NOTE
r-devel-linux-x86_64-fedora-clang 1.3-1 326.99 NOTE
r-devel-linux-x86_64-fedora-gcc 1.3-1 308.77 NOTE
r-devel-osx-x86_64-clang 1.3-1 241.50 NOTE
r-devel-windows-ix86+x86_64 1.3-1 7.00 192.00 199.00 NOTE
r-patched-linux-x86_64 1.3-1 2.13 137.19 139.32 NOTE
r-patched-solaris-sparc 1.3-1 1577.00 NOTE
r-patched-solaris-x86 1.3-1 343.70 NOTE
r-release-linux-ix86 1.3-1 2.82 166.27 169.08 NOTE
r-release-linux-x86_64 1.3-1 2.22 139.56 141.77 NOTE
r-release-osx-x86_64-mavericks 1.3-1 NOTE
r-release-windows-ix86+x86_64 1.3-1 8.00 196.00 204.00 NOTE
r-oldrel-windows-ix86+x86_64 1.3-1 8.00 185.00 193.00 NOTE

Check Details

Version: 1.3-1
Check: R code for possible problems
Result: NOTE
    distplot: multiple local function definitions for ‘phi’ with different
     formal arguments
Flavors: r-devel-linux-x86_64-debian-clang, r-devel-linux-x86_64-debian-gcc, r-devel-linux-x86_64-fedora-clang, r-devel-linux-x86_64-fedora-gcc, r-devel-osx-x86_64-clang, r-devel-windows-ix86+x86_64, r-patched-linux-x86_64, r-patched-solaris-sparc, r-patched-solaris-x86, r-release-linux-ix86, r-release-linux-x86_64, r-release-osx-x86_64-mavericks, r-release-windows-ix86+x86_64, r-oldrel-windows-ix86+x86_64

Version: 1.3-1
Check: re-building of vignette outputs
Result: NOTE
    Error in re-building vignettes:
     ...
    Loading required package: grid
    Error in texi2dvi(file = file, pdf = TRUE, clean = clean, quiet = quiet, :
     Running 'texi2dvi' on 'strucplot.tex' failed.
    LaTeX errors:
    t/vcd/vignettes/strucplot.tex:68: LaTeX Error: File `jsslogo' not found.
    
    See the LaTeX manual or LaTeX Companion for explanation.
    Type H <return> for immediate help.
     ...
    Calls: buildVignettes -> texi2pdf -> texi2dvi
    Execution halted
Flavor: r-release-osx-x86_64-mavericks