CRAN Package Check Results for Package vcd

Last updated on 2014-04-23 07:55:11.

Flavor Version Tinstall Tcheck Ttotal Status Flags
r-devel-linux-x86_64-debian-clang 1.3-1 2.41 142.17 144.58 NOTE
r-devel-linux-x86_64-debian-gcc 1.3-1 2.44 146.65 149.09 NOTE
r-devel-linux-x86_64-fedora-clang 1.3-1 320.66 NOTE
r-devel-linux-x86_64-fedora-gcc 1.3-1 313.25 NOTE
r-devel-osx-x86_64-clang 1.3-1 241.81 NOTE
r-devel-osx-x86_64-gcc 1.3-1 NOTE
r-devel-windows-ix86+x86_64 1.3-1 6.00 206.00 212.00 NOTE
r-patched-linux-x86_64 1.3-1 2.25 149.82 152.07 NOTE
r-patched-solaris-sparc 1.3-1 1577.00 NOTE
r-patched-solaris-x86 1.3-1 331.30 NOTE
r-release-linux-ix86 1.3-1 4.00 214.00 218.00 NOTE
r-release-linux-x86_64 1.3-1 2.28 148.91 151.18 NOTE
r-release-osx-x86_64-mavericks 1.3-1 WARN
r-release-windows-ix86+x86_64 1.3-1 7.00 215.00 222.00 NOTE
r-oldrel-windows-ix86+x86_64 1.3-1 7.00 179.00 186.00 NOTE

Check Details

Version: 1.3-1
Check: R code for possible problems
Result: NOTE
    distplot: multiple local function definitions for ‘phi’ with different
     formal arguments
Flavors: r-devel-linux-x86_64-debian-clang, r-devel-linux-x86_64-debian-gcc, r-devel-linux-x86_64-fedora-clang, r-devel-linux-x86_64-fedora-gcc, r-devel-osx-x86_64-clang, r-devel-osx-x86_64-gcc, r-devel-windows-ix86+x86_64, r-patched-linux-x86_64, r-patched-solaris-sparc, r-patched-solaris-x86, r-release-linux-ix86, r-release-linux-x86_64, r-release-osx-x86_64-mavericks, r-release-windows-ix86+x86_64, r-oldrel-windows-ix86+x86_64

Version: 1.3-1
Check: re-building of vignette outputs
Result: NOTE
    Error in re-building vignettes:
     ...
    Loading required package: grid
    Error in texi2dvi(file = file, pdf = TRUE, clean = clean, quiet = quiet, :
     Running 'texi2dvi' on 'strucplot.tex' failed.
    LaTeX errors:
    vcd.Rcheck/vign_test/vcd/vignettes/strucplot.tex:68: LaTeX Error: File `jsslogo
    ' not found.
    
    See the LaTeX manual or LaTeX Companion for explanation.
    Type H <return> for immediate help.
    Calls: buildVignettes -> texi2pdf -> texi2dvi
    Execution halted
Flavor: r-devel-osx-x86_64-gcc

Version: 1.3-1
Check: re-building of vignette outputs
Result: NOTE
    Error in re-building vignettes:
     ...
    Loading required package: grid
    Error in texi2dvi(file = file, pdf = TRUE, clean = clean, quiet = quiet, :
     Running 'texi2dvi' on 'strucplot.tex' failed.
    LaTeX errors:
    t/vcd/vignettes/strucplot.tex:68: LaTeX Error: File `jsslogo' not found.
    
    See the LaTeX manual or LaTeX Companion for explanation.
    Type H <return> for immediate help.
     ...
    Calls: buildVignettes -> texi2pdf -> texi2dvi
    Execution halted
Flavor: r-release-osx-x86_64-mavericks

Version: 1.3-1
Check: PDF version of manual
Result: WARNING
    LaTeX errors when creating PDF version.
    This typically indicates Rd problems.
    LaTeX errors found:
    ! LaTeX Error: File `upquote.sty' not found.
    
    Type X to quit or <RETURN> to proceed,
    or enter new name. (Default extension: sty)
    
    38570b67/Rd2.tex:8: ==> Fatal error occurred, no output PDF file produced!
Flavor: r-release-osx-x86_64-mavericks