CRAN Package Check Results for Package vcd

Last updated on 2017-11-24 09:48:29 CET.

Flavor Version Tinstall Tcheck Ttotal Status Flags
r-devel-linux-x86_64-debian-clang 1.4-3 2.16 190.68 192.84 NOTE
r-devel-linux-x86_64-debian-gcc 1.4-3 2.16 263.20 265.35 NOTE
r-devel-linux-x86_64-fedora-clang 1.4-3 225.61 NOTE
r-devel-linux-x86_64-fedora-gcc 1.4-3 225.65 NOTE
r-devel-windows-ix86+x86_64 1.4-3 7.00 275.00 282.00 OK
r-patched-linux-x86_64 1.4-3 2.71 294.20 296.91 NOTE
r-patched-solaris-x86 1.4-3 256.60 NOTE
r-release-linux-x86_64 1.4-3 2.95 298.09 301.04 NOTE
r-release-windows-ix86+x86_64 1.4-3 6.00 194.00 200.00 OK
r-release-osx-x86_64 1.4-3 OK
r-oldrel-windows-ix86+x86_64 1.4-3 6.00 213.00 219.00 OK
r-oldrel-osx-x86_64 1.4-3 OK

Check Details

Version: 1.4-3
Check: S3 generic/method consistency
Result: NOTE
    Found the following apparent S3 methods exported but not registered:
     cbind.structable rbind.structable
    See section ‘Registering S3 methods’ in the ‘Writing R Extensions’
    manual.
Flavors: r-devel-linux-x86_64-debian-clang, r-devel-linux-x86_64-debian-gcc, r-devel-linux-x86_64-fedora-clang, r-devel-linux-x86_64-fedora-gcc, r-patched-linux-x86_64, r-patched-solaris-x86, r-release-linux-x86_64