CRAN Package Check Results for Package vcdExtra

Last updated on 2017-09-21 18:47:41.

Flavor Version Tinstall Tcheck Ttotal Status Flags
r-devel-linux-x86_64-debian-clang 0.7-0 3.58 94.94 98.52 OK
r-devel-linux-x86_64-debian-gcc 0.7-0 3.39 91.59 94.98 OK
r-devel-linux-x86_64-fedora-clang 0.7-0 219.98 OK
r-devel-linux-x86_64-fedora-gcc 0.7-0 197.28 OK
r-devel-windows-ix86+x86_64 0.7-0 10.00 151.00 161.00 OK
r-patched-linux-x86_64 0.7-0 3.43 97.87 101.30 OK
r-patched-solaris-x86 0.7-0 241.90 OK
r-release-linux-x86_64 0.7-0 3.36 92.96 96.32 OK
r-release-windows-ix86+x86_64 0.7-0 10.00 178.00 188.00 OK
r-release-osx-x86_64 0.7-0 OK
r-oldrel-windows-ix86+x86_64 0.7-0 9.00 123.00 132.00 OK
r-oldrel-osx-x86_64 0.7-0 NOTE

Check Details

Version: 0.7-0
Check: dependencies in R code
Result: NOTE
    Invalid MIT-MAGIC-COOKIE-1 key
Flavor: r-oldrel-osx-x86_64