CRAN Package Check Results for Package vcdExtra

Last updated on 2017-02-27 09:48:12.

Flavor Version Tinstall Tcheck Ttotal Status Flags
r-devel-linux-x86_64-debian-clang 0.7-0 3.40 95.16 98.56 OK
r-devel-linux-x86_64-debian-gcc 0.7-0 3.33 93.87 97.19 OK
r-devel-linux-x86_64-fedora-clang 0.7-0 208.10 OK --no-stop-on-test-error
r-devel-linux-x86_64-fedora-gcc 0.7-0 202.27 OK --no-stop-on-test-error
r-devel-macos-x86_64-clang 0.7-0 152.26 OK --no-stop-on-test-error
r-devel-windows-ix86+x86_64 0.7-0 11.00 212.00 223.00 OK
r-patched-linux-x86_64 0.7-0 3.31 76.28 79.59 OK
r-patched-solaris-sparc 0.7-0 916.80 OK
r-patched-solaris-x86 0.7-0 174.40 OK
r-release-linux-x86_64 0.7-0 3.14 75.03 78.18 OK
r-release-osx-x86_64-mavericks 0.7-0 NOTE
r-release-windows-ix86+x86_64 0.7-0 22.00 284.00 306.00 OK
r-oldrel-windows-ix86+x86_64 0.7-0 16.00 189.00 205.00 OK

Check Details

Version: 0.7-0
Check: dependencies in R code
Result: NOTE
    Invalid MIT-MAGIC-COOKIE-1 key
Flavor: r-release-osx-x86_64-mavericks