CRAN Package Check Results for Package vcdExtra

Last updated on 2014-11-28 08:48:42.

Flavor Version Tinstall Tcheck Ttotal Status Flags
r-devel-linux-x86_64-debian-clang 0.6-3 4.76 91.75 96.51 OK
r-devel-linux-x86_64-debian-gcc 0.6-3 4.60 90.38 94.98 OK
r-devel-linux-x86_64-fedora-clang 0.6-3 212.13 OK
r-devel-linux-x86_64-fedora-gcc 0.6-3 202.51 OK
r-devel-osx-x86_64-clang 0.6-3 180.81 OK
r-devel-windows-ix86+x86_64 0.6-3 14.00 118.00 132.00 OK
r-patched-linux-x86_64 0.6-3 4.89 100.90 105.79 OK
r-patched-solaris-sparc 0.6-3 1069.00 OK
r-patched-solaris-x86 0.6-3 293.00 OK
r-release-linux-ix86 0.6-3 5.66 112.88 118.54 OK
r-release-linux-x86_64 0.6-3 4.93 100.42 105.36 OK
r-release-osx-x86_64-mavericks 0.6-3 OK
r-release-osx-x86_64-snowleopard 0.6-3 ERROR
r-release-windows-ix86+x86_64 0.6-3 13.00 135.00 148.00 OK
r-oldrel-windows-ix86+x86_64 0.6-3 13.00 130.00 143.00 OK

Check Details

Version: 0.6-3
Check: examples
Result: ERROR
    Running examples in ‘vcdExtra-Ex.R’ failed
    The error most likely occurred in:
    
    > ### Name: mosaic3d
    > ### Title: 3D Mosaic Plots
    > ### Aliases: mosaic3d mosaic3d.default mosaic3d.loglm
    > ### Keywords: hplot
    >
    > ### ** Examples
    >
    > # 2 x 2 x 2
    > mosaic3d(Bartlett, box=TRUE)
    Loading required package: rgl
    Thu Nov 27 07:18:39 hagal.research.att.com R[21019] <Error>: unknown error code: invalid pixel format
    Thu Nov 27 07:18:39 hagal.research.att.com R[21019] <Error>: kCGErrorFailure: Set a breakpoint @ CGErrorBreakpoint() to catch errors as they are logged.
    X Error of failed request: GLXBadContext
     Major opcode of failed request: 0 ()
     Serial number of failed request: 27
     Current serial number in output stream: 27
Flavor: r-release-osx-x86_64-snowleopard