CRAN Package Check Results for Package vcdExtra

Last updated on 2017-07-25 01:52:09.

Flavor Version Tinstall Tcheck Ttotal Status Flags
r-devel-linux-x86_64-debian-clang 0.7-0 3.82 104.85 108.67 OK
r-devel-linux-x86_64-debian-gcc 0.7-0 3.54 100.87 104.41 OK
r-devel-linux-x86_64-fedora-clang 0.7-0 196.31 OK
r-devel-linux-x86_64-fedora-gcc 0.7-0 190.33 OK
r-devel-windows-ix86+x86_64 0.7-0 12.00 168.00 180.00 OK
r-patched-linux-x86_64 0.7-0 3.43 105.43 108.86 OK
r-patched-solaris-x86 0.7-0 239.50 OK
r-release-linux-x86_64 0.7-0 3.55 104.87 108.42 OK
r-release-windows-ix86+x86_64 0.7-0 11.00 219.00 230.00 OK
r-release-osx-x86_64 0.7-0 OK
r-oldrel-windows-ix86+x86_64 0.7-0 10.00 143.00 153.00 OK
r-oldrel-osx-x86_64 0.7-0 NOTE

Check Details

Version: 0.7-0
Check: dependencies in R code
Result: NOTE
    Invalid MIT-MAGIC-COOKIE-1 key
Flavor: r-oldrel-osx-x86_64