CRAN Package Check Results for Package vcdExtra

Last updated on 2014-10-24 19:47:54.

Flavor Version Tinstall Tcheck Ttotal Status Flags
r-devel-linux-x86_64-debian-clang 0.6-1 4.82 89.63 94.46 NOTE
r-devel-linux-x86_64-debian-gcc 0.6-1 4.73 88.59 93.32 NOTE
r-devel-linux-x86_64-fedora-clang 0.6-1 216.07 NOTE
r-devel-linux-x86_64-fedora-gcc 0.6-1 203.67 NOTE
r-devel-osx-x86_64-clang 0.6-1 181.03 NOTE
r-devel-windows-ix86+x86_64 0.6-1 13.00 117.00 130.00 NOTE
r-patched-linux-x86_64 0.6-1 4.94 96.04 100.98 NOTE
r-patched-solaris-sparc 0.6-1 1166.70 NOTE
r-patched-solaris-x86 0.6-1 281.30 NOTE
r-release-linux-ix86 0.6-1 6.18 118.68 124.86 OK
r-release-linux-x86_64 0.6-1 5.00 99.88 104.88 OK
r-release-osx-x86_64-mavericks 0.6-1 OK
r-release-osx-x86_64-snowleopard 0.6-1 OK
r-release-windows-ix86+x86_64 0.6-1 14.00 142.00 156.00 OK
r-oldrel-windows-ix86+x86_64 0.6-1 14.00 131.00 145.00 OK

Check Details

Version: 0.6-1
Check: R code for possible problems
Result: NOTE
    label3d: no visible global function definition for ‘texts3d’
    mosaic.glmlist: no visible global function definition for
     ‘grid.newpage’
    mosaic.glmlist: no visible global function definition for ‘grid.layout’
    mosaic.glmlist: no visible global function definition for
     ‘pushViewport’
    mosaic.glmlist: no visible global function definition for ‘viewport’
    mosaic.glmlist: no visible global function definition for ‘popViewport’
    mosaic.loglmlist: no visible global function definition for
     ‘grid.newpage’
    mosaic.loglmlist: no visible global function definition for
     ‘grid.layout’
    mosaic.loglmlist: no visible global function definition for
     ‘pushViewport’
    mosaic.loglmlist: no visible global function definition for ‘viewport’
    mosaic.loglmlist: no visible global function definition for
     ‘popViewport’
    mosaic3d.default: no visible global function definition for ‘cube3d’
    mosaic3d.default: no visible global function definition for ‘open3d’
    mosaic3d.default: no visible global function definition for
     ‘shapelist3d’
    mosaic3d.default: no visible global function definition for ‘spheres3d’
    split3d.shape3d: no visible global function definition for
     ‘translate3d’
    split3d.shape3d: no visible global function definition for ‘scale3d’
Flavors: r-devel-linux-x86_64-debian-clang, r-devel-linux-x86_64-debian-gcc, r-devel-linux-x86_64-fedora-clang, r-devel-linux-x86_64-fedora-gcc, r-devel-osx-x86_64-clang, r-devel-windows-ix86+x86_64, r-patched-linux-x86_64, r-patched-solaris-sparc, r-patched-solaris-x86