CRAN Package Check Results for Package vcdExtra

Last updated on 2015-03-30 08:50:14.

Flavor Version Tinstall Tcheck Ttotal Status Flags
r-devel-linux-x86_64-debian-clang 0.6-5 3.72 79.28 83.00 NOTE
r-devel-linux-x86_64-debian-gcc 0.6-5 3.58 77.04 80.62 NOTE
r-devel-linux-x86_64-fedora-clang 0.6-5 169.87 NOTE
r-devel-linux-x86_64-fedora-gcc 0.6-5 159.25 NOTE
r-devel-osx-x86_64-clang 0.6-5 146.84 NOTE
r-prerel-windows-ix86+x86_64 0.6-5 11.00 125.00 136.00 NOTE
r-prerel-linux-x86_64 0.6-5 3.62 75.24 78.86 NOTE
r-prerel-solaris-sparc 0.6-5 934.10 NOTE
r-prerel-solaris-x86 0.6-5 199.40 NOTE
r-release-linux-x86_64 0.6-5 5.00 95.71 100.71 NOTE
r-release-osx-x86_64-mavericks 0.6-5 OK
r-release-osx-x86_64-snowleopard 0.6-5 ERROR
r-release-windows-ix86+x86_64 0.6-5 16.00 150.00 166.00 NOTE
r-oldrel-windows-ix86+x86_64 0.6-5 15.00 137.00 152.00 OK

Check Details

Version: 0.6-5
Check: dependencies in R code
Result: NOTE
    'library' or 'require' call to ‘rgl’ in package code.
     Please use :: or requireNamespace() instead.
     See section 'Suggested packages' in the 'Writing R Extensions' manual.
Flavors: r-devel-linux-x86_64-debian-clang, r-devel-linux-x86_64-debian-gcc, r-devel-linux-x86_64-fedora-clang, r-devel-linux-x86_64-fedora-gcc, r-devel-osx-x86_64-clang, r-prerel-windows-ix86+x86_64, r-prerel-linux-x86_64, r-prerel-solaris-sparc, r-prerel-solaris-x86, r-release-linux-x86_64, r-release-osx-x86_64-snowleopard, r-release-windows-ix86+x86_64

Version: 0.6-5
Check: examples
Result: ERROR
    Running examples in ‘vcdExtra-Ex.R’ failed
    The error most likely occurred in:
    
    > ### Name: mosaic3d
    > ### Title: 3D Mosaic Plots
    > ### Aliases: mosaic3d mosaic3d.default mosaic3d.loglm
    > ### Keywords: hplot
    >
    > ### ** Examples
    >
    > # 2 x 2 x 2
    > mosaic3d(Bartlett, box=TRUE)
    Loading required package: rgl
    Sun Mar 29 01:44:57 hagal.research.att.com R[16003] <Error>: unknown error code: invalid pixel format
    Sun Mar 29 01:44:57 hagal.research.att.com R[16003] <Error>: kCGErrorFailure: Set a breakpoint @ CGErrorBreakpoint() to catch errors as they are logged.
    X Error of failed request: GLXBadContext
     Major opcode of failed request: 0 ()
     Serial number of failed request: 27
     Current serial number in output stream: 27
Flavor: r-release-osx-x86_64-snowleopard