CRAN Package Check Results for Package vcdExtra

Last updated on 2017-03-28 06:48:24.

Flavor Version Tinstall Tcheck Ttotal Status Flags
r-devel-linux-x86_64-debian-clang 0.7-0 3.32 94.37 97.68 OK
r-devel-linux-x86_64-debian-gcc 0.7-0 3.40 93.56 96.96 OK
r-devel-linux-x86_64-fedora-clang 0.7-0 199.03 OK --no-stop-on-test-error
r-devel-linux-x86_64-fedora-gcc 0.7-0 194.13 OK --no-stop-on-test-error
r-devel-macos-x86_64-clang 0.7-0 147.22 OK --no-stop-on-test-error
r-devel-windows-ix86+x86_64 0.7-0 12.00 218.00 230.00 OK
r-patched-linux-x86_64 0.7-0 3.28 91.61 94.88 OK
r-patched-solaris-sparc 0.7-0 1087.30 OK
r-patched-solaris-x86 0.7-0 233.50 OK
r-release-linux-x86_64 0.7-0 3.17 78.85 82.02 OK
r-release-osx-x86_64-mavericks 0.7-0 NOTE
r-release-windows-ix86+x86_64 0.7-0 13.00 172.00 185.00 OK
r-oldrel-windows-ix86+x86_64 0.7-0 12.00 143.00 155.00 OK

Check Details

Version: 0.7-0
Check: dependencies in R code
Result: NOTE
    Invalid MIT-MAGIC-COOKIE-1 key
Flavor: r-release-osx-x86_64-mavericks