CRAN Package Check Results for Package vcdExtra

Last updated on 2016-08-27 15:47:13.

Flavor Version Tinstall Tcheck Ttotal Status Flags
r-devel-linux-x86_64-debian-clang 0.7-0 3.57 87.99 91.56 OK
r-devel-linux-x86_64-debian-gcc 0.7-0 4.62 104.45 109.07 OK
r-devel-linux-x86_64-fedora-clang 0.7-0 160.62 OK
r-devel-linux-x86_64-fedora-gcc 0.7-0 153.10 OK
r-devel-osx-x86_64-clang 0.7-0 124.51 OK
r-devel-windows-ix86+x86_64 0.7-0 16.00 147.00 163.00 OK
r-patched-linux-x86_64 0.7-0 3.66 79.86 83.51 OK
r-patched-solaris-sparc 0.7-0 888.80 OK
r-patched-solaris-x86 0.7-0 188.80 OK
r-release-linux-x86_64 0.7-0 3.96 81.17 85.13 OK
r-release-osx-x86_64-mavericks 0.7-0 NOTE
r-release-windows-ix86+x86_64 0.7-0 15.00 180.00 195.00 OK
r-oldrel-windows-ix86+x86_64 0.7-0 12.00 147.00 159.00 OK

Check Details

Version: 0.7-0
Check: dependencies in R code
Result: NOTE
    Invalid MIT-MAGIC-COOKIE-1 key
Flavor: r-release-osx-x86_64-mavericks