CRAN Package Check Results for Package vcdExtra

Last updated on 2014-08-23 08:51:47.

Flavor Version Tinstall Tcheck Ttotal Status Flags
r-devel-linux-x86_64-debian-clang 0.6-1 5.04 90.78 95.82 NOTE
r-devel-linux-x86_64-debian-gcc 0.6-1 4.70 86.32 91.02 NOTE
r-devel-linux-x86_64-fedora-clang 0.6-1 217.97 NOTE
r-devel-linux-x86_64-fedora-gcc 0.6-1 206.48 NOTE
r-devel-osx-x86_64-clang 0.6-1 172.39 NOTE
r-devel-windows-ix86+x86_64 0.6-1 16.00 133.00 149.00 OK
r-patched-linux-x86_64 0.6-1 4.86 93.92 98.78 OK
r-patched-solaris-sparc 0.6-1 1153.60 OK
r-patched-solaris-x86 0.6-1 288.60 OK
r-release-linux-ix86 0.6-1 6.07 117.04 123.11 OK
r-release-linux-x86_64 0.6-1 4.96 95.22 100.18 OK
r-release-osx-x86_64-mavericks 0.6-1 OK
r-release-osx-x86_64-snowleopard 0.6-1 OK
r-release-windows-ix86+x86_64 0.6-1 12.00 144.00 156.00 OK
r-oldrel-windows-ix86+x86_64 0.6-1 13.00 127.00 140.00 OK

Check Details

Version: 0.6-1
Check: R code for possible problems
Result: NOTE
    label3d: no visible global function definition for ‘texts3d’
    mosaic.glmlist: no visible global function definition for
     ‘grid.newpage’
    mosaic.glmlist: no visible global function definition for ‘grid.layout’
    mosaic.glmlist: no visible global function definition for
     ‘pushViewport’
    mosaic.glmlist: no visible global function definition for ‘viewport’
    mosaic.glmlist: no visible global function definition for ‘popViewport’
    mosaic.loglmlist: no visible global function definition for
     ‘grid.newpage’
    mosaic.loglmlist: no visible global function definition for
     ‘grid.layout’
    mosaic.loglmlist: no visible global function definition for
     ‘pushViewport’
    mosaic.loglmlist: no visible global function definition for ‘viewport’
    mosaic.loglmlist: no visible global function definition for
     ‘popViewport’
    mosaic3d.default: no visible global function definition for ‘cube3d’
    mosaic3d.default: no visible global function definition for ‘open3d’
    mosaic3d.default: no visible global function definition for
     ‘shapelist3d’
    mosaic3d.default: no visible global function definition for ‘spheres3d’
    split3d.shape3d: no visible global function definition for
     ‘translate3d’
    split3d.shape3d: no visible global function definition for ‘scale3d’
Flavors: r-devel-linux-x86_64-debian-clang, r-devel-linux-x86_64-debian-gcc, r-devel-linux-x86_64-fedora-clang, r-devel-linux-x86_64-fedora-gcc, r-devel-osx-x86_64-clang