CRAN Package Check Results for Package vcdExtra

Last updated on 2016-07-28 13:47:46.

Flavor Version Tinstall Tcheck Ttotal Status Flags
r-devel-linux-x86_64-debian-clang 0.7-0 4.08 94.02 98.10 OK
r-devel-linux-x86_64-debian-gcc 0.7-0 4.68 91.44 96.11 OK
r-devel-linux-x86_64-fedora-clang 0.7-0 156.83 OK
r-devel-linux-x86_64-fedora-gcc 0.7-0 149.28 OK
r-devel-osx-x86_64-clang 0.7-0 123.50 OK
r-devel-windows-ix86+x86_64 0.7-0 15.00 196.00 211.00 OK
r-patched-linux-x86_64 0.7-0 4.28 91.44 95.71 OK
r-patched-solaris-sparc 0.7-0 888.80 OK
r-patched-solaris-x86 0.7-0 189.20 OK
r-release-linux-x86_64 0.7-0 4.15 90.24 94.39 OK
r-release-osx-x86_64-mavericks 0.7-0 NOTE
r-release-windows-ix86+x86_64 0.7-0 16.00 175.00 191.00 WARN
r-oldrel-windows-ix86+x86_64 0.7-0 18.00 214.00 232.00 OK

Check Details

Version: 0.7-0
Check: dependencies in R code
Result: NOTE
    Invalid MIT-MAGIC-COOKIE-1 key
Flavor: r-release-osx-x86_64-mavericks

Version: 0.7-0
Check: re-building of vignette outputs
Result: WARN
    Error in re-building vignettes:
     ...
    Loading required package: vcd
    Loading required package: grid
    Loading required package: gnm
    The following objects are masked _by_ .GlobalEnv:
    
     A, B, C
    
    Warning: running command '"D:\compiler\texmf\miktex\bin\texify.exe" --quiet --pdf "vcd-tutorial.tex" --max-iterations=20 -I "D:/RCompile/recent/R-3.3.1/share/texmf/tex/latex" -I "D:/RCompile/recent/R-3.3.1/share/texmf/bibtex/bst"' had status 1
    Error in find_vignette_product(name, by = "texi2pdf", engine = engine) :
     Failed to locate the 'texi2pdf' output file (by engine 'utils::Sweave') for vignette with name 'vcd-tutorial'. The following files exist in directory '.': 'Rplots.pdf', 'vcd-tutorial.Rnw', 'vcd-tutorial.tex', 'vcd.bib', 'vcdExtra.bib'
    Calls: buildVignettes -> find_vignette_product
    Execution halted
Flavor: r-release-windows-ix86+x86_64