CRAN Package Check Results for Package vcdExtra

Last updated on 2018-10-22 01:51:17 CEST.

Flavor Version Tinstall Tcheck Ttotal Status Flags
r-devel-linux-x86_64-debian-clang 0.7-1 7.23 139.69 146.92 OK
r-devel-linux-x86_64-debian-gcc 0.7-1 6.38 107.98 114.36 OK
r-devel-linux-x86_64-fedora-clang 0.7-1 170.17 OK
r-devel-linux-x86_64-fedora-gcc 0.7-1 166.38 OK
r-devel-windows-ix86+x86_64 0.7-1 18.00 209.00 227.00 OK
r-patched-linux-x86_64 0.7-1 6.82 122.43 129.25 OK
r-patched-solaris-x86 0.7-1 229.20 OK
r-release-linux-x86_64 0.7-1 7.58 115.64 123.22 ERROR
r-release-windows-ix86+x86_64 0.7-1 18.00 180.00 198.00 OK
r-release-osx-x86_64 0.7-1 OK
r-oldrel-windows-ix86+x86_64 0.7-1 9.00 234.00 243.00 OK
r-oldrel-osx-x86_64 0.7-1 OK

Check Details

Version: 0.7-1
Check: package dependencies
Result: NOTE
    Package suggested but not available for checking: ‘rgl’
Flavor: r-release-linux-x86_64

Version: 0.7-1
Check: examples
Result: ERROR
    Running examples in ‘vcdExtra-Ex.R’ failed
    The error most likely occurred in:
    
    > base::assign(".ptime", proc.time(), pos = "CheckExEnv")
    > ### Name: mosaic3d
    > ### Title: 3D Mosaic Plots
    > ### Aliases: mosaic3d mosaic3d.default mosaic3d.loglm
    > ### Keywords: hplot
    >
    > ### ** Examples
    >
    > # 2 x 2 x 2
    > mosaic3d(Bartlett, box=TRUE)
    Loading required namespace: rgl
    Failed with error: ‘there is no package called ‘rgl’’
    Error in mosaic3d.default(Bartlett, box = TRUE) : rgl is required
    Calls: mosaic3d -> mosaic3d.default
    Execution halted
Flavor: r-release-linux-x86_64