CRAN Package Check Results for Package vcdExtra

Last updated on 2017-05-27 01:47:12.

Flavor Version Tinstall Tcheck Ttotal Status Flags
r-devel-linux-x86_64-debian-clang 0.7-0 3.36 97.53 100.89 OK
r-devel-linux-x86_64-debian-gcc 0.7-0 3.78 95.46 99.23 OK
r-devel-linux-x86_64-fedora-clang 0.7-0 203.80 OK
r-devel-linux-x86_64-fedora-gcc 0.7-0 189.95 OK
r-devel-windows-ix86+x86_64 0.7-0 11.00 157.00 168.00 OK
r-patched-linux-x86_64 0.7-0 3.71 97.97 101.69 OK
r-patched-solaris-sparc 0.7-0 1087.30 OK
r-patched-solaris-x86 0.7-0 231.90 OK
r-release-linux-x86_64 0.7-0 3.28 93.46 96.75 OK
r-release-windows-ix86+x86_64 0.7-0 10.00 145.00 155.00 OK
r-release-osx-x86_64 0.7-0 OK
r-oldrel-windows-ix86+x86_64 0.7-0 17.00 137.00 154.00 OK
r-oldrel-osx-x86_64 0.7-0 NOTE

Check Details

Version: 0.7-0
Check: dependencies in R code
Result: NOTE
    Invalid MIT-MAGIC-COOKIE-1 key
Flavor: r-oldrel-osx-x86_64