CRAN Package Check Results for Package vcdExtra

Last updated on 2015-09-05 11:47:37.

Flavor Version Tinstall Tcheck Ttotal Status Flags
r-devel-linux-x86_64-debian-clang 0.6-9 3.65 77.66 81.31 OK
r-devel-linux-x86_64-debian-gcc 0.6-9 3.63 75.72 79.35 OK
r-devel-linux-x86_64-fedora-clang 0.6-9 165.46 OK
r-devel-linux-x86_64-fedora-gcc 0.6-9 158.34 OK
r-devel-osx-x86_64-clang 0.6-9 122.62 OK
r-devel-windows-ix86+x86_64 0.6-9 13.00 128.00 141.00 OK
r-patched-linux-x86_64 0.6-9 3.74 77.47 81.21 OK
r-patched-solaris-sparc 0.6-9 972.50 OK
r-patched-solaris-x86 0.6-9 210.10 OK
r-release-linux-x86_64 0.6-9 3.75 79.92 83.66 OK
r-release-osx-x86_64-mavericks 0.6-9 ERROR
r-release-windows-ix86+x86_64 0.6-9 14.00 128.00 142.00 OK
r-oldrel-windows-ix86+x86_64 0.6-9 14.00 174.00 188.00 OK

Check Details

Version: 0.6-9
Check: examples
Result: ERROR
    Running examples in ‘vcdExtra-Ex.R’ failed
    The error most likely occurred in:
    
    > ### Name: mosaic3d
    > ### Title: 3D Mosaic Plots
    > ### Aliases: mosaic3d mosaic3d.default mosaic3d.loglm
    > ### Keywords: hplot
    >
    > ### ** Examples
    >
    > # 2 x 2 x 2
    > mosaic3d(Bartlett, box=TRUE)
    Loading required namespace: rgl
    Warning in rgl.init(initValue, onlyNULL) :
     RGL: unable to open X11 display
    Warning in fun(libname, pkgname) : error in rgl_init
    Error in rgl.open(useNULL) : rgl.open failed
    Calls: mosaic3d -> mosaic3d.default -> <Anonymous> -> rgl.open
    Execution halted
Flavor: r-release-osx-x86_64-mavericks