CRAN Package Check Results for Package vcdExtra

Last updated on 2014-09-21 15:48:57.

Flavor Version Tinstall Tcheck Ttotal Status Flags
r-devel-linux-x86_64-debian-clang 0.6-1 4.75 88.45 93.20 NOTE
r-devel-linux-x86_64-debian-gcc 0.6-1 4.61 86.64 91.25 NOTE
r-devel-linux-x86_64-fedora-clang 0.6-1 213.11 NOTE
r-devel-linux-x86_64-fedora-gcc 0.6-1 200.70 NOTE
r-devel-osx-x86_64-clang 0.6-1 171.44 NOTE
r-devel-windows-ix86+x86_64 0.6-1 14.00 124.00 138.00 NOTE
r-patched-linux-x86_64 0.6-1 5.12 96.30 101.42 OK
r-patched-solaris-sparc 0.6-1 1153.60 OK
r-patched-solaris-x86 0.6-1 289.10 OK
r-release-linux-ix86 0.6-1 6.23 117.96 124.19 OK
r-release-linux-x86_64 0.6-1 5.00 97.67 102.67 OK
r-release-osx-x86_64-mavericks 0.6-1 OK
r-release-osx-x86_64-snowleopard 0.6-1 OK
r-release-windows-ix86+x86_64 0.6-1 14.00 134.00 148.00 OK
r-oldrel-windows-ix86+x86_64 0.6-1 14.00 129.00 143.00 OK

Check Details

Version: 0.6-1
Check: R code for possible problems
Result: NOTE
    label3d: no visible global function definition for ‘texts3d’
    mosaic.glmlist: no visible global function definition for
     ‘grid.newpage’
    mosaic.glmlist: no visible global function definition for ‘grid.layout’
    mosaic.glmlist: no visible global function definition for
     ‘pushViewport’
    mosaic.glmlist: no visible global function definition for ‘viewport’
    mosaic.glmlist: no visible global function definition for ‘popViewport’
    mosaic.loglmlist: no visible global function definition for
     ‘grid.newpage’
    mosaic.loglmlist: no visible global function definition for
     ‘grid.layout’
    mosaic.loglmlist: no visible global function definition for
     ‘pushViewport’
    mosaic.loglmlist: no visible global function definition for ‘viewport’
    mosaic.loglmlist: no visible global function definition for
     ‘popViewport’
    mosaic3d.default: no visible global function definition for ‘cube3d’
    mosaic3d.default: no visible global function definition for ‘open3d’
    mosaic3d.default: no visible global function definition for
     ‘shapelist3d’
    mosaic3d.default: no visible global function definition for ‘spheres3d’
    split3d.shape3d: no visible global function definition for
     ‘translate3d’
    split3d.shape3d: no visible global function definition for ‘scale3d’
Flavors: r-devel-linux-x86_64-debian-clang, r-devel-linux-x86_64-debian-gcc, r-devel-linux-x86_64-fedora-clang, r-devel-linux-x86_64-fedora-gcc, r-devel-osx-x86_64-clang, r-devel-windows-ix86+x86_64