CRAN Package Check Results for Package vcdExtra

Last updated on 2017-01-22 12:48:18.

Flavor Version Tinstall Tcheck Ttotal Status Flags
r-devel-linux-x86_64-debian-clang 0.7-0 3.28 95.56 98.84 OK
r-devel-linux-x86_64-debian-gcc 0.7-0 3.56 92.83 96.39 OK
r-devel-linux-x86_64-fedora-clang 0.7-0 185.79 OK --no-stop-on-test-error
r-devel-linux-x86_64-fedora-gcc 0.7-0 180.38 OK --no-stop-on-test-error
r-devel-macos-x86_64-clang 0.7-0 147.43 OK --no-stop-on-test-error
r-devel-windows-ix86+x86_64 0.7-0 19.00 215.00 234.00 OK
r-patched-linux-x86_64 0.7-0 3.29 76.09 79.38 OK
r-patched-solaris-sparc 0.7-0 916.80 OK
r-patched-solaris-x86 0.7-0 188.80 OK
r-release-linux-x86_64 0.7-0 3.61 75.31 78.91 OK
r-release-osx-x86_64-mavericks 0.7-0 NOTE
r-release-windows-ix86+x86_64 0.7-0 22.00 149.00 171.00 OK
r-oldrel-windows-ix86+x86_64 0.7-0 24.00 264.00 288.00 OK

Check Details

Version: 0.7-0
Check: dependencies in R code
Result: NOTE
    Invalid MIT-MAGIC-COOKIE-1 key
Flavor: r-release-osx-x86_64-mavericks