CRAN Package Check Results for Package vcdExtra

Last updated on 2014-12-19 08:48:45.

Flavor Version Tinstall Tcheck Ttotal Status Flags
r-devel-linux-x86_64-debian-clang 0.6-3 4.78 90.74 95.52 WARN
r-devel-linux-x86_64-debian-gcc 0.6-3 4.70 90.68 95.38 WARN
r-devel-linux-x86_64-fedora-clang 0.6-3 217.82 WARN
r-devel-linux-x86_64-fedora-gcc 0.6-3 196.29 WARN
r-devel-osx-x86_64-clang 0.6-3 183.65 WARN
r-devel-windows-ix86+x86_64 0.6-3 15.00 121.00 136.00 WARN
r-patched-linux-x86_64 0.6-3 4.90 98.00 102.90 WARN
r-patched-solaris-sparc 0.6-3 1091.30 WARN
r-patched-solaris-x86 0.6-3 283.90 WARN
r-release-linux-ix86 0.6-3 5.88 113.32 119.20 OK
r-release-linux-x86_64 0.6-3 4.87 99.78 104.66 OK
r-release-osx-x86_64-mavericks 0.6-3 OK
r-release-osx-x86_64-snowleopard 0.6-3 ERROR
r-release-windows-ix86+x86_64 0.6-3 15.00 150.00 165.00 OK
r-oldrel-windows-ix86+x86_64 0.6-3 15.00 133.00 148.00 OK

Check Details

Version: 0.6-3
Check: for unstated dependencies in examples
Result: WARN
    'library' or 'require' call not declared from: ‘countreg’
    'data(package=)' call not declared from: ‘countreg’
Flavors: r-devel-linux-x86_64-debian-clang, r-devel-linux-x86_64-debian-gcc, r-devel-linux-x86_64-fedora-clang, r-devel-linux-x86_64-fedora-gcc, r-devel-osx-x86_64-clang, r-devel-windows-ix86+x86_64, r-patched-linux-x86_64, r-patched-solaris-sparc, r-patched-solaris-x86, r-release-osx-x86_64-snowleopard

Version: 0.6-3
Check: examples
Result: ERROR
    Running examples in ‘vcdExtra-Ex.R’ failed
    The error most likely occurred in:
    
    > ### Name: mosaic3d
    > ### Title: 3D Mosaic Plots
    > ### Aliases: mosaic3d mosaic3d.default mosaic3d.loglm
    > ### Keywords: hplot
    >
    > ### ** Examples
    >
    > # 2 x 2 x 2
    > mosaic3d(Bartlett, box=TRUE)
    Loading required package: rgl
    Wed Dec 17 07:31:57 hagal.research.att.com R[37014] <Error>: unknown error code: invalid pixel format
    Wed Dec 17 07:31:57 hagal.research.att.com R[37014] <Error>: kCGErrorFailure: Set a breakpoint @ CGErrorBreakpoint() to catch errors as they are logged.
    X Error of failed request: GLXBadContext
     Major opcode of failed request: 0 ()
     Serial number of failed request: 27
     Current serial number in output stream: 27
Flavor: r-release-osx-x86_64-snowleopard