CRAN Package Check Results for Package vcdExtra

Last updated on 2016-05-28 23:47:57.

Flavor Version Tinstall Tcheck Ttotal Status Flags
r-devel-linux-x86_64-debian-gcc 0.7-0 3.79 81.73 85.52 OK
r-devel-linux-x86_64-fedora-clang 0.7-0 155.78 OK
r-devel-linux-x86_64-fedora-gcc 0.7-0 150.43 OK
r-devel-osx-x86_64-clang 0.7-0 164.96 OK
r-devel-windows-ix86+x86_64 0.7-0 10.00 143.00 153.00 OK
r-patched-linux-x86_64 0.7-0 3.64 80.10 83.74 OK
r-patched-solaris-sparc 0.7-0 889.00 OK
r-patched-solaris-x86 0.7-0 190.70 OK
r-release-linux-x86_64 0.7-0 3.79 77.38 81.17 OK
r-release-osx-x86_64-mavericks 0.7-0 NOTE
r-release-windows-ix86+x86_64 0.7-0 14.00 182.00 196.00 OK
r-oldrel-windows-ix86+x86_64 0.7-0 11.00 143.00 154.00 OK

Check Details

Version: 0.7-0
Check: dependencies in R code
Result: NOTE
    Invalid MIT-MAGIC-COOKIE-1 key
Flavor: r-release-osx-x86_64-mavericks