CRAN Package Check Results for Package vcdExtra

Last updated on 2016-09-25 23:47:09.

Flavor Version Tinstall Tcheck Ttotal Status Flags
r-devel-linux-x86_64-debian-clang 0.7-0 3.05 76.59 79.64 OK
r-devel-linux-x86_64-debian-gcc 0.7-0 3.24 76.22 79.46 OK
r-devel-linux-x86_64-fedora-clang 0.7-0 139.82 OK
r-devel-linux-x86_64-fedora-gcc 0.7-0 150.54 OK
r-devel-macos-x86_64-clang 0.7-0 118.18 OK
r-devel-windows-ix86+x86_64 0.7-0 11.00 258.00 269.00 OK
r-patched-linux-x86_64 0.7-0 3.10 76.10 79.19 OK
r-patched-solaris-sparc 0.7-0 888.80 OK
r-patched-solaris-x86 0.7-0 190.60 OK
r-release-linux-x86_64 0.7-0 3.33 76.94 80.26 OK
r-release-osx-x86_64-mavericks 0.7-0 NOTE
r-release-windows-ix86+x86_64 0.7-0 25.00 188.00 213.00 OK
r-oldrel-windows-ix86+x86_64 0.7-0 18.00 189.00 207.00 OK

Check Details

Version: 0.7-0
Check: dependencies in R code
Result: NOTE
    Invalid MIT-MAGIC-COOKIE-1 key
Flavor: r-release-osx-x86_64-mavericks