CRAN Package Check Results for Package vcdExtra

Last updated on 2016-12-09 23:50:04.

Flavor Version Tinstall Tcheck Ttotal Status Flags
r-devel-linux-x86_64-debian-clang 0.7-0 3.22 98.53 101.75 OK
r-devel-linux-x86_64-debian-gcc 0.7-0 3.35 95.20 98.55 OK
r-devel-linux-x86_64-fedora-clang 0.7-0 205.60 OK --no-stop-on-test-error
r-devel-linux-x86_64-fedora-gcc 0.7-0 202.30 OK --no-stop-on-test-error
r-devel-macos-x86_64-clang 0.7-0 149.90 OK --no-stop-on-test-error
r-devel-windows-ix86+x86_64 0.7-0 11.00 227.00 238.00 OK
r-patched-linux-x86_64 0.7-0 3.17 79.31 82.48 OK
r-patched-solaris-sparc 0.7-0 888.80 OK
r-patched-solaris-x86 0.7-0 192.30 OK
r-release-linux-x86_64 0.7-0 3.29 76.41 79.70 OK
r-release-osx-x86_64-mavericks 0.7-0 NOTE
r-release-windows-ix86+x86_64 0.7-0 10.00 141.00 151.00 OK
r-oldrel-windows-ix86+x86_64 0.7-0 13.00 142.00 155.00 OK

Check Details

Version: 0.7-0
Check: dependencies in R code
Result: NOTE
    Invalid MIT-MAGIC-COOKIE-1 key
Flavor: r-release-osx-x86_64-mavericks