CRAN Package Check Results for Package vcdExtra

Last updated on 2015-01-26 16:46:56.

Flavor Version Tinstall Tcheck Ttotal Status Flags
r-devel-linux-x86_64-debian-clang 0.6-5 4.34 90.10 94.45 NOTE
r-devel-linux-x86_64-debian-gcc 0.6-5 4.19 85.79 89.98 NOTE
r-devel-linux-x86_64-fedora-clang 0.6-5 239.21 NOTE
r-devel-linux-x86_64-fedora-gcc 0.6-5 204.00 NOTE
r-devel-osx-x86_64-clang 0.6-5 185.91 NOTE
r-devel-windows-ix86+x86_64 0.6-5 19.00 129.00 148.00 NOTE
r-patched-linux-x86_64 0.6-5 4.94 100.75 105.70 OK
r-patched-solaris-sparc 0.6-5 1087.00 OK
r-patched-solaris-x86 0.6-5 291.40 OK
r-release-linux-ix86 0.6-5 5.82 123.90 129.72 OK
r-release-linux-x86_64 0.6-5 4.94 100.02 104.96 OK
r-release-osx-x86_64-mavericks 0.6-5 OK
r-release-osx-x86_64-snowleopard 0.6-5 ERROR
r-release-windows-ix86+x86_64 0.6-5 18.00 136.00 154.00 OK
r-oldrel-windows-ix86+x86_64 0.6-5 22.00 152.00 174.00 OK

Check Details

Version: 0.6-5
Check: dependencies in R code
Result: NOTE
    'library' or 'require' call to ‘rgl’ in package code.
     Please use :: or requireNamespace() instead.
     See section 'Suggested packages' in the 'Writing R Extensions' manual.
Flavors: r-devel-linux-x86_64-debian-clang, r-devel-linux-x86_64-debian-gcc, r-devel-linux-x86_64-fedora-clang, r-devel-linux-x86_64-fedora-gcc, r-devel-osx-x86_64-clang, r-devel-windows-ix86+x86_64

Version: 0.6-5
Check: examples
Result: ERROR
    Running examples in ‘vcdExtra-Ex.R’ failed
    The error most likely occurred in:
    
    > ### Name: mosaic3d
    > ### Title: 3D Mosaic Plots
    > ### Aliases: mosaic3d mosaic3d.default mosaic3d.loglm
    > ### Keywords: hplot
    >
    > ### ** Examples
    >
    > # 2 x 2 x 2
    > mosaic3d(Bartlett, box=TRUE)
    Loading required package: rgl
    Sun Jan 25 06:52:57 hagal.research.att.com R[81631] <Error>: unknown error code: invalid pixel format
    Sun Jan 25 06:52:57 hagal.research.att.com R[81631] <Error>: kCGErrorFailure: Set a breakpoint @ CGErrorBreakpoint() to catch errors as they are logged.
    X Error of failed request: GLXBadContext
     Major opcode of failed request: 0 ()
     Serial number of failed request: 27
     Current serial number in output stream: 27
Flavor: r-release-osx-x86_64-snowleopard