CRAN Package Check Results for Package vcdExtra

Last updated on 2015-07-05 10:47:15.

Flavor Version Tinstall Tcheck Ttotal Status Flags
r-devel-linux-x86_64-debian-clang 0.6-8 4.08 83.98 88.06 NOTE
r-devel-linux-x86_64-debian-gcc 0.6-8 3.73 76.50 80.23 NOTE
r-devel-linux-x86_64-fedora-clang 0.6-8 168.42 NOTE
r-devel-linux-x86_64-fedora-gcc 0.6-8 159.79 NOTE
r-devel-osx-x86_64-clang 0.6-8 123.06 OK
r-devel-windows-ix86+x86_64 0.6-8 12.00 121.00 133.00 NOTE
r-patched-linux-x86_64 0.6-8 3.68 77.54 81.22 OK
r-patched-solaris-sparc 0.6-8 932.20 OK
r-patched-solaris-x86 0.6-8 204.20 OK
r-release-linux-x86_64 0.6-8 3.84 82.52 86.36 OK
r-release-osx-x86_64-mavericks 0.6-8 NOTE
r-release-windows-ix86+x86_64 0.6-8 15.00 119.00 134.00 OK
r-oldrel-windows-ix86+x86_64 0.6-8 22.00 149.00 171.00 OK

Check Details

Version: 0.6-8
Check: R code for possible problems
Result: NOTE
    CMHtest3: no visible global function definition for ‘pchisq’
    GKgamma: no visible global function definition for ‘qnorm’
    HLtest: no visible global function definition for ‘family’
    HLtest: no visible global function definition for ‘quantile’
    HLtest: no visible global function definition for ‘xtabs’
    HLtest: no visible global function definition for ‘pchisq’
    HosmerLemeshow: no visible global function definition for ‘family’
    HosmerLemeshow: no visible global function definition for ‘quantile’
    HosmerLemeshow: no visible global function definition for ‘xtabs’
    HosmerLemeshow: no visible global function definition for ‘pchisq’
    Kway: no visible binding for global variable ‘poisson’
    Kway: no visible global function definition for ‘glm’
    Kway: no visible global function definition for ‘update’
    LRstats.default: no visible binding for global variable ‘logLik’
    LRstats.default : nobs0: no visible binding for global variable ‘nobs’
    LRstats.default : nobs0 : nobs2: no visible global function definition
     for ‘residuals’
    LRstats.default: no visible binding for global variable ‘deviance’
    LRstats.default: no visible global function definition for ‘pchisq’
    Summarise.default: no visible binding for global variable ‘logLik’
    Summarise.default : nobs0: no visible binding for global variable
     ‘nobs’
    Summarise.default : nobs0 : nobs2: no visible global function
     definition for ‘residuals’
    Summarise.default: no visible binding for global variable ‘deviance’
    Summarise.default: no visible global function definition for ‘pchisq’
    cmh: no visible global function definition for ‘pchisq’
    collapse.table: no visible global function definition for ‘xtabs’
    collapse.table: no visible global function definition for ‘as.formula’
    cutfac: no visible global function definition for ‘quantile’
    datasets: Error while checking: invalid ‘envir’ argument
    expand.dft: no visible global function definition for ‘type.convert’
    expand.table: no visible global function definition for ‘type.convert’
    logLik.loglm: no visible global function definition for ‘update’
    loglin2formula: no visible global function definition for ‘formula’
    mosaic.glm: no visible global function definition for ‘reformulate’
    mosaic.glm: no visible global function definition for ‘model.frame’
    mosaic.glm: no visible global function definition for ‘terms’
    mosaic.glm: no visible binding for global variable ‘na.pass’
    mosaic.glm: no visible global function definition for ‘fitted’
    mosaic.glm: no visible global function definition for ‘rstandard’
    mosaic.glmlist: no visible global function definition for ‘menu’
    mosaic.loglmlist: no visible global function definition for ‘menu’
    mosaic3d.default: no visible global function definition for ‘fitted’
    mosaic3d.default: no visible global function definition for ‘loglin’
    mosaic3d.loglm: no visible global function definition for ‘update’
    mosaic3d.loglm: no visible global function definition for ‘fitted’
    print.Kappa: no visible global function definition for ‘qnorm’
    rlogseries: no visible global function definition for ‘runif’
    seq_loglm: no visible global function definition for ‘xtabs’
    seq_loglm: no visible global function definition for ‘loglin’
    seq_mosaic: no visible global function definition for ‘xtabs’
    shading_basic: no visible global function definition for ‘hsv’
    stat.summarise: no visible global function definition for ‘pchisq’
    summarise.glm: no visible global function definition for ‘fitted’
    summarise.glmlist : <anonymous>: no visible global function definition
     for ‘fitted’
    summarise.loglm: no visible global function definition for ‘fitted’
    summarise.loglmlist : <anonymous>: no visible global function
     definition for ‘fitted’
    Undefined global functions or variables:
     as.formula deviance family fitted formula glm hsv logLik loglin menu
     model.frame na.pass nobs pchisq poisson qnorm quantile reformulate
     residuals rstandard runif terms type.convert update xtabs
Flavors: r-devel-linux-x86_64-debian-clang, r-devel-linux-x86_64-debian-gcc, r-devel-linux-x86_64-fedora-clang, r-devel-linux-x86_64-fedora-gcc

Version: 0.6-8
Check: R code for possible problems
Result: NOTE
    CMHtest3: no visible global function definition for 'pchisq'
    GKgamma: no visible global function definition for 'qnorm'
    HLtest: no visible global function definition for 'family'
    HLtest: no visible global function definition for 'quantile'
    HLtest: no visible global function definition for 'xtabs'
    HLtest: no visible global function definition for 'pchisq'
    HosmerLemeshow: no visible global function definition for 'family'
    HosmerLemeshow: no visible global function definition for 'quantile'
    HosmerLemeshow: no visible global function definition for 'xtabs'
    HosmerLemeshow: no visible global function definition for 'pchisq'
    Kway: no visible binding for global variable 'poisson'
    Kway: no visible global function definition for 'glm'
    Kway: no visible global function definition for 'update'
    LRstats.default: no visible binding for global variable 'logLik'
    LRstats.default : nobs0: no visible binding for global variable 'nobs'
    LRstats.default : nobs0 : nobs2: no visible global function definition
     for 'residuals'
    LRstats.default: no visible binding for global variable 'deviance'
    LRstats.default: no visible global function definition for 'pchisq'
    Summarise.default: no visible binding for global variable 'logLik'
    Summarise.default : nobs0: no visible binding for global variable
     'nobs'
    Summarise.default : nobs0 : nobs2: no visible global function
     definition for 'residuals'
    Summarise.default: no visible binding for global variable 'deviance'
    Summarise.default: no visible global function definition for 'pchisq'
    cmh: no visible global function definition for 'pchisq'
    collapse.table: no visible global function definition for 'xtabs'
    collapse.table: no visible global function definition for 'as.formula'
    cutfac: no visible global function definition for 'quantile'
    datasets: no visible global function definition for 'data'
    expand.dft: no visible global function definition for 'type.convert'
    expand.table: no visible global function definition for 'type.convert'
    logLik.loglm: no visible global function definition for 'update'
    loglin2formula: no visible global function definition for 'formula'
    mosaic.glm: no visible global function definition for 'reformulate'
    mosaic.glm: no visible global function definition for 'model.frame'
    mosaic.glm: no visible global function definition for 'terms'
    mosaic.glm: no visible binding for global variable 'na.pass'
    mosaic.glm: no visible global function definition for 'fitted'
    mosaic.glm: no visible global function definition for 'rstandard'
    mosaic.glmlist: no visible global function definition for 'menu'
    mosaic.loglmlist: no visible global function definition for 'menu'
    mosaic3d.default: no visible global function definition for 'fitted'
    mosaic3d.default: no visible global function definition for 'loglin'
    mosaic3d.loglm: no visible global function definition for 'update'
    mosaic3d.loglm: no visible global function definition for 'fitted'
    print.Kappa: no visible global function definition for 'qnorm'
    rlogseries: no visible global function definition for 'runif'
    seq_loglm: no visible global function definition for 'xtabs'
    seq_loglm: no visible global function definition for 'loglin'
    seq_mosaic: no visible global function definition for 'xtabs'
    shading_basic: no visible global function definition for 'hsv'
    stat.summarise: no visible global function definition for 'pchisq'
    summarise.glm: no visible global function definition for 'fitted'
    summarise.glmlist : <anonymous>: no visible global function definition
     for 'fitted'
    summarise.loglm: no visible global function definition for 'fitted'
    summarise.loglmlist : <anonymous>: no visible global function
     definition for 'fitted'
    Undefined global functions or variables:
     as.formula data deviance family fitted formula glm hsv logLik loglin
     menu model.frame na.pass nobs pchisq poisson qnorm quantile
     reformulate residuals rstandard runif terms type.convert update xtabs
Flavor: r-devel-windows-ix86+x86_64

Version: 0.6-8
Check: package dependencies
Result: NOTE
    Package suggested but not available for checking: ‘AER’
Flavor: r-release-osx-x86_64-mavericks