CRAN Package Check Results for Package vcf2geno

Last updated on 2014-08-22 13:47:06.

Flavor Version Tinstall Tcheck Ttotal Status Flags
r-devel-linux-x86_64-debian-clang 2.3 17.48 12.85 30.33 NOTE
r-devel-linux-x86_64-debian-gcc 2.3 27.86 12.93 40.78 WARN
r-devel-linux-x86_64-fedora-clang 2.3 58.96 NOTE
r-devel-linux-x86_64-fedora-gcc 2.3 61.72 WARN
r-devel-osx-x86_64-clang 2.3 55.68 NOTE
r-devel-windows-ix86+x86_64 2.3 101.00 33.00 134.00 WARN
r-patched-linux-x86_64 2.3 26.60 13.17 39.77 WARN
r-patched-solaris-sparc 2.3 352.90 OK
r-patched-solaris-x86 2.3 100.10 OK
r-release-linux-ix86 2.3 36.63 19.39 56.02 WARN
r-release-linux-x86_64 2.3 27.02 13.23 40.25 WARN
r-release-osx-x86_64-mavericks 2.3 NOTE
r-release-osx-x86_64-snowleopard 2.3 NOTE
r-release-windows-ix86+x86_64 2.3 137.00 41.00 178.00 WARN
r-oldrel-windows-ix86+x86_64 2.3 100.00 34.00 134.00 NOTE

Check Details

Version: 2.3
Check: package namespace information
Result: NOTE
     Namespace with empty importFrom: ‘utils’
Flavors: r-devel-linux-x86_64-debian-clang, r-devel-linux-x86_64-debian-gcc, r-devel-linux-x86_64-fedora-clang, r-devel-linux-x86_64-fedora-gcc, r-devel-osx-x86_64-clang, r-devel-windows-ix86+x86_64

Version: 2.3
Check: whether package can be installed
Result: NOTE
    Found the following warnings:
     rvMetaLoader.cpp:54:3: warning: control may reach end of non-void function [-Wreturn-type]
     ./OrderedMap.h:75:5: warning: control may reach end of non-void function [-Wreturn-type]
Flavors: r-devel-linux-x86_64-debian-clang, r-devel-linux-x86_64-fedora-clang, r-devel-osx-x86_64-clang

Version: 2.3
Check: installed package size
Result: NOTE
     installed size is 7.1Mb
     sub-directories of 1Mb or more:
     libs 3.2Mb
     vcf 3.8Mb
Flavors: r-devel-linux-x86_64-debian-clang, r-devel-linux-x86_64-debian-gcc, r-devel-linux-x86_64-fedora-clang, r-devel-linux-x86_64-fedora-gcc, r-devel-windows-ix86+x86_64, r-patched-linux-x86_64, r-release-linux-ix86, r-release-linux-x86_64, r-release-osx-x86_64-mavericks, r-release-osx-x86_64-snowleopard, r-release-windows-ix86+x86_64, r-oldrel-windows-ix86+x86_64

Version: 2.3
Check: whether package can be installed
Result: WARN
    Found the following significant warnings:
     OrderedMap.h:75:5: warning: control reaches end of non-void function [-Wreturn-type]
Flavors: r-devel-linux-x86_64-debian-gcc, r-devel-linux-x86_64-fedora-gcc, r-devel-windows-ix86+x86_64, r-patched-linux-x86_64, r-release-linux-ix86, r-release-linux-x86_64, r-release-windows-ix86+x86_64