CRAN Package Check Results for Package vcf2geno

Last updated on 2014-09-20 08:51:58.

Flavor Version Tinstall Tcheck Ttotal Status Flags
r-devel-linux-x86_64-debian-clang 2.3 18.51 12.91 31.42 WARN
r-devel-linux-x86_64-debian-gcc 2.3 26.24 12.90 39.14 WARN
r-devel-linux-x86_64-fedora-clang 2.3 63.53 WARN
r-devel-linux-x86_64-fedora-gcc 2.3 61.17 WARN
r-devel-osx-x86_64-clang 2.3 61.61 WARN
r-devel-windows-ix86+x86_64 2.3 99.00 32.00 131.00 WARN
r-patched-linux-x86_64 2.3 27.20 13.13 40.33 WARN
r-patched-solaris-sparc 2.3 352.90 OK
r-patched-solaris-x86 2.3 117.70 OK
r-release-linux-ix86 2.3 36.49 20.17 56.66 WARN
r-release-linux-x86_64 2.3 27.68 13.49 41.16 WARN
r-release-osx-x86_64-mavericks 2.3 NOTE
r-release-osx-x86_64-snowleopard 2.3 NOTE
r-release-windows-ix86+x86_64 2.3 137.00 41.00 178.00 WARN
r-oldrel-windows-ix86+x86_64 2.3 100.00 34.00 134.00 NOTE

Check Details

Version: 2.3
Check: package namespace information
Result: NOTE
     Namespace with empty importFrom: ‘utils’
Flavors: r-devel-linux-x86_64-debian-clang, r-devel-linux-x86_64-debian-gcc, r-devel-linux-x86_64-fedora-clang, r-devel-linux-x86_64-fedora-gcc, r-devel-osx-x86_64-clang, r-devel-windows-ix86+x86_64

Version: 2.3
Check: whether package can be installed
Result: WARN
    Found the following significant warnings:
     rvMetaLoader.cpp:54:3: warning: control may reach end of non-void function [-Wreturn-type]
     ./OrderedMap.h:75:5: warning: control may reach end of non-void function [-Wreturn-type]
    Found the following additional warnings:
     rvMetaLoader.cpp:54:3: warning: control may reach end of non-void function [-Wreturn-type]
     ./OrderedMap.h:75:5: warning: control may reach end of non-void function [-Wreturn-type]
Flavors: r-devel-linux-x86_64-debian-clang, r-devel-linux-x86_64-fedora-clang, r-devel-osx-x86_64-clang

Version: 2.3
Check: installed package size
Result: NOTE
     installed size is 7.6Mb
     sub-directories of 1Mb or more:
     libs 3.7Mb
     vcf 3.8Mb
Flavors: r-devel-linux-x86_64-debian-clang, r-devel-linux-x86_64-debian-gcc, r-devel-linux-x86_64-fedora-clang, r-devel-linux-x86_64-fedora-gcc, r-devel-windows-ix86+x86_64, r-patched-linux-x86_64, r-release-linux-ix86, r-release-linux-x86_64, r-release-osx-x86_64-mavericks, r-release-osx-x86_64-snowleopard, r-release-windows-ix86+x86_64, r-oldrel-windows-ix86+x86_64

Version: 2.3
Check: whether package can be installed
Result: WARN
    Found the following significant warnings:
     OrderedMap.h:75:5: warning: control reaches end of non-void function [-Wreturn-type]
Flavors: r-devel-linux-x86_64-debian-gcc, r-devel-linux-x86_64-fedora-gcc, r-devel-windows-ix86+x86_64, r-patched-linux-x86_64, r-release-linux-ix86, r-release-linux-x86_64, r-release-windows-ix86+x86_64