CRAN Package Check Results for Package vcf2geno

Last updated on 2014-07-25 07:53:24.

Flavor Version Tinstall Tcheck Ttotal Status Flags
r-devel-linux-x86_64-debian-clang 2.3 17.54 15.29 32.83 NOTE
r-devel-linux-x86_64-debian-gcc 2.3 26.50 15.25 41.75 WARN
r-devel-linux-x86_64-fedora-clang 2.3 59.21 NOTE
r-devel-linux-x86_64-fedora-gcc 2.3 62.74 WARN
r-devel-osx-x86_64-clang 2.3 60.75 NOTE
r-devel-windows-ix86+x86_64 2.3 102.00 33.00 135.00 WARN
r-patched-linux-x86_64 2.3 26.55 15.43 41.98 WARN
r-patched-solaris-sparc 2.3 347.50 OK
r-patched-solaris-x86 2.3 98.70 OK
r-release-linux-ix86 2.3 36.38 21.97 58.35 WARN
r-release-linux-x86_64 2.3 26.64 15.66 42.30 WARN
r-release-osx-x86_64-mavericks 2.3 NOTE
r-release-osx-x86_64-snowleopard 2.3 NOTE
r-release-windows-ix86+x86_64 2.3 137.00 41.00 178.00 WARN
r-oldrel-windows-ix86+x86_64 2.3 100.00 34.00 134.00 NOTE

Check Details

Version: 2.3
Check: whether package can be installed
Result: NOTE
    Found the following warnings:
     rvMetaLoader.cpp:54:3: warning: control may reach end of non-void function [-Wreturn-type]
     ./OrderedMap.h:75:5: warning: control may reach end of non-void function [-Wreturn-type]
    See ‘/home/hornik/tmp/R.check/r-devel-clang/Work/PKGS/vcf2geno.Rcheck/00install.out’ for details.
Flavor: r-devel-linux-x86_64-debian-clang

Version: 2.3
Check: installed package size
Result: NOTE
     installed size is 7.1Mb
     sub-directories of 1Mb or more:
     libs 3.2Mb
     vcf 3.8Mb
Flavors: r-devel-linux-x86_64-debian-clang, r-devel-linux-x86_64-debian-gcc, r-devel-linux-x86_64-fedora-clang, r-devel-linux-x86_64-fedora-gcc, r-devel-windows-ix86+x86_64, r-patched-linux-x86_64, r-release-linux-ix86, r-release-linux-x86_64, r-release-osx-x86_64-mavericks, r-release-osx-x86_64-snowleopard, r-release-windows-ix86+x86_64, r-oldrel-windows-ix86+x86_64

Version: 2.3
Check: whether package can be installed
Result: WARNING
    Found the following significant warnings:
     OrderedMap.h:75:5: warning: control reaches end of non-void function [-Wreturn-type]
    See ‘/home/hornik/tmp/R.check/r-devel-gcc/Work/PKGS/vcf2geno.Rcheck/00install.out’ for details.
Flavor: r-devel-linux-x86_64-debian-gcc

Version: 2.3
Check: whether package can be installed
Result: NOTE
    Found the following warnings:
     rvMetaLoader.cpp:54:3: warning: control may reach end of non-void function [-Wreturn-type]
     ./OrderedMap.h:75:5: warning: control may reach end of non-void function [-Wreturn-type]
    See ‘/data/gannet/ripley/R/packages/tests-clang/vcf2geno.Rcheck/00install.out’ for details.
Flavor: r-devel-linux-x86_64-fedora-clang

Version: 2.3
Check: whether package can be installed
Result: WARNING
    Found the following significant warnings:
     OrderedMap.h:75:5: warning: control reaches end of non-void function [-Wreturn-type]
    See ‘/data/gannet/ripley/R/packages/tests-devel/vcf2geno.Rcheck/00install.out’ for details.
Flavor: r-devel-linux-x86_64-fedora-gcc

Version: 2.3
Check: whether package can be installed
Result: NOTE
    Found the following warnings:
     rvMetaLoader.cpp:54:3: warning: control may reach end of non-void function [-Wreturn-type]
     ./OrderedMap.h:75:5: warning: control may reach end of non-void function [-Wreturn-type]
    See ‘/Users/ripley/R/packages/tests-devel/vcf2geno.Rcheck/00install.out’ for details.
Flavor: r-devel-osx-x86_64-clang

Version: 2.3
Check: whether package can be installed
Result: WARNING
    Found the following significant warnings:
     OrderedMap.h:75:5: warning: control reaches end of non-void function [-Wreturn-type]
    See 'd:/Rcompile/CRANpkg/local/3.2/vcf2geno.Rcheck/00install.out' for details.
Flavor: r-devel-windows-ix86+x86_64

Version: 2.3
Check: whether package can be installed
Result: WARNING
    Found the following significant warnings:
     OrderedMap.h:75:5: warning: control reaches end of non-void function [-Wreturn-type]
    See ‘/home/hornik/tmp/R.check/r-patched-gcc/Work/PKGS/vcf2geno.Rcheck/00install.out’ for details.
Flavor: r-patched-linux-x86_64

Version: 2.3
Check: whether package can be installed
Result: WARNING
    Found the following significant warnings:
     OrderedMap.h:75:5: warning: control reaches end of non-void function [-Wreturn-type]
    See ‘/home/hornik/tmp/R.check/r-release-gcc/Work/PKGS/vcf2geno.Rcheck/00install.out’ for details.
Flavors: r-release-linux-ix86, r-release-linux-x86_64

Version: 2.3
Check: whether package can be installed
Result: WARNING
    Found the following significant warnings:
     OrderedMap.h:75:5: warning: control reaches end of non-void function [-Wreturn-type]
    See 'd:/Rcompile/CRANpkg/local/3.1/vcf2geno.Rcheck/00install.out' for details.
Flavor: r-release-windows-ix86+x86_64