CRAN Package Check Results for Package vcfR

Last updated on 2020-09-19 07:52:29 CEST.

Flavor Version Tinstall Tcheck Ttotal Status Flags
r-devel-linux-x86_64-debian-clang 1.12.0 160.31 217.65 377.96 OK
r-devel-linux-x86_64-debian-gcc 1.12.0 112.09 173.57 285.66 OK
r-devel-linux-x86_64-fedora-clang 1.12.0 515.51 NOTE
r-devel-linux-x86_64-fedora-gcc 1.12.0 489.57 OK
r-devel-windows-ix86+x86_64 1.12.0 349.00 352.00 701.00 OK
r-patched-linux-x86_64 1.12.0 122.61 217.73 340.34 OK
r-patched-solaris-x86 1.12.0 518.30 OK
r-release-linux-x86_64 1.12.0 125.25 219.33 344.58 OK
r-release-macos-x86_64 1.12.0 NOTE
r-release-windows-ix86+x86_64 1.12.0 346.00 437.00 783.00 OK
r-oldrel-macos-x86_64 1.12.0 NOTE
r-oldrel-windows-ix86+x86_64 1.12.0 240.00 432.00 672.00 OK

Check Details

Version: 1.12.0
Check: installed package size
Result: NOTE
     installed size is 9.2Mb
     sub-directories of 1Mb or more:
     libs 7.3Mb
Flavors: r-devel-linux-x86_64-fedora-clang, r-release-macos-x86_64, r-oldrel-macos-x86_64