CRAN Package Check Results for Package vctrs

Last updated on 2020-05-29 04:47:13 CEST.

Flavor Version Tinstall Tcheck Ttotal Status Flags
r-devel-linux-x86_64-debian-clang 0.3.0 25.17 122.60 147.77 ERROR
r-devel-linux-x86_64-debian-gcc 0.3.0 17.85 89.45 107.30 ERROR
r-devel-linux-x86_64-fedora-clang 0.3.0 185.32 ERROR
r-devel-linux-x86_64-fedora-gcc 0.3.0 171.99 ERROR
r-devel-windows-ix86+x86_64 0.3.0 88.00 218.00 306.00 ERROR
r-patched-linux-x86_64 0.3.0 20.79 121.31 142.10 OK
r-patched-solaris-x86 0.3.0 223.10 OK
r-release-linux-x86_64 0.3.0 20.34 122.60 142.94 OK
r-release-osx-x86_64 0.3.0 OK
r-release-windows-ix86+x86_64 0.3.0 70.00 267.00 337.00 OK
r-oldrel-osx-x86_64 0.3.0 OK
r-oldrel-windows-ix86+x86_64 0.3.0 100.00 187.00 287.00 OK

Additional issues

LTO

Check Details

Version: 0.3.0
Check: tests
Result: ERROR
     Running 'testthat.R' [54s/58s]
    Running the tests in 'tests/testthat.R' failed.
    Complete output:
     > library(testthat)
     > library(vctrs)
     >
     > if (requireNamespace("xml2")) {
     + test_check("vctrs", reporter = MultiReporter$new(reporters = list(JunitReporter$new(file = "test-results.xml"), CheckReporter$new())))
     + } else {
     + test_check("vctrs")
     + }
     Loading required namespace: xml2
     -- 1. Failure: `vec_c()` throws the right error with subclassed factors (#1015)
     vec_c(a, a) not identical to subclass(factor(c("a", "a"))).
     Attributes: < Component "class": Lengths (1, 3) differ (string compare on first 1) >
     Attributes: < Component "class": 1 string mismatch >
    
     -- 2. Failure: `vec_c()` throws the right error with subclassed factors (#1015)
     `vec_c(a, b)` did not throw an error.
    
     == testthat results ===========================================================
     [ OK: 3615 | SKIPPED: 27 | WARNINGS: 0 | FAILED: 2 ]
     1. Failure: `vec_c()` throws the right error with subclassed factors (#1015) (@test-type-factor.R#30)
     2. Failure: `vec_c()` throws the right error with subclassed factors (#1015) (@test-type-factor.R#31)
    
     Error: testthat unit tests failed
     Execution halted
Flavor: r-devel-linux-x86_64-debian-clang

Version: 0.3.0
Check: tests
Result: ERROR
     Running ‘testthat.R’ [37s/51s]
    Running the tests in ‘tests/testthat.R’ failed.
    Complete output:
     > library(testthat)
     > library(vctrs)
     >
     > if (requireNamespace("xml2")) {
     + test_check("vctrs", reporter = MultiReporter$new(reporters = list(JunitReporter$new(file = "test-results.xml"), CheckReporter$new())))
     + } else {
     + test_check("vctrs")
     + }
     Loading required namespace: xml2
     ── 1. Failure: `vec_c()` throws the right error with subclassed factors (#1015)
     vec_c(a, a) not identical to subclass(factor(c("a", "a"))).
     Attributes: < Component "class": Lengths (1, 3) differ (string compare on first 1) >
     Attributes: < Component "class": 1 string mismatch >
    
     ── 2. Failure: `vec_c()` throws the right error with subclassed factors (#1015)
     `vec_c(a, b)` did not throw an error.
    
     ══ testthat results ═══════════════════════════════════════════════════════════
     [ OK: 3615 | SKIPPED: 27 | WARNINGS: 0 | FAILED: 2 ]
     1. Failure: `vec_c()` throws the right error with subclassed factors (#1015) (@test-type-factor.R#30)
     2. Failure: `vec_c()` throws the right error with subclassed factors (#1015) (@test-type-factor.R#31)
    
     Error: testthat unit tests failed
     In addition: Warning message:
     In extract_lang(f = comp_lang, y = quote(if (.isMethodsDispatchOn() && :
     devtools is incompatible with the current version of R. `load_all()` may function incorrectly.
     Execution halted
Flavor: r-devel-linux-x86_64-debian-gcc

Version: 0.3.0
Check: tests
Result: ERROR
     Running ‘testthat.R’ [58s/86s]
    Running the tests in ‘tests/testthat.R’ failed.
    Complete output:
     > library(testthat)
     > library(vctrs)
     >
     > if (requireNamespace("xml2")) {
     + test_check("vctrs", reporter = MultiReporter$new(reporters = list(JunitReporter$new(file = "test-results.xml"), CheckReporter$new())))
     + } else {
     + test_check("vctrs")
     + }
     Loading required namespace: xml2
     ── 1. Failure: `vec_c()` throws the right error with subclassed factors (#1015)
     vec_c(a, a) not identical to subclass(factor(c("a", "a"))).
     Attributes: < Component "class": Lengths (1, 3) differ (string compare on first 1) >
     Attributes: < Component "class": 1 string mismatch >
    
     ── 2. Failure: `vec_c()` throws the right error with subclassed factors (#1015)
     `vec_c(a, b)` did not throw an error.
    
     ══ testthat results ═══════════════════════════════════════════════════════════
     [ OK: 3615 | SKIPPED: 27 | WARNINGS: 0 | FAILED: 2 ]
     1. Failure: `vec_c()` throws the right error with subclassed factors (#1015) (@test-type-factor.R#30)
     2. Failure: `vec_c()` throws the right error with subclassed factors (#1015) (@test-type-factor.R#31)
    
     Error: testthat unit tests failed
     Execution halted
Flavor: r-devel-linux-x86_64-fedora-clang

Version: 0.3.0
Check: tests
Result: ERROR
     Running ‘testthat.R’ [62s/70s]
    Running the tests in ‘tests/testthat.R’ failed.
    Complete output:
     > library(testthat)
     > library(vctrs)
     >
     > if (requireNamespace("xml2")) {
     + test_check("vctrs", reporter = MultiReporter$new(reporters = list(JunitReporter$new(file = "test-results.xml"), CheckReporter$new())))
     + } else {
     + test_check("vctrs")
     + }
     Loading required namespace: xml2
     ── 1. Failure: `vec_c()` throws the right error with subclassed factors (#1015)
     vec_c(a, a) not identical to subclass(factor(c("a", "a"))).
     Attributes: < Component "class": Lengths (1, 3) differ (string compare on first 1) >
     Attributes: < Component "class": 1 string mismatch >
    
     ── 2. Failure: `vec_c()` throws the right error with subclassed factors (#1015)
     `vec_c(a, b)` did not throw an error.
    
     ══ testthat results ═══════════════════════════════════════════════════════════
     [ OK: 3643 | SKIPPED: 24 | WARNINGS: 0 | FAILED: 2 ]
     1. Failure: `vec_c()` throws the right error with subclassed factors (#1015) (@test-type-factor.R#30)
     2. Failure: `vec_c()` throws the right error with subclassed factors (#1015) (@test-type-factor.R#31)
    
     Error: testthat unit tests failed
     Execution halted
Flavor: r-devel-linux-x86_64-fedora-gcc

Version: 0.3.0
Check: running tests for arch ‘i386’
Result: ERROR
     Running 'testthat.R' [43s]
    Running the tests in 'tests/testthat.R' failed.
    Complete output:
     > library(testthat)
     > library(vctrs)
     >
     > if (requireNamespace("xml2")) {
     + test_check("vctrs", reporter = MultiReporter$new(reporters = list(JunitReporter$new(file = "test-results.xml"), CheckReporter$new())))
     + } else {
     + test_check("vctrs")
     + }
     Loading required namespace: xml2
     -- 1. Failure: `vec_c()` throws the right error with subclassed factors (#1015)
     vec_c(a, a) not identical to subclass(factor(c("a", "a"))).
     Attributes: < Component "class": Lengths (1, 3) differ (string compare on first 1) >
     Attributes: < Component "class": 1 string mismatch >
    
     -- 2. Failure: `vec_c()` throws the right error with subclassed factors (#1015)
     `vec_c(a, b)` did not throw an error.
    
     == testthat results ===========================================================
     [ OK: 3615 | SKIPPED: 27 | WARNINGS: 0 | FAILED: 2 ]
     1. Failure: `vec_c()` throws the right error with subclassed factors (#1015) (@test-type-factor.R#30)
     2. Failure: `vec_c()` throws the right error with subclassed factors (#1015) (@test-type-factor.R#31)
    
     Error: testthat unit tests failed
     In addition: Warning message:
     In extract_lang(f = comp_lang, y = quote(if (.isMethodsDispatchOn() && :
     devtools is incompatible with the current version of R. `load_all()` may function incorrectly.
     Execution halted
Flavor: r-devel-windows-ix86+x86_64

Version: 0.3.0
Check: running tests for arch ‘x64’
Result: ERROR
     Running 'testthat.R' [37s]
    Running the tests in 'tests/testthat.R' failed.
    Complete output:
     > library(testthat)
     > library(vctrs)
     >
     > if (requireNamespace("xml2")) {
     + test_check("vctrs", reporter = MultiReporter$new(reporters = list(JunitReporter$new(file = "test-results.xml"), CheckReporter$new())))
     + } else {
     + test_check("vctrs")
     + }
     Loading required namespace: xml2
     -- 1. Failure: `vec_c()` throws the right error with subclassed factors (#1015)
     vec_c(a, a) not identical to subclass(factor(c("a", "a"))).
     Attributes: < Component "class": Lengths (1, 3) differ (string compare on first 1) >
     Attributes: < Component "class": 1 string mismatch >
    
     -- 2. Failure: `vec_c()` throws the right error with subclassed factors (#1015)
     `vec_c(a, b)` did not throw an error.
    
     == testthat results ===========================================================
     [ OK: 3615 | SKIPPED: 27 | WARNINGS: 0 | FAILED: 2 ]
     1. Failure: `vec_c()` throws the right error with subclassed factors (#1015) (@test-type-factor.R#30)
     2. Failure: `vec_c()` throws the right error with subclassed factors (#1015) (@test-type-factor.R#31)
    
     Error: testthat unit tests failed
     In addition: Warning message:
     In extract_lang(f = comp_lang, y = quote(if (.isMethodsDispatchOn() && :
     devtools is incompatible with the current version of R. `load_all()` may function incorrectly.
     Execution halted
Flavor: r-devel-windows-ix86+x86_64