CRAN Package Check Results for Package vec2dtransf

Last updated on 2015-08-02 23:48:27.

Flavor Version Tinstall Tcheck Ttotal Status Flags
r-devel-linux-x86_64-debian-clang 1.1 1.05 14.61 15.66 NOTE
r-devel-linux-x86_64-debian-gcc 1.1 1.35 15.06 16.41 NOTE
r-devel-linux-x86_64-fedora-clang 1.1 30.16 NOTE
r-devel-linux-x86_64-fedora-gcc 1.1 29.62 NOTE
r-devel-osx-x86_64-clang 1.1 28.52 OK
r-devel-windows-ix86+x86_64 1.1 4.00 28.00 32.00 NOTE
r-patched-linux-x86_64 1.1 1.05 14.40 15.46 OK
r-patched-solaris-sparc 1.1 207.30 OK
r-patched-solaris-x86 1.1 44.60 OK
r-release-linux-x86_64 1.1 1.00 14.37 15.37 OK
r-release-osx-x86_64-mavericks 1.1 OK
r-release-windows-ix86+x86_64 1.1 6.00 40.00 46.00 OK
r-oldrel-windows-ix86+x86_64 1.1 6.00 29.00 35.00 OK

Check Details

Version: 1.1
Check: R code for possible problems
Result: NOTE
    calculateParameters,AffineTransformation: no visible global function
     definition for ‘lm’
    calculateParameters,AffineTransformation: no visible global function
     definition for ‘coef’
    calculateParameters,SimilarityTransformation: no visible global
     function definition for ‘lm’
    calculateParameters,SimilarityTransformation: no visible global
     function definition for ‘coef’
    plotGridTransformation,Cartesian2DCoordinateTransformation: no visible
     global function definition for ‘points’
    plotGridTransformation,Cartesian2DCoordinateTransformation: no visible
     global function definition for ‘legend’
    Undefined global functions or variables:
     coef legend lm points
    Consider adding
     importFrom("graphics", "legend", "points")
     importFrom("stats", "coef", "lm")
    to your NAMESPACE.
Flavors: r-devel-linux-x86_64-debian-clang, r-devel-linux-x86_64-debian-gcc, r-devel-linux-x86_64-fedora-clang, r-devel-linux-x86_64-fedora-gcc, r-devel-windows-ix86+x86_64