CRAN Package Check Results for Package vec2dtransf

Last updated on 2014-08-20 15:50:30.

Flavor Version Tinstall Tcheck Ttotal Status Flags
r-release-linux-ix86 1.0 1.56 22.70 24.26 NOTE

Check Details

Version: 1.0
Check: dependencies in R code
Result: NOTE
    Package in Depends field not imported from: ‘methods’
     These packages need to be imported from (in the NAMESPACE file)
     for when this namespace is loaded but not attached.
    See the information on DESCRIPTION files in the chapter ‘Creating R
    packages’ of the ‘Writing R Extensions’ manual.
Flavor: r-release-linux-ix86