CRAN Package Check Results for Package vec2dtransf

Last updated on 2016-06-24 23:47:50.

Flavor Version Tinstall Tcheck Ttotal Status Flags
r-devel-linux-x86_64-debian-gcc 1.1 1.06 16.83 17.89 NOTE
r-devel-linux-x86_64-fedora-clang 1.1 27.31 NOTE
r-devel-linux-x86_64-fedora-gcc 1.1 25.65 NOTE
r-devel-osx-x86_64-clang 1.1 23.98 NOTE
r-devel-windows-ix86+x86_64 1.1 5.00 53.00 58.00 NOTE
r-patched-linux-x86_64 1.1 1.07 15.19 16.26 NOTE
r-patched-solaris-x86 1.1 40.70 NOTE
r-release-linux-x86_64 1.1 1.16 15.47 16.63 NOTE
r-release-osx-x86_64-mavericks 1.1 NOTE
r-release-windows-ix86+x86_64 1.1 6.00 37.00 43.00 NOTE
r-oldrel-windows-ix86+x86_64 1.1 6.00 42.00 48.00 OK

Check Details

Version: 1.1
Check: R code for possible problems
Result: NOTE
    calculateParameters,AffineTransformation: no visible global function
     definition for ‘lm’
    calculateParameters,AffineTransformation: no visible global function
     definition for ‘coef’
    calculateParameters,SimilarityTransformation: no visible global
     function definition for ‘lm’
    calculateParameters,SimilarityTransformation: no visible global
     function definition for ‘coef’
    plotGridTransformation,Cartesian2DCoordinateTransformation: no visible
     global function definition for ‘points’
    plotGridTransformation,Cartesian2DCoordinateTransformation: no visible
     global function definition for ‘legend’
    Undefined global functions or variables:
     coef legend lm points
    Consider adding
     importFrom("graphics", "legend", "points")
     importFrom("stats", "coef", "lm")
    to your NAMESPACE file.
Flavors: r-devel-linux-x86_64-debian-gcc, r-devel-linux-x86_64-fedora-clang, r-devel-linux-x86_64-fedora-gcc, r-devel-osx-x86_64-clang, r-devel-windows-ix86+x86_64, r-patched-linux-x86_64, r-patched-solaris-sparc, r-patched-solaris-x86, r-release-linux-x86_64, r-release-osx-x86_64-mavericks, r-release-windows-ix86+x86_64