CRAN Package Check Results for Package vec2dtransf

Last updated on 2015-09-04 05:47:12.

Flavor Version Tinstall Tcheck Ttotal Status Flags
r-devel-linux-x86_64-debian-clang 1.1 1.01 13.88 14.89 NOTE
r-devel-linux-x86_64-debian-gcc 1.1 0.98 13.80 14.77 NOTE
r-devel-linux-x86_64-fedora-clang 1.1 29.54 NOTE
r-devel-linux-x86_64-fedora-gcc 1.1 28.01 NOTE
r-devel-osx-x86_64-clang 1.1 25.59 OK
r-devel-windows-ix86+x86_64 1.1 4.00 24.00 28.00 NOTE
r-patched-linux-x86_64 1.1 1.04 15.36 16.40 OK
r-patched-solaris-sparc 1.1 207.30 OK
r-patched-solaris-x86 1.1 44.60 OK
r-release-linux-x86_64 1.1 1.14 14.69 15.83 OK
r-release-osx-x86_64-mavericks 1.1 OK
r-release-windows-ix86+x86_64 1.1 5.00 28.00 33.00 OK
r-oldrel-windows-ix86+x86_64 1.1 6.00 32.00 38.00 OK

Check Details

Version: 1.1
Check: R code for possible problems
Result: NOTE
    calculateParameters,AffineTransformation: no visible global function
     definition for ‘lm’
    calculateParameters,AffineTransformation: no visible global function
     definition for ‘coef’
    calculateParameters,SimilarityTransformation: no visible global
     function definition for ‘lm’
    calculateParameters,SimilarityTransformation: no visible global
     function definition for ‘coef’
    plotGridTransformation,Cartesian2DCoordinateTransformation: no visible
     global function definition for ‘points’
    plotGridTransformation,Cartesian2DCoordinateTransformation: no visible
     global function definition for ‘legend’
    Undefined global functions or variables:
     coef legend lm points
    Consider adding
     importFrom("graphics", "legend", "points")
     importFrom("stats", "coef", "lm")
    to your NAMESPACE.
Flavors: r-devel-linux-x86_64-debian-clang, r-devel-linux-x86_64-debian-gcc, r-devel-linux-x86_64-fedora-clang, r-devel-linux-x86_64-fedora-gcc, r-devel-windows-ix86+x86_64