CRAN Package Check Results for Package vec2dtransf

Last updated on 2018-04-26 06:48:00 CEST.

Flavor Version Tinstall Tcheck Ttotal Status Flags
r-devel-linux-x86_64-debian-clang 1.1 2.10 24.51 26.61 NOTE
r-devel-linux-x86_64-debian-gcc 1.1 2.18 20.87 23.05 NOTE
r-devel-linux-x86_64-fedora-clang 1.1 34.63 NOTE
r-devel-linux-x86_64-fedora-gcc 1.1 32.72 NOTE
r-devel-windows-ix86+x86_64 1.1 7.00 40.00 47.00 NOTE
r-patched-linux-x86_64 1.1 2.58 25.29 27.87 NOTE
r-patched-solaris-x86 1.1 57.60 NOTE
r-release-linux-x86_64 1.1 2.21 25.39 27.60 NOTE
r-release-windows-ix86+x86_64 1.1 7.00 40.00 47.00 NOTE
r-release-osx-x86_64 1.1 NOTE
r-oldrel-windows-ix86+x86_64 1.1 4.00 50.00 54.00 NOTE
r-oldrel-osx-x86_64 1.1 NOTE

Check Details

Version: 1.1
Check: R code for possible problems
Result: NOTE
    calculateParameters,AffineTransformation: no visible global function
     definition for ‘lm’
    calculateParameters,AffineTransformation: no visible global function
     definition for ‘coef’
    calculateParameters,SimilarityTransformation: no visible global
     function definition for ‘lm’
    calculateParameters,SimilarityTransformation: no visible global
     function definition for ‘coef’
    plotGridTransformation,Cartesian2DCoordinateTransformation: no visible
     global function definition for ‘points’
    plotGridTransformation,Cartesian2DCoordinateTransformation: no visible
     global function definition for ‘legend’
    Undefined global functions or variables:
     coef legend lm points
    Consider adding
     importFrom("graphics", "legend", "points")
     importFrom("stats", "coef", "lm")
    to your NAMESPACE file.
Flavors: r-devel-linux-x86_64-debian-clang, r-devel-linux-x86_64-debian-gcc, r-devel-linux-x86_64-fedora-clang, r-devel-linux-x86_64-fedora-gcc, r-devel-windows-ix86+x86_64, r-patched-linux-x86_64, r-patched-solaris-x86, r-release-linux-x86_64, r-release-windows-ix86+x86_64, r-release-osx-x86_64, r-oldrel-windows-ix86+x86_64, r-oldrel-osx-x86_64