CRAN Package Check Results for Package vec2dtransf

Last updated on 2018-02-22 10:47:49 CET.

Flavor Version Tinstall Tcheck Ttotal Status Flags
r-devel-linux-x86_64-debian-clang 1.1 2.61 22.50 25.11 NOTE
r-devel-linux-x86_64-debian-gcc 1.1 1.86 20.62 22.48 NOTE
r-devel-linux-x86_64-fedora-clang 1.1 34.93 NOTE
r-devel-linux-x86_64-fedora-gcc 1.1 31.82 NOTE
r-devel-windows-ix86+x86_64 1.1 8.00 38.00 46.00 NOTE
r-patched-linux-x86_64 1.1 1.72 26.81 28.53 NOTE
r-patched-solaris-x86 1.1 46.50 NOTE
r-release-linux-x86_64 1.1 1.70 26.82 28.52 NOTE
r-release-windows-ix86+x86_64 1.1 6.00 49.00 55.00 NOTE
r-release-osx-x86_64 1.1 NOTE
r-oldrel-windows-ix86+x86_64 1.1 3.00 48.00 51.00 NOTE
r-oldrel-osx-x86_64 1.1 NOTE

Check Details

Version: 1.1
Check: R code for possible problems
Result: NOTE
    calculateParameters,AffineTransformation: no visible global function
     definition for ‘lm’
    calculateParameters,AffineTransformation: no visible global function
     definition for ‘coef’
    calculateParameters,SimilarityTransformation: no visible global
     function definition for ‘lm’
    calculateParameters,SimilarityTransformation: no visible global
     function definition for ‘coef’
    plotGridTransformation,Cartesian2DCoordinateTransformation: no visible
     global function definition for ‘points’
    plotGridTransformation,Cartesian2DCoordinateTransformation: no visible
     global function definition for ‘legend’
    Undefined global functions or variables:
     coef legend lm points
    Consider adding
     importFrom("graphics", "legend", "points")
     importFrom("stats", "coef", "lm")
    to your NAMESPACE file.
Flavors: r-devel-linux-x86_64-debian-clang, r-devel-linux-x86_64-debian-gcc, r-devel-linux-x86_64-fedora-clang, r-devel-linux-x86_64-fedora-gcc, r-devel-windows-ix86+x86_64, r-patched-linux-x86_64, r-patched-solaris-x86, r-release-linux-x86_64, r-release-windows-ix86+x86_64, r-release-osx-x86_64, r-oldrel-windows-ix86+x86_64, r-oldrel-osx-x86_64