CRAN Package Check Results for Package vec2dtransf

Last updated on 2016-09-26 23:48:31.

Flavor Version Tinstall Tcheck Ttotal Status Flags
r-devel-linux-x86_64-debian-clang 1.1 0.98 14.52 15.50 NOTE
r-devel-linux-x86_64-debian-gcc 1.1 1.04 14.44 15.47 NOTE
r-devel-linux-x86_64-fedora-clang 1.1 18.60 NOTE
r-devel-linux-x86_64-fedora-gcc 1.1 26.92 NOTE
r-devel-macos-x86_64-clang 1.1 23.73 NOTE
r-devel-windows-ix86+x86_64 1.1 5.00 43.00 48.00 NOTE
r-patched-linux-x86_64 1.1 1.00 14.34 15.35 NOTE
r-patched-solaris-sparc 1.1 174.10 NOTE
r-patched-solaris-x86 1.1 38.70 NOTE
r-release-linux-x86_64 1.1 1.04 14.72 15.75 NOTE
r-release-osx-x86_64-mavericks 1.1 NOTE
r-release-windows-ix86+x86_64 1.1 6.00 41.00 47.00 NOTE
r-oldrel-windows-ix86+x86_64 1.1 7.00 41.00 48.00 OK

Check Details

Version: 1.1
Check: R code for possible problems
Result: NOTE
    calculateParameters,AffineTransformation: no visible global function
     definition for ‘lm’
    calculateParameters,AffineTransformation: no visible global function
     definition for ‘coef’
    calculateParameters,SimilarityTransformation: no visible global
     function definition for ‘lm’
    calculateParameters,SimilarityTransformation: no visible global
     function definition for ‘coef’
    plotGridTransformation,Cartesian2DCoordinateTransformation: no visible
     global function definition for ‘points’
    plotGridTransformation,Cartesian2DCoordinateTransformation: no visible
     global function definition for ‘legend’
    Undefined global functions or variables:
     coef legend lm points
    Consider adding
     importFrom("graphics", "legend", "points")
     importFrom("stats", "coef", "lm")
    to your NAMESPACE file.
Flavors: r-devel-linux-x86_64-debian-clang, r-devel-linux-x86_64-debian-gcc, r-devel-linux-x86_64-fedora-clang, r-devel-linux-x86_64-fedora-gcc, r-devel-macos-x86_64-clang, r-devel-windows-ix86+x86_64, r-patched-linux-x86_64, r-patched-solaris-sparc, r-patched-solaris-x86, r-release-linux-x86_64, r-release-osx-x86_64-mavericks, r-release-windows-ix86+x86_64