CRAN Package Check Results for Package vec2dtransf

Last updated on 2018-06-22 18:47:05 CEST.

Flavor Version Tinstall Tcheck Ttotal Status Flags
r-devel-linux-x86_64-debian-clang 1.1 2.38 28.26 30.64 NOTE
r-devel-linux-x86_64-debian-gcc 1.1 2.09 22.60 24.69 NOTE
r-devel-linux-x86_64-fedora-clang 1.1 36.36 NOTE
r-devel-linux-x86_64-fedora-gcc 1.1 33.92 NOTE
r-devel-windows-ix86+x86_64 1.1 7.00 59.00 66.00 NOTE
r-patched-linux-x86_64 1.1 2.39 25.63 28.02 NOTE
r-patched-solaris-x86 1.1 60.50 NOTE
r-release-linux-x86_64 1.1 2.60 25.82 28.42 NOTE
r-release-windows-ix86+x86_64 1.1 5.00 51.00 56.00 NOTE
r-release-osx-x86_64 1.1 NOTE
r-oldrel-windows-ix86+x86_64 1.1 6.00 38.00 44.00 NOTE
r-oldrel-osx-x86_64 1.1 NOTE

Check Details

Version: 1.1
Check: R code for possible problems
Result: NOTE
    calculateParameters,AffineTransformation: no visible global function
     definition for ‘lm’
    calculateParameters,AffineTransformation: no visible global function
     definition for ‘coef’
    calculateParameters,SimilarityTransformation: no visible global
     function definition for ‘lm’
    calculateParameters,SimilarityTransformation: no visible global
     function definition for ‘coef’
    plotGridTransformation,Cartesian2DCoordinateTransformation: no visible
     global function definition for ‘points’
    plotGridTransformation,Cartesian2DCoordinateTransformation: no visible
     global function definition for ‘legend’
    Undefined global functions or variables:
     coef legend lm points
    Consider adding
     importFrom("graphics", "legend", "points")
     importFrom("stats", "coef", "lm")
    to your NAMESPACE file.
Flavors: r-devel-linux-x86_64-debian-clang, r-devel-linux-x86_64-debian-gcc, r-devel-linux-x86_64-fedora-clang, r-devel-linux-x86_64-fedora-gcc, r-devel-windows-ix86+x86_64, r-patched-linux-x86_64, r-patched-solaris-x86, r-release-linux-x86_64, r-release-windows-ix86+x86_64, r-release-osx-x86_64, r-oldrel-windows-ix86+x86_64, r-oldrel-osx-x86_64