CRAN Package Check Results for Package vec2dtransf

Last updated on 2017-11-23 11:53:02 CET.

Flavor Version Tinstall Tcheck Ttotal Status Flags
r-devel-linux-x86_64-debian-clang 1.1 1.15 24.99 26.14 NOTE
r-devel-linux-x86_64-debian-gcc 1.1 1.14 41.48 42.62 NOTE
r-devel-linux-x86_64-fedora-clang 1.1 28.17 NOTE
r-devel-linux-x86_64-fedora-gcc 1.1 27.41 NOTE
r-devel-windows-ix86+x86_64 1.1 4.00 35.00 39.00 NOTE
r-patched-linux-x86_64 1.1 1.66 44.67 46.32 NOTE
r-patched-solaris-x86 1.1 47.80 NOTE
r-release-linux-x86_64 1.1 1.30 18.79 20.09 NOTE
r-release-windows-ix86+x86_64 1.1 4.00 60.00 64.00 NOTE
r-release-osx-x86_64 1.1 NOTE
r-oldrel-windows-ix86+x86_64 1.1 4.00 48.00 52.00 NOTE
r-oldrel-osx-x86_64 1.1 NOTE

Check Details

Version: 1.1
Check: R code for possible problems
Result: NOTE
    calculateParameters,AffineTransformation: no visible global function
     definition for ‘lm’
    calculateParameters,AffineTransformation: no visible global function
     definition for ‘coef’
    calculateParameters,SimilarityTransformation: no visible global
     function definition for ‘lm’
    calculateParameters,SimilarityTransformation: no visible global
     function definition for ‘coef’
    plotGridTransformation,Cartesian2DCoordinateTransformation: no visible
     global function definition for ‘points’
    plotGridTransformation,Cartesian2DCoordinateTransformation: no visible
     global function definition for ‘legend’
    Undefined global functions or variables:
     coef legend lm points
    Consider adding
     importFrom("graphics", "legend", "points")
     importFrom("stats", "coef", "lm")
    to your NAMESPACE file.
Flavors: r-devel-linux-x86_64-debian-clang, r-devel-linux-x86_64-debian-gcc, r-devel-linux-x86_64-fedora-clang, r-devel-linux-x86_64-fedora-gcc, r-devel-windows-ix86+x86_64, r-patched-linux-x86_64, r-patched-solaris-x86, r-release-linux-x86_64, r-release-windows-ix86+x86_64, r-release-osx-x86_64, r-oldrel-windows-ix86+x86_64, r-oldrel-osx-x86_64