CRAN Package Check Results for Package vec2dtransf

Last updated on 2014-04-21 09:48:11.

Flavor Version Tinstall Tcheck Ttotal Status Flags
r-devel-linux-x86_64-debian-clang 1.0 1.30 16.74 18.04 NOTE
r-devel-linux-x86_64-debian-gcc 1.0 1.23 16.46 17.68 NOTE
r-devel-linux-x86_64-fedora-clang 1.0 36.31 NOTE
r-devel-linux-x86_64-fedora-gcc 1.0 34.68 NOTE
r-devel-macosx-x86_64-clang 1.0 36.80 NOTE
r-devel-macosx-x86_64-gcc 1.0 NOTE
r-devel-windows-ix86+x86_64 1.0 4.00 27.00 31.00 NOTE
r-patched-linux-x86_64 1.0 1.27 16.51 17.78 NOTE
r-patched-solaris-sparc 1.0 204.70 NOTE
r-patched-solaris-x86 1.0 52.00 NOTE
r-release-linux-ix86 NOTE
r-release-linux-x86_64 1.0 1.32 16.33 17.65 NOTE
r-release-macosx-x86_64 1.0 NOTE
r-release-windows-ix86+x86_64 1.0 6.00 26.00 32.00 NOTE
r-oldrel-windows-ix86+x86_64 1.0 4.00 26.00 30.00 NOTE

Check Details

Version: 1.0
Check: dependencies in R code
Result: NOTE
    Package in Depends field not imported from: ‘methods’
     These packages need to be imported from (in the NAMESPACE file)
     for when this namespace is loaded but not attached.
    See the information on DESCRIPTION files in the chapter ‘Creating R
    packages’ of the ‘Writing R Extensions’ manual.
Flavors: r-devel-linux-x86_64-debian-clang, r-devel-linux-x86_64-debian-gcc, r-devel-linux-x86_64-fedora-clang, r-devel-linux-x86_64-fedora-gcc, r-devel-macosx-x86_64-clang, r-devel-macosx-x86_64-gcc, r-devel-windows-ix86+x86_64, r-patched-linux-x86_64, r-patched-solaris-sparc, r-patched-solaris-x86, r-release-linux-ix86, r-release-linux-x86_64, r-release-windows-ix86+x86_64, r-oldrel-windows-ix86+x86_64

Version: 1.0
Check: dependencies in R code
Result: NOTE
    Package in Depends field not imported from: 'methods'
     These packages need to be imported from for the case when
     this namespace is loaded but not attached.
    See the information on DESCRIPTION files in the chapter 'Creating R
    packages' of the 'Writing R Extensions' manual.
Flavor: r-release-macosx-x86_64