CRAN Package Check Results for Package vec2dtransf

Last updated on 2017-09-24 00:51:40.

Flavor Version Tinstall Tcheck Ttotal Status Flags
r-devel-linux-x86_64-debian-clang 1.1 1.32 18.79 20.10 NOTE
r-devel-linux-x86_64-debian-gcc 1.1 1.24 18.12 19.36 NOTE
r-devel-linux-x86_64-fedora-clang 1.1 36.11 NOTE
r-devel-linux-x86_64-fedora-gcc 1.1 32.18 NOTE
r-devel-windows-ix86+x86_64 1.1 3.00 35.00 38.00 NOTE
r-patched-linux-x86_64 1.1 1.24 18.27 19.51 NOTE
r-patched-solaris-x86 1.1 47.30 NOTE
r-release-linux-x86_64 1.1 1.18 18.44 19.62 NOTE
r-release-windows-ix86+x86_64 1.1 4.00 35.00 39.00 NOTE
r-release-osx-x86_64 1.1 NOTE
r-oldrel-windows-ix86+x86_64 1.1 3.00 34.00 37.00 NOTE
r-oldrel-osx-x86_64 1.1 NOTE

Check Details

Version: 1.1
Check: R code for possible problems
Result: NOTE
    calculateParameters,AffineTransformation: no visible global function
     definition for ‘lm’
    calculateParameters,AffineTransformation: no visible global function
     definition for ‘coef’
    calculateParameters,SimilarityTransformation: no visible global
     function definition for ‘lm’
    calculateParameters,SimilarityTransformation: no visible global
     function definition for ‘coef’
    plotGridTransformation,Cartesian2DCoordinateTransformation: no visible
     global function definition for ‘points’
    plotGridTransformation,Cartesian2DCoordinateTransformation: no visible
     global function definition for ‘legend’
    Undefined global functions or variables:
     coef legend lm points
    Consider adding
     importFrom("graphics", "legend", "points")
     importFrom("stats", "coef", "lm")
    to your NAMESPACE file.
Flavors: r-devel-linux-x86_64-debian-clang, r-devel-linux-x86_64-debian-gcc, r-devel-linux-x86_64-fedora-clang, r-devel-linux-x86_64-fedora-gcc, r-devel-windows-ix86+x86_64, r-patched-linux-x86_64, r-patched-solaris-x86, r-release-linux-x86_64, r-release-windows-ix86+x86_64, r-release-osx-x86_64, r-oldrel-windows-ix86+x86_64, r-oldrel-osx-x86_64