CRAN Package Check Results for Package veccompare

Last updated on 2021-11-29 02:48:46 CET.

Flavor Version Tinstall Tcheck Ttotal Status Flags
r-devel-linux-x86_64-debian-clang 0.1.0 OK
r-devel-linux-x86_64-debian-gcc 0.1.0 2.26 26.14 28.40 OK
r-devel-linux-x86_64-fedora-clang 0.1.0 55.63 NOTE
r-devel-linux-x86_64-fedora-gcc 0.1.0 42.41 NOTE
r-devel-windows-x86_64-new-UL 0.1.0 10.00 71.00 81.00 OK
r-devel-windows-x86_64-new-TK 0.1.0 NOTE
r-devel-windows-x86_64-old 0.1.0 5.00 57.00 62.00 OK
r-patched-linux-x86_64 0.1.0 3.18 31.12 34.30 OK
r-patched-solaris-x86 0.1.0 64.20 NOTE
r-release-linux-x86_64 0.1.0 2.54 30.84 33.38 OK
r-release-macos-arm64 0.1.0 NOTE
r-release-macos-x86_64 0.1.0 NOTE
r-release-windows-ix86+x86_64 0.1.0 8.00 41.00 49.00 OK
r-oldrel-macos-x86_64 0.1.0 NOTE
r-oldrel-windows-ix86+x86_64 0.1.0 15.00 48.00 63.00 OK

Check Details

Version: 0.1.0
Check: dependencies in R code
Result: NOTE
    Namespace in Imports field not imported from: ‘pander’
     All declared Imports should be used.
Flavors: r-devel-linux-x86_64-fedora-clang, r-devel-linux-x86_64-fedora-gcc, r-devel-windows-x86_64-new-TK, r-patched-solaris-x86, r-release-macos-arm64, r-release-macos-x86_64, r-oldrel-macos-x86_64