CRAN Package Check Results for Package vectoptim

Last updated on 2015-07-04 21:46:57.

Flavor Version Tinstall Tcheck Ttotal Status Flags
r-devel-linux-x86_64-debian-clang 0.2 0.64 14.04 14.68 WARN
r-devel-linux-x86_64-debian-gcc 0.2 0.83 14.06 14.88 WARN
r-devel-linux-x86_64-fedora-clang 0.2 28.12 WARN
r-devel-linux-x86_64-fedora-gcc 0.2 26.52 WARN
r-devel-osx-x86_64-clang 0.2 26.26 WARN
r-devel-windows-ix86+x86_64 0.2 5.00 24.00 29.00 WARN
r-patched-linux-x86_64 0.2 0.65 14.41 15.06 WARN
r-patched-solaris-sparc 0.2 189.80 WARN
r-patched-solaris-x86 0.2 39.40 WARN
r-release-linux-x86_64 0.2 0.68 14.52 15.20 WARN
r-release-osx-x86_64-mavericks 0.2 WARN
r-release-windows-ix86+x86_64 0.2 4.00 28.00 32.00 WARN
r-oldrel-windows-ix86+x86_64 0.2 3.00 32.00 35.00 WARN

Check Details

Version: 0.2
Check: DESCRIPTION meta-information
Result: NOTE
    Malformed Description field: should contain one or more complete sentences.
Flavors: r-devel-linux-x86_64-debian-clang, r-devel-linux-x86_64-debian-gcc, r-devel-linux-x86_64-fedora-clang, r-devel-linux-x86_64-fedora-gcc, r-devel-osx-x86_64-clang, r-devel-windows-ix86+x86_64, r-patched-linux-x86_64, r-patched-solaris-sparc, r-patched-solaris-x86, r-release-linux-x86_64, r-release-osx-x86_64-mavericks, r-release-windows-ix86+x86_64

Version: 0.2
Check: dependencies in R code
Result: WARN
    'library' or 'require' call not declared from: ‘parallel’
    'library' or 'require' call to ‘parallel’ in package code.
     Please use :: or requireNamespace() instead.
     See section 'Suggested packages' in the 'Writing R Extensions' manual.
    Packages in Depends field not imported from:
     ‘doParallel’ ‘foreach’
     These packages need to be imported from (in the NAMESPACE file)
     for when this namespace is loaded but not attached.
Flavors: r-devel-linux-x86_64-debian-clang, r-devel-linux-x86_64-debian-gcc, r-devel-linux-x86_64-fedora-clang, r-devel-linux-x86_64-fedora-gcc, r-devel-osx-x86_64-clang, r-devel-windows-ix86+x86_64, r-patched-linux-x86_64, r-patched-solaris-sparc, r-patched-solaris-x86, r-release-linux-x86_64, r-release-osx-x86_64-mavericks, r-release-windows-ix86+x86_64, r-oldrel-windows-ix86+x86_64

Version: 0.2
Check: R code for possible problems
Result: NOTE
    DEopt.vec: no visible global function definition for
     ‘registerDoParallel’
    DEopt.vec: no visible global function definition for ‘%dopar%’
    DEopt.vec: no visible global function definition for ‘foreach’
    DEopt.vec: no visible global function definition for ‘txtProgressBar’
    DEopt.vec: no visible global function definition for
     ‘setTxtProgressBar’
    DEopt.vec: no visible global function definition for ‘runif’
    DEopt.vec: no visible global function definition for ‘flush.console’
    DEopt.vec: no visible global function definition for ‘sd’
    GAopt.vec: no visible global function definition for
     ‘registerDoParallel’
    GAopt.vec : crossOver: no visible global function definition for
     ‘runif’
    GAopt.vec: no visible global function definition for ‘%dopar%’
    GAopt.vec: no visible global function definition for ‘foreach’
    GAopt.vec: no visible global function definition for ‘txtProgressBar’
    GAopt.vec: no visible global function definition for
     ‘setTxtProgressBar’
    GAopt.vec: no visible global function definition for ‘runif’
    GAopt.vec: no visible global function definition for ‘flush.console’
    GAopt.vec: no visible global function definition for ‘sd’
    PSopt.vec: no visible global function definition for
     ‘registerDoParallel’
    PSopt.vec: no visible global function definition for ‘%dopar%’
    PSopt.vec: no visible global function definition for ‘foreach’
    PSopt.vec: no visible global function definition for ‘txtProgressBar’
    PSopt.vec: no visible global function definition for
     ‘setTxtProgressBar’
    PSopt.vec: no visible global function definition for ‘runif’
    PSopt.vec: no visible global function definition for ‘flush.console’
    PSopt.vec: no visible global function definition for ‘sd’
    grad.vec: no visible global function definition for
     ‘registerDoParallel’
    grad.vec: no visible global function definition for ‘%do%’
    grad.vec: no visible global function definition for ‘foreach’
    grad.vec: no visible global function definition for ‘%dopar%’
    jacobian.vec: no visible global function definition for
     ‘registerDoParallel’
    jacobian.vec: no visible global function definition for ‘%dopar%’
    jacobian.vec: no visible global function definition for ‘foreach’
    mRN: no visible global function definition for ‘rnorm’
    mRU: no visible global function definition for ‘runif’
    nmkb.vec: no visible global function definition for
     ‘registerDoParallel’
    nmkb.vec: no visible global function definition for ‘%dopar%’
    nmkb.vec: no visible global function definition for ‘foreach’
    Undefined global functions or variables:
     %do% %dopar% flush.console foreach registerDoParallel rnorm runif sd
     setTxtProgressBar txtProgressBar
Flavors: r-devel-linux-x86_64-debian-clang, r-devel-linux-x86_64-debian-gcc, r-devel-linux-x86_64-fedora-clang, r-devel-linux-x86_64-fedora-gcc, r-devel-windows-ix86+x86_64

Version: 0.2
Check: R code for possible problems
Result: NOTE
    DEopt.vec: no visible global function definition for
     ‘registerDoParallel’
    DEopt.vec: no visible global function definition for ‘%dopar%’
    DEopt.vec: no visible global function definition for ‘foreach’
    GAopt.vec: no visible global function definition for
     ‘registerDoParallel’
    GAopt.vec: no visible global function definition for ‘%dopar%’
    GAopt.vec: no visible global function definition for ‘foreach’
    PSopt.vec: no visible global function definition for
     ‘registerDoParallel’
    PSopt.vec: no visible global function definition for ‘%dopar%’
    PSopt.vec: no visible global function definition for ‘foreach’
    grad.vec: no visible global function definition for
     ‘registerDoParallel’
    grad.vec: no visible global function definition for ‘%do%’
    grad.vec: no visible global function definition for ‘foreach’
    grad.vec: no visible global function definition for ‘%dopar%’
    jacobian.vec: no visible global function definition for
     ‘registerDoParallel’
    jacobian.vec: no visible global function definition for ‘%dopar%’
    jacobian.vec: no visible global function definition for ‘foreach’
    nmkb.vec: no visible global function definition for
     ‘registerDoParallel’
    nmkb.vec: no visible global function definition for ‘%dopar%’
    nmkb.vec: no visible global function definition for ‘foreach’
    Undefined global functions or variables:
     %do% %dopar% foreach registerDoParallel
Flavor: r-devel-osx-x86_64-clang

Version: 0.2
Check: R code for possible problems
Result: NOTE
    DEopt.vec: no visible global function definition for
     ‘registerDoParallel’
    DEopt.vec: no visible global function definition for ‘%dopar%’
    DEopt.vec: no visible global function definition for ‘foreach’
    GAopt.vec: no visible global function definition for
     ‘registerDoParallel’
    GAopt.vec: no visible global function definition for ‘%dopar%’
    GAopt.vec: no visible global function definition for ‘foreach’
    PSopt.vec: no visible global function definition for
     ‘registerDoParallel’
    PSopt.vec: no visible global function definition for ‘%dopar%’
    PSopt.vec: no visible global function definition for ‘foreach’
    grad.vec: no visible global function definition for
     ‘registerDoParallel’
    grad.vec: no visible global function definition for ‘%do%’
    grad.vec: no visible global function definition for ‘foreach’
    grad.vec: no visible global function definition for ‘%dopar%’
    jacobian.vec: no visible global function definition for
     ‘registerDoParallel’
    jacobian.vec: no visible global function definition for ‘%dopar%’
    jacobian.vec: no visible global function definition for ‘foreach’
    nmkb.vec: no visible global function definition for
     ‘registerDoParallel’
    nmkb.vec: no visible global function definition for ‘%dopar%’
    nmkb.vec: no visible global function definition for ‘foreach’
Flavors: r-patched-linux-x86_64, r-patched-solaris-sparc, r-patched-solaris-x86, r-release-linux-x86_64, r-release-osx-x86_64-mavericks, r-release-windows-ix86+x86_64, r-oldrel-windows-ix86+x86_64