CRAN Package Check Results for Package vectoptim

Last updated on 2015-02-01 19:50:26.

Flavor Version Tinstall Tcheck Ttotal Status Flags
r-devel-linux-x86_64-debian-clang 0.2 0.73 15.04 15.76 WARN
r-devel-linux-x86_64-debian-gcc 0.2 0.68 14.30 14.98 WARN
r-devel-linux-x86_64-fedora-clang 0.2 29.74 WARN
r-devel-linux-x86_64-fedora-gcc 0.2 28.36 WARN
r-devel-osx-x86_64-clang 0.2 42.77 WARN
r-devel-windows-ix86+x86_64 0.2 5.00 24.00 29.00 WARN
r-patched-linux-x86_64 0.2 0.81 17.01 17.82 WARN
r-patched-solaris-sparc 0.2 193.50 WARN
r-patched-solaris-x86 0.2 45.60 WARN
r-release-linux-ix86 0.2 1.17 24.64 25.80 WARN
r-release-linux-x86_64 0.2 0.92 16.72 17.64 WARN
r-release-osx-x86_64-mavericks 0.2 WARN
r-release-osx-x86_64-snowleopard 0.2 OK
r-release-windows-ix86+x86_64 0.2 4.00 33.00 37.00 WARN
r-oldrel-windows-ix86+x86_64 0.2 4.00 32.00 36.00 NOTE

Check Details

Version: 0.2
Check: dependencies in R code
Result: WARN
    'library' or 'require' call not declared from: ‘parallel’
    'library' or 'require' call to ‘parallel’ in package code.
     Please use :: or requireNamespace() instead.
     See section 'Suggested packages' in the 'Writing R Extensions' manual.
    Packages in Depends field not imported from:
     ‘doParallel’ ‘foreach’
     These packages need to be imported from (in the NAMESPACE file)
     for when this namespace is loaded but not attached.
Flavors: r-devel-linux-x86_64-debian-clang, r-devel-linux-x86_64-debian-gcc, r-devel-linux-x86_64-fedora-clang, r-devel-linux-x86_64-fedora-gcc, r-devel-osx-x86_64-clang, r-devel-windows-ix86+x86_64

Version: 0.2
Check: R code for possible problems
Result: NOTE
    DEopt.vec: no visible global function definition for
     ‘registerDoParallel’
    DEopt.vec: no visible global function definition for ‘%dopar%’
    DEopt.vec: no visible global function definition for ‘foreach’
    GAopt.vec: no visible global function definition for
     ‘registerDoParallel’
    GAopt.vec: no visible global function definition for ‘%dopar%’
    GAopt.vec: no visible global function definition for ‘foreach’
    PSopt.vec: no visible global function definition for
     ‘registerDoParallel’
    PSopt.vec: no visible global function definition for ‘%dopar%’
    PSopt.vec: no visible global function definition for ‘foreach’
    grad.vec: no visible global function definition for
     ‘registerDoParallel’
    grad.vec: no visible global function definition for ‘%do%’
    grad.vec: no visible global function definition for ‘foreach’
    grad.vec: no visible global function definition for ‘%dopar%’
    jacobian.vec: no visible global function definition for
     ‘registerDoParallel’
    jacobian.vec: no visible global function definition for ‘%dopar%’
    jacobian.vec: no visible global function definition for ‘foreach’
    nmkb.vec: no visible global function definition for
     ‘registerDoParallel’
    nmkb.vec: no visible global function definition for ‘%dopar%’
    nmkb.vec: no visible global function definition for ‘foreach’
Flavors: r-devel-linux-x86_64-debian-clang, r-devel-linux-x86_64-debian-gcc, r-devel-linux-x86_64-fedora-clang, r-devel-linux-x86_64-fedora-gcc, r-devel-osx-x86_64-clang, r-devel-windows-ix86+x86_64, r-patched-linux-x86_64, r-patched-solaris-sparc, r-patched-solaris-x86, r-release-linux-ix86, r-release-linux-x86_64, r-release-osx-x86_64-mavericks, r-release-windows-ix86+x86_64

Version: 0.2
Check: dependencies in R code
Result: WARN
    'library' or 'require' call not declared from: ‘parallel’
    Packages in Depends field not imported from:
     ‘doParallel’ ‘foreach’
     These packages need to be imported from (in the NAMESPACE file)
     for when this namespace is loaded but not attached.
    See the information on DESCRIPTION files in the chapter ‘Creating R
    packages’ of the ‘Writing R Extensions’ manual.
Flavors: r-patched-linux-x86_64, r-patched-solaris-sparc, r-patched-solaris-x86, r-release-linux-ix86, r-release-linux-x86_64, r-release-osx-x86_64-mavericks, r-release-windows-ix86+x86_64

Version: 0.2
Check: dependencies in R code
Result: NOTE
    Packages in Depends field not imported from:
     'doParallel' 'foreach'
     These packages need to be imported from (in the NAMESPACE file)
     for when this namespace is loaded but not attached.
    See the information on DESCRIPTION files in the chapter 'Creating R
    packages' of the 'Writing R Extensions' manual.
Flavor: r-oldrel-windows-ix86+x86_64