CRAN Package Check Results for Package vectoptim

Last updated on 2014-04-21 04:48:50.

Flavor Version Tinstall Tcheck Ttotal Status Flags
r-devel-linux-x86_64-debian-clang 0.2 0.90 16.52 17.41 NOTE
r-devel-linux-x86_64-debian-gcc 0.2 0.84 16.66 17.50 NOTE
r-devel-linux-x86_64-fedora-clang 0.2 35.02 NOTE
r-devel-linux-x86_64-fedora-gcc 0.2 32.49 NOTE
r-devel-macosx-x86_64-clang 0.2 39.10 NOTE
r-devel-macosx-x86_64-gcc 0.2 NOTE
r-devel-windows-ix86+x86_64 0.2 3.00 27.00 30.00 NOTE
r-patched-linux-x86_64 0.2 0.85 16.50 17.35 NOTE
r-patched-solaris-sparc 0.2 190.80 NOTE
r-patched-solaris-x86 0.2 46.30 NOTE
r-release-linux-ix86 NOTE
r-release-linux-x86_64 0.2 0.82 16.57 17.39 NOTE
r-release-macosx-x86_64 0.2 OK
r-release-windows-ix86+x86_64 0.2 6.00 28.00 34.00 NOTE
r-oldrel-windows-ix86+x86_64 0.2 4.00 28.00 32.00 NOTE

Check Details

Version: 0.2
Check: dependencies in R code
Result: NOTE
    Packages in Depends field not imported from:
     ‘doParallel’ ‘foreach’
     These packages need to be imported from (in the NAMESPACE file)
     for when this namespace is loaded but not attached.
    See the information on DESCRIPTION files in the chapter ‘Creating R
    packages’ of the ‘Writing R Extensions’ manual.
Flavors: r-devel-linux-x86_64-debian-clang, r-devel-linux-x86_64-debian-gcc, r-devel-linux-x86_64-fedora-clang, r-devel-linux-x86_64-fedora-gcc, r-devel-macosx-x86_64-clang, r-devel-macosx-x86_64-gcc, r-devel-windows-ix86+x86_64, r-patched-linux-x86_64, r-patched-solaris-sparc, r-patched-solaris-x86, r-release-linux-ix86, r-release-linux-x86_64, r-release-windows-ix86+x86_64, r-oldrel-windows-ix86+x86_64