CRAN Package Check Results for Package vectoptim

Last updated on 2015-04-26 03:47:41.

Flavor Version Tinstall Tcheck Ttotal Status Flags
r-devel-linux-x86_64-debian-clang 0.2 0.69 14.90 15.59 WARN
r-devel-linux-x86_64-debian-gcc 0.2 0.67 14.76 15.43 WARN
r-devel-linux-x86_64-fedora-clang 0.2 30.51 WARN
r-devel-linux-x86_64-fedora-gcc 0.2 27.95 WARN
r-devel-osx-x86_64-clang 0.2 35.41 WARN
r-devel-windows-ix86+x86_64 0.2 3.00 25.00 28.00 WARN
r-patched-linux-x86_64 0.2 0.71 15.42 16.14 WARN
r-patched-solaris-sparc 0.2 196.00 WARN
r-patched-solaris-x86 0.2 39.10 WARN
r-release-linux-x86_64 0.2 0.67 14.65 15.32 WARN
r-release-osx-x86_64-mavericks 0.2 WARN
r-release-osx-x86_64-snowleopard 0.2 WARN
r-release-windows-ix86+x86_64 0.2 3.00 23.00 26.00 WARN
r-oldrel-windows-ix86+x86_64 0.2 4.00 30.00 34.00 WARN

Check Details

Version: 0.2
Check: DESCRIPTION meta-information
Result: NOTE
    Malformed Description field: should contain one or more complete sentences.
Flavors: r-devel-windows-ix86+x86_64, r-release-windows-ix86+x86_64

Version: 0.2
Check: dependencies in R code
Result: WARN
    'library' or 'require' call not declared from: 'parallel'
    'library' or 'require' call to 'parallel' in package code.
     Please use :: or requireNamespace() instead.
     See section 'Suggested packages' in the 'Writing R Extensions' manual.
    Packages in Depends field not imported from:
     'doParallel' 'foreach'
     These packages need to be imported from (in the NAMESPACE file)
     for when this namespace is loaded but not attached.
Flavors: r-devel-windows-ix86+x86_64, r-release-windows-ix86+x86_64, r-oldrel-windows-ix86+x86_64

Version: 0.2
Check: R code for possible problems
Result: NOTE
    DEopt.vec: no visible global function definition for
     'registerDoParallel'
    DEopt.vec: no visible global function definition for '%dopar%'
    DEopt.vec: no visible global function definition for 'foreach'
    GAopt.vec: no visible global function definition for
     'registerDoParallel'
    GAopt.vec: no visible global function definition for '%dopar%'
    GAopt.vec: no visible global function definition for 'foreach'
    PSopt.vec: no visible global function definition for
     'registerDoParallel'
    PSopt.vec: no visible global function definition for '%dopar%'
    PSopt.vec: no visible global function definition for 'foreach'
    grad.vec: no visible global function definition for
     'registerDoParallel'
    grad.vec: no visible global function definition for '%do%'
    grad.vec: no visible global function definition for 'foreach'
    grad.vec: no visible global function definition for '%dopar%'
    jacobian.vec: no visible global function definition for
     'registerDoParallel'
    jacobian.vec: no visible global function definition for '%dopar%'
    jacobian.vec: no visible global function definition for 'foreach'
    nmkb.vec: no visible global function definition for
     'registerDoParallel'
    nmkb.vec: no visible global function definition for '%dopar%'
    nmkb.vec: no visible global function definition for 'foreach'
Flavors: r-devel-windows-ix86+x86_64, r-release-windows-ix86+x86_64, r-oldrel-windows-ix86+x86_64