CRAN Package Check Results for Package vectoptim

Last updated on 2014-12-19 17:50:37.

Flavor Version Tinstall Tcheck Ttotal Status Flags
r-devel-linux-x86_64-debian-clang 0.2 0.80 17.10 17.91 WARN
r-devel-linux-x86_64-debian-gcc 0.2 0.80 16.20 17.01 WARN
r-devel-linux-x86_64-fedora-clang 0.2 37.22 WARN
r-devel-linux-x86_64-fedora-gcc 0.2 33.09 WARN
r-devel-osx-x86_64-clang 0.2 39.01 WARN
r-devel-windows-ix86+x86_64 0.2 4.00 31.00 35.00 WARN
r-patched-linux-x86_64 0.2 0.81 17.24 18.05 WARN
r-patched-solaris-sparc 0.2 208.90 WARN
r-patched-solaris-x86 0.2 46.60 WARN
r-release-linux-ix86 0.2 1.16 22.94 24.10 WARN
r-release-linux-x86_64 0.2 0.80 17.27 18.07 WARN
r-release-osx-x86_64-mavericks 0.2 NOTE
r-release-osx-x86_64-snowleopard 0.2 OK
r-release-windows-ix86+x86_64 0.2 4.00 31.00 35.00 WARN
r-oldrel-windows-ix86+x86_64 0.2 5.00 34.00 39.00 NOTE

Check Details

Version: 0.2
Check: dependencies in R code
Result: WARN
    'library' or 'require' call not declared from: ‘parallel’
    Packages in Depends field not imported from:
     ‘doParallel’ ‘foreach’
     These packages need to be imported from (in the NAMESPACE file)
     for when this namespace is loaded but not attached.
    See the information on DESCRIPTION files in the chapter ‘Creating R
    packages’ of the ‘Writing R Extensions’ manual.
Flavors: r-devel-linux-x86_64-debian-clang, r-devel-linux-x86_64-debian-gcc, r-devel-linux-x86_64-fedora-clang, r-devel-linux-x86_64-fedora-gcc, r-devel-osx-x86_64-clang, r-devel-windows-ix86+x86_64, r-patched-linux-x86_64, r-patched-solaris-sparc, r-patched-solaris-x86, r-release-linux-ix86, r-release-linux-x86_64, r-release-windows-ix86+x86_64

Version: 0.2
Check: R code for possible problems
Result: NOTE
    DEopt.vec: no visible global function definition for
     ‘registerDoParallel’
    DEopt.vec: no visible global function definition for ‘%dopar%’
    DEopt.vec: no visible global function definition for ‘foreach’
    GAopt.vec: no visible global function definition for
     ‘registerDoParallel’
    GAopt.vec: no visible global function definition for ‘%dopar%’
    GAopt.vec: no visible global function definition for ‘foreach’
    PSopt.vec: no visible global function definition for
     ‘registerDoParallel’
    PSopt.vec: no visible global function definition for ‘%dopar%’
    PSopt.vec: no visible global function definition for ‘foreach’
    grad.vec: no visible global function definition for
     ‘registerDoParallel’
    grad.vec: no visible global function definition for ‘%do%’
    grad.vec: no visible global function definition for ‘foreach’
    grad.vec: no visible global function definition for ‘%dopar%’
    jacobian.vec: no visible global function definition for
     ‘registerDoParallel’
    jacobian.vec: no visible global function definition for ‘%dopar%’
    jacobian.vec: no visible global function definition for ‘foreach’
    nmkb.vec: no visible global function definition for
     ‘registerDoParallel’
    nmkb.vec: no visible global function definition for ‘%dopar%’
    nmkb.vec: no visible global function definition for ‘foreach’
Flavors: r-devel-linux-x86_64-debian-clang, r-devel-linux-x86_64-debian-gcc, r-devel-linux-x86_64-fedora-clang, r-devel-linux-x86_64-fedora-gcc, r-devel-osx-x86_64-clang, r-devel-windows-ix86+x86_64, r-patched-linux-x86_64, r-patched-solaris-sparc, r-patched-solaris-x86, r-release-linux-ix86, r-release-linux-x86_64, r-release-windows-ix86+x86_64

Version: 0.2
Check: dependencies in R code
Result: NOTE
    Packages in Depends field not imported from:
     ‘doParallel’ ‘foreach’
     These packages need to be imported from (in the NAMESPACE file)
     for when this namespace is loaded but not attached.
    See the information on DESCRIPTION files in the chapter ‘Creating R
    packages’ of the ‘Writing R Extensions’ manual.
Flavors: r-release-osx-x86_64-mavericks, r-oldrel-windows-ix86+x86_64

Version: 0.2
Check: re-building of vignette outputs
Result: NOTE
    Error in re-building vignettes:
     ...
    Error in texi2dvi(file = file, pdf = TRUE, clean = clean, quiet = quiet, :
     Running 'texi2dvi' on 'vectoptim.tex' failed.
    LaTeX errors:
    ! LaTeX Error: File `multirow.sty' not found.
    
    Type X to quit or <RETURN> to proceed,
    or enter new name. (Default extension: sty)
    
    gn_test/vectoptim/vignettes/vectoptim.tex:7: ==> Fatal error occurred, no outp
    ut PDF file produced!
    Calls: buildVignettes -> texi2pdf -> texi2dvi
    Execution halted
Flavor: r-release-osx-x86_64-mavericks