CRAN Package Check Results for Package vectoptim

Last updated on 2015-03-01 19:48:21.

Flavor Version Tinstall Tcheck Ttotal Status Flags
r-devel-linux-x86_64-debian-clang 0.2 0.68 15.12 15.80 WARN
r-devel-linux-x86_64-debian-gcc 0.2 0.70 14.51 15.22 WARN
r-devel-linux-x86_64-fedora-clang 0.2 30.23 WARN
r-devel-linux-x86_64-fedora-gcc 0.2 28.79 WARN
r-devel-osx-x86_64-clang 0.2 39.21 WARN
r-devel-windows-ix86+x86_64 0.2 3.00 28.00 31.00 WARN
r-patched-linux-x86_64 0.2 0.93 18.28 19.21 WARN
r-patched-solaris-sparc 0.2 237.70 WARN
r-patched-solaris-x86 0.2 46.30 WARN
r-release-linux-ix86 0.2 1.12 26.80 27.93 WARN
r-release-linux-x86_64 0.2 1.04 16.91 17.94 WARN
r-release-osx-x86_64-mavericks 0.2 WARN
r-release-osx-x86_64-snowleopard 0.2 OK
r-release-windows-ix86+x86_64 0.2 4.00 31.00 35.00 WARN
r-oldrel-windows-ix86+x86_64 0.2 4.00 31.00 35.00 NOTE

Check Details

Version: 0.2
Check: DESCRIPTION meta-information
Result: NOTE
    Malformed Description field: should contain one or more complete sentences.
Flavors: r-devel-linux-x86_64-debian-clang, r-devel-linux-x86_64-debian-gcc, r-devel-linux-x86_64-fedora-clang, r-devel-linux-x86_64-fedora-gcc, r-devel-osx-x86_64-clang, r-devel-windows-ix86+x86_64

Version: 0.2
Check: dependencies in R code
Result: WARN
    'library' or 'require' call not declared from: ‘parallel’
    'library' or 'require' call to ‘parallel’ in package code.
     Please use :: or requireNamespace() instead.
     See section 'Suggested packages' in the 'Writing R Extensions' manual.
    Packages in Depends field not imported from:
     ‘doParallel’ ‘foreach’
     These packages need to be imported from (in the NAMESPACE file)
     for when this namespace is loaded but not attached.
Flavors: r-devel-linux-x86_64-debian-clang, r-devel-linux-x86_64-debian-gcc, r-devel-linux-x86_64-fedora-clang, r-devel-linux-x86_64-fedora-gcc, r-devel-osx-x86_64-clang, r-devel-windows-ix86+x86_64, r-patched-linux-x86_64, r-patched-solaris-sparc, r-patched-solaris-x86

Version: 0.2
Check: R code for possible problems
Result: NOTE
    DEopt.vec: no visible global function definition for
     ‘registerDoParallel’
    DEopt.vec: no visible global function definition for ‘%dopar%’
    DEopt.vec: no visible global function definition for ‘foreach’
    GAopt.vec: no visible global function definition for
     ‘registerDoParallel’
    GAopt.vec: no visible global function definition for ‘%dopar%’
    GAopt.vec: no visible global function definition for ‘foreach’
    PSopt.vec: no visible global function definition for
     ‘registerDoParallel’
    PSopt.vec: no visible global function definition for ‘%dopar%’
    PSopt.vec: no visible global function definition for ‘foreach’
    grad.vec: no visible global function definition for
     ‘registerDoParallel’
    grad.vec: no visible global function definition for ‘%do%’
    grad.vec: no visible global function definition for ‘foreach’
    grad.vec: no visible global function definition for ‘%dopar%’
    jacobian.vec: no visible global function definition for
     ‘registerDoParallel’
    jacobian.vec: no visible global function definition for ‘%dopar%’
    jacobian.vec: no visible global function definition for ‘foreach’
    nmkb.vec: no visible global function definition for
     ‘registerDoParallel’
    nmkb.vec: no visible global function definition for ‘%dopar%’
    nmkb.vec: no visible global function definition for ‘foreach’
Flavors: r-devel-linux-x86_64-debian-clang, r-devel-linux-x86_64-debian-gcc, r-devel-linux-x86_64-fedora-clang, r-devel-linux-x86_64-fedora-gcc, r-devel-osx-x86_64-clang, r-devel-windows-ix86+x86_64, r-patched-linux-x86_64, r-patched-solaris-sparc, r-patched-solaris-x86, r-release-linux-ix86, r-release-linux-x86_64, r-release-osx-x86_64-mavericks, r-release-windows-ix86+x86_64

Version: 0.2
Check: dependencies in R code
Result: WARN
    'library' or 'require' call not declared from: ‘parallel’
    Packages in Depends field not imported from:
     ‘doParallel’ ‘foreach’
     These packages need to be imported from (in the NAMESPACE file)
     for when this namespace is loaded but not attached.
    See the information on DESCRIPTION files in the chapter ‘Creating R
    packages’ of the ‘Writing R Extensions’ manual.
Flavors: r-release-linux-ix86, r-release-linux-x86_64, r-release-osx-x86_64-mavericks, r-release-windows-ix86+x86_64

Version: 0.2
Check: dependencies in R code
Result: NOTE
    Packages in Depends field not imported from:
     'doParallel' 'foreach'
     These packages need to be imported from (in the NAMESPACE file)
     for when this namespace is loaded but not attached.
    See the information on DESCRIPTION files in the chapter 'Creating R
    packages' of the 'Writing R Extensions' manual.
Flavor: r-oldrel-windows-ix86+x86_64