CRAN Package Check Results for Package vectorwavelet

Last updated on 2021-02-27 16:47:56 CET.

Flavor Version Tinstall Tcheck Ttotal Status Flags
r-devel-linux-x86_64-debian-clang 0.1.0 6.15 48.73 54.88 OK
r-devel-linux-x86_64-debian-gcc 0.1.0 4.57 37.54 42.11 OK
r-devel-linux-x86_64-fedora-clang 0.1.0 78.09 NOTE
r-devel-linux-x86_64-fedora-gcc 0.1.0 63.17 NOTE
r-devel-windows-ix86+x86_64 0.1.0 9.00 56.00 65.00 OK
r-patched-linux-x86_64 0.1.0 5.46 45.62 51.08 OK
r-patched-solaris-x86 0.1.0 101.40 NOTE
r-release-linux-x86_64 0.1.0 4.99 45.90 50.89 OK
r-release-macos-x86_64 0.1.0 NOTE
r-release-windows-ix86+x86_64 0.1.0 13.00 69.00 82.00 OK
r-oldrel-macos-x86_64 0.1.0 NOTE
r-oldrel-windows-ix86+x86_64 0.1.0 7.00 64.00 71.00 OK

Check Details

Version: 0.1.0
Check: dependencies in R code
Result: NOTE
    Namespaces in Imports field not imported from:
     ‘Rcpp’ ‘foreach’ ‘iterators’ ‘maps’ ‘spam’
     All declared Imports should be used.
Flavors: r-devel-linux-x86_64-fedora-clang, r-devel-linux-x86_64-fedora-gcc, r-patched-solaris-x86, r-release-macos-x86_64, r-oldrel-macos-x86_64