CRAN Package Check Results for Package vegan

Last updated on 2022-12-09 08:54:05 CET.

Flavor Version Tinstall Tcheck Ttotal Status Flags
r-devel-linux-x86_64-debian-clang 2.6-4 41.43 362.95 404.38 OK
r-devel-linux-x86_64-debian-gcc 2.6-4 37.94 349.88 387.82 OK
r-devel-linux-x86_64-fedora-clang 2.6-4 517.14 NOTE
r-devel-linux-x86_64-fedora-gcc 2.6-4 505.44 OK
r-devel-windows-x86_64 2.6-4 140.00 777.00 917.00 OK
r-patched-linux-x86_64 2.6-4 53.68 326.99 380.67 OK
r-release-linux-x86_64 2.6-4 40.35 322.22 362.57 OK
r-release-macos-arm64 2.6-4 155.00 OK
r-release-macos-x86_64 2.6-4 172.00 OK
r-release-windows-x86_64 2.6-4 143.00 518.00 661.00 OK
r-oldrel-macos-arm64 2.6-4 140.00 OK
r-oldrel-macos-x86_64 2.6-4 173.00 OK
r-oldrel-windows-ix86+x86_64 2.6-4 82.00 534.00 616.00 OK

Check Details

Version: 2.6-4
Check: Rd cross-references
Result: NOTE
    Undeclared package ‘coda’ in Rd xrefs
Flavor: r-devel-linux-x86_64-fedora-clang