CRAN Package Check Results for Package vegan

Last updated on 2021-10-17 16:49:44 CEST.

Flavor Version Tinstall Tcheck Ttotal Status Flags
r-devel-linux-x86_64-debian-clang 2.5-7 39.03 305.57 344.60 OK
r-devel-linux-x86_64-debian-gcc 2.5-7 30.65 226.74 257.39 OK
r-devel-linux-x86_64-fedora-clang 2.5-7 428.29 NOTE
r-devel-linux-x86_64-fedora-gcc 2.5-7 418.74 OK
r-devel-windows-x86_64 2.5-7 62.00 310.00 372.00 OK
r-devel-windows-x86_64-gcc10-UCRT 2.5-7 OK
r-patched-linux-x86_64 2.5-7 45.95 304.63 350.58 OK
r-patched-solaris-x86 2.5-7 545.30 OK
r-release-linux-x86_64 2.5-7 38.31 305.75 344.06 OK
r-release-macos-arm64 2.5-7 NOTE
r-release-macos-x86_64 2.5-7 OK
r-release-windows-ix86+x86_64 2.5-7 55.00 539.00 594.00 OK
r-oldrel-macos-x86_64 2.5-7 OK
r-oldrel-windows-ix86+x86_64 2.5-7 78.00 507.00 585.00 OK

Check Details

Version: 2.5-7
Check: Rd cross-references
Result: NOTE
    Undeclared packages ‘ade4’, ‘cclust’, ‘bipartite’, ‘labdsv’, ‘ellipse’, ‘vegan3d’, ‘coda’, ‘maptools’, ‘ape’, ‘picante’ in Rd xrefs
Flavor: r-devel-linux-x86_64-fedora-clang

Version: 2.5-7
Check: installed package size
Result: NOTE
     installed size is 5.2Mb
     sub-directories of 1Mb or more:
     R 2.0Mb
     doc 1.3Mb
Flavor: r-release-macos-arm64