CRAN Package Check Results for Package vegan

Last updated on 2019-10-14 05:47:11 CEST.

Flavor Version Tinstall Tcheck Ttotal Status Flags
r-devel-linux-x86_64-debian-clang 2.5-6 35.55 264.85 300.40 OK
r-devel-linux-x86_64-debian-gcc 2.5-6 30.67 202.91 233.58 OK
r-devel-linux-x86_64-fedora-clang 2.5-6 360.71 OK
r-devel-linux-x86_64-fedora-gcc 2.5-6 363.88 OK
r-devel-windows-ix86+x86_64 2.5-6 64.00 531.00 595.00 OK
r-patched-linux-x86_64 2.5-6 37.10 261.19 298.29 OK
r-patched-solaris-x86 2.5-6 470.40 OK
r-release-linux-x86_64 2.5-6 34.85 268.72 303.57 OK
r-release-windows-ix86+x86_64 2.5-6 82.00 513.00 595.00 OK
r-release-osx-x86_64 2.5-6 NOTE
r-oldrel-windows-ix86+x86_64 2.5-6 55.00 343.00 398.00 OK
r-oldrel-osx-x86_64 2.5-6 NOTE

Check Details

Version: 2.5-6
Check: dependencies in R code
Result: NOTE
    No protocol specified
    No protocol specified
Flavors: r-release-osx-x86_64, r-oldrel-osx-x86_64