CRAN Package Check Results for Package vegan

Last updated on 2019-12-13 10:49:52 CET.

Flavor Version Tinstall Tcheck Ttotal Status Flags
r-devel-linux-x86_64-debian-clang 2.5-6 39.34 293.03 332.37 OK
r-devel-linux-x86_64-debian-gcc 2.5-6 32.45 218.15 250.60 OK
r-devel-linux-x86_64-fedora-clang 2.5-6 418.56 OK
r-devel-linux-x86_64-fedora-gcc 2.5-6 388.61 OK
r-devel-windows-ix86+x86_64 2.5-6 66.00 544.00 610.00 OK
r-devel-windows-ix86+x86_64-gcc8 2.5-6 70.00 564.00 634.00 OK
r-patched-linux-x86_64 2.5-6 36.47 262.62 299.09 OK
r-patched-solaris-x86 2.5-6 471.40 OK
r-release-linux-x86_64 2.5-6 34.22 262.62 296.84 OK
r-release-windows-ix86+x86_64 2.5-6 58.00 386.00 444.00 OK
r-release-osx-x86_64 2.5-6 NOTE
r-oldrel-windows-ix86+x86_64 2.5-6 49.00 332.00 381.00 OK
r-oldrel-osx-x86_64 2.5-6 NOTE

Check Details

Version: 2.5-6
Check: dependencies in R code
Result: NOTE
    No protocol specified
    No protocol specified
Flavors: r-release-osx-x86_64, r-oldrel-osx-x86_64