CRAN Package Check Results for Package vegan

Last updated on 2016-09-26 08:49:40.

Flavor Version Tinstall Tcheck Ttotal Status Flags
r-devel-linux-x86_64-debian-clang 2.4-1 7.67 154.95 162.63 NOTE
r-devel-linux-x86_64-debian-gcc 2.4-1 7.77 149.91 157.69 NOTE
r-devel-linux-x86_64-fedora-clang 2.4-1 208.43 NOTE
r-devel-linux-x86_64-fedora-gcc 2.4-1 274.47 OK
r-devel-macos-x86_64-clang 2.4-1 229.46 NOTE
r-devel-windows-ix86+x86_64 2.4-1 39.00 407.00 446.00 OK
r-patched-linux-x86_64 2.4-1 7.79 145.78 153.57 NOTE
r-patched-solaris-sparc 2.4-1 1643.20 OK --no-build-vignettes
r-patched-solaris-x86 2.4-1 334.40 OK
r-release-linux-x86_64 2.4-1 7.87 148.69 156.57 NOTE
r-release-osx-x86_64-mavericks 2.4-1 OK
r-release-windows-ix86+x86_64 2.4-1 67.00 410.00 477.00 OK
r-oldrel-windows-ix86+x86_64 2.4-1 41.00 423.00 464.00 OK

Check Details

Version: 2.4-1
Check: R code for possible problems
Result: NOTE
    Found the following assignments to the global environment:
    File ‘vegan/R/orditkplot.R’:
     assign(dumpName, xy, envir = .GlobalEnv)
     assign(dumpName, xy, envir = .GlobalEnv)
Flavors: r-devel-linux-x86_64-debian-clang, r-devel-linux-x86_64-debian-gcc, r-devel-linux-x86_64-fedora-clang, r-devel-macos-x86_64-clang, r-patched-linux-x86_64, r-release-linux-x86_64