CRAN Package Check Results for Package vegan

Last updated on 2017-01-23 08:49:10.

Flavor Version Tinstall Tcheck Ttotal Status Flags
r-devel-linux-x86_64-debian-clang 2.4-2 8.21 166.60 174.82 NOTE
r-devel-linux-x86_64-debian-gcc 2.4-2 8.03 166.88 174.91 NOTE
r-devel-linux-x86_64-fedora-clang 2.4-2 314.77 NOTE --no-stop-on-test-error
r-devel-linux-x86_64-fedora-gcc 2.4-2 302.09 OK --no-stop-on-test-error
r-devel-macos-x86_64-clang 2.4-2 250.15 NOTE --no-stop-on-test-error
r-devel-windows-ix86+x86_64 2.4-2 27.00 368.00 395.00 OK
r-patched-linux-x86_64 2.4-2 8.50 149.76 158.26 NOTE
r-patched-solaris-sparc 2.4-2 1709.90 OK --no-build-vignettes
r-patched-solaris-x86 2.4-2 338.40 OK
r-release-linux-x86_64 2.4-2 7.81 148.16 155.97 NOTE
r-release-osx-x86_64-mavericks 2.4-2 OK
r-release-windows-ix86+x86_64 2.4-2 63.00 344.00 407.00 OK
r-oldrel-windows-ix86+x86_64 2.4-2 68.00 561.00 629.00 OK

Check Details

Version: 2.4-2
Check: R code for possible problems
Result: NOTE
    Found the following assignments to the global environment:
    File ‘vegan/R/orditkplot.R’:
     assign(dumpName, xy, envir = .GlobalEnv)
     assign(dumpName, xy, envir = .GlobalEnv)
Flavors: r-devel-linux-x86_64-debian-clang, r-devel-linux-x86_64-debian-gcc, r-patched-linux-x86_64, r-release-linux-x86_64

Version: 2.4-2
Flags: --no-stop-on-test-error
Check: R code for possible problems
Result: NOTE
    Found the following assignments to the global environment:
    File ‘vegan/R/orditkplot.R’:
     assign(dumpName, xy, envir = .GlobalEnv)
     assign(dumpName, xy, envir = .GlobalEnv)
Flavors: r-devel-linux-x86_64-fedora-clang, r-devel-macos-x86_64-clang