CRAN Package Check Results for Package vegan

Last updated on 2017-06-28 23:55:45.

Flavor Version Tinstall Tcheck Ttotal Status Flags
r-devel-linux-x86_64-debian-clang 2.4-3 8.10 169.51 177.61 NOTE
r-devel-linux-x86_64-debian-gcc 2.4-3 8.42 163.50 171.91 NOTE
r-devel-linux-x86_64-fedora-clang 2.4-3 343.64 NOTE
r-devel-linux-x86_64-fedora-gcc 2.4-3 317.78 OK
r-devel-windows-ix86+x86_64 2.4-3 32.00 365.00 397.00 OK
r-patched-linux-x86_64 2.4-3 7.96 168.04 176.00 NOTE
r-patched-solaris-sparc 2.4-3 1853.70 OK --no-build-vignettes
r-patched-solaris-x86 2.4-3 373.70 OK
r-release-linux-x86_64 2.4-3 7.91 166.86 174.76 NOTE
r-release-windows-ix86+x86_64 2.4-3 46.00 499.00 545.00 OK
r-release-osx-x86_64 2.4-3 NOTE
r-oldrel-windows-ix86+x86_64 2.4-3 36.00 413.00 449.00 OK
r-oldrel-osx-x86_64 2.4-3 OK

Check Details

Version: 2.4-3
Check: R code for possible problems
Result: NOTE
    Found the following assignments to the global environment:
    File ‘vegan/R/orditkplot.R’:
     assign(dumpName, xy, envir = .GlobalEnv)
     assign(dumpName, xy, envir = .GlobalEnv)
Flavors: r-devel-linux-x86_64-debian-clang, r-devel-linux-x86_64-debian-gcc, r-devel-linux-x86_64-fedora-clang, r-patched-linux-x86_64, r-release-linux-x86_64

Version: 2.4-3
Check: re-building of vignette outputs
Result: NOTE
    Error in re-building vignettes:
     ...
    Loading required package: vegan
    Loading required package: permute
    Loading required package: lattice
    This is vegan 2.4-3
    Error in texi2dvi(file = file, pdf = TRUE, clean = clean, quiet = quiet, :
     Running 'texi2dvi' on 'decision-vegan.tex' failed.
    LaTeX errors:
    ! LaTeX Error: File `ucs.sty' not found.
    
    Type X to quit or <RETURN> to proceed,
    or enter new name. (Default extension: sty)
    
    ! Emergency stop.
    <read *>
    
    l.11 \usepackage
     [utf8x]{inputenc}^^M
    ! ==> Fatal error occurred, no output PDF file produced!
    Calls: buildVignettes -> texi2pdf -> texi2dvi
    Execution halted
Flavor: r-release-osx-x86_64