CRAN Package Check Results for Package vegan

Last updated on 2016-07-26 11:51:11.

Flavor Version Tinstall Tcheck Ttotal Status Flags
r-devel-linux-x86_64-debian-clang 2.4-0 10.37 175.41 185.79 NOTE
r-devel-linux-x86_64-debian-gcc 2.4-0 9.97 172.46 182.43 NOTE
r-devel-linux-x86_64-fedora-clang 2.4-0 285.78 NOTE
r-devel-linux-x86_64-fedora-gcc 2.4-0 268.77 OK
r-devel-osx-x86_64-clang 2.4-0 237.95 NOTE
r-devel-windows-ix86+x86_64 2.4-0 36.00 432.00 468.00 OK
r-patched-linux-x86_64 2.4-0 9.82 172.96 182.78 NOTE
r-patched-solaris-sparc 2.4-0 1767.50 OK --no-build-vignettes
r-patched-solaris-x86 2.4-0 334.80 OK
r-release-linux-x86_64 2.4-0 9.93 170.56 180.49 NOTE
r-release-osx-x86_64-mavericks 2.4-0 NOTE
r-release-windows-ix86+x86_64 2.4-0 40.00 409.00 449.00 OK
r-oldrel-windows-ix86+x86_64 2.4-0 42.00 459.00 501.00 OK

Check Details

Version: 2.4-0
Check: R code for possible problems
Result: NOTE
    Found the following assignments to the global environment:
    File ‘vegan/R/orditkplot.R’:
     assign(dumpName, xy, envir = .GlobalEnv)
     assign(dumpName, xy, envir = .GlobalEnv)
Flavors: r-devel-linux-x86_64-debian-clang, r-devel-linux-x86_64-debian-gcc, r-devel-linux-x86_64-fedora-clang, r-devel-osx-x86_64-clang, r-patched-linux-x86_64, r-release-linux-x86_64

Version: 2.4-0
Check: dependencies in R code
Result: NOTE
    Invalid MIT-MAGIC-COOKIE-1 key
Flavor: r-release-osx-x86_64-mavericks