Last updated on 2022-05-26 11:52:24 CEST.
Flavor | Version | Tinstall | Tcheck | Ttotal | Status | Flags |
---|---|---|---|---|---|---|
r-devel-linux-x86_64-debian-clang | 2.6-2 | 43.84 | 337.16 | 381.00 | OK | |
r-devel-linux-x86_64-debian-gcc | 2.6-2 | 35.85 | 265.71 | 301.56 | OK | |
r-devel-linux-x86_64-fedora-clang | 2.6-2 | 454.22 | OK | |||
r-devel-linux-x86_64-fedora-gcc | 2.6-2 | 438.98 | OK | |||
r-devel-windows-x86_64 | 2.6-2 | 127.00 | 459.00 | 586.00 | OK | |
r-patched-linux-x86_64 | 2.6-2 | 52.54 | 315.29 | 367.83 | OK | |
r-release-linux-x86_64 | 2.6-2 | OK | ||||
r-release-macos-arm64 | 2.6-2 | 112.00 | NOTE | |||
r-release-macos-x86_64 | 2.6-2 | 172.00 | OK | |||
r-release-windows-x86_64 | 2.6-2 | 128.00 | 453.00 | 581.00 | OK | |
r-oldrel-macos-arm64 | 2.6-2 | 110.00 | NOTE | |||
r-oldrel-macos-x86_64 | 2.6-2 | 179.00 | OK | |||
r-oldrel-windows-ix86+x86_64 | 2.6-2 | 81.00 | 531.00 | 612.00 | OK |
Version: 2.6-2
Check: installed package size
Result: NOTE
installed size is 5.1Mb
sub-directories of 1Mb or more:
R 2.0Mb
doc 1.2Mb
Flavors: r-release-macos-arm64, r-oldrel-macos-arm64