CRAN Package Check Results for Package vegan

Last updated on 2015-03-03 19:50:45.

Flavor Version Tinstall Tcheck Ttotal Status Flags
r-devel-linux-x86_64-debian-clang 2.2-1 9.82 151.18 161.00 NOTE
r-devel-linux-x86_64-debian-gcc 2.2-1 7.89 145.97 153.86 NOTE
r-devel-linux-x86_64-fedora-clang 2.2-1 299.02 NOTE
r-devel-linux-x86_64-fedora-gcc 2.2-1 284.22 OK
r-devel-osx-x86_64-clang 2.2-1 314.95 NOTE
r-devel-windows-ix86+x86_64 2.2-1 50.00 353.00 403.00 OK
r-patched-linux-x86_64 2.2-1 9.43 169.25 178.68 NOTE
r-patched-solaris-sparc 2.2-1 1948.30 OK --no-build-vignettes
r-patched-solaris-x86 2.2-1 429.90 OK
r-release-linux-ix86 2.2-1 12.30 199.42 211.72 NOTE
r-release-linux-x86_64 2.2-1 9.58 166.53 176.11 NOTE
r-release-osx-x86_64-mavericks 2.2-1 OK
r-release-osx-x86_64-snowleopard 2.2-1 OK
r-release-windows-ix86+x86_64 2.2-1 50.00 320.00 370.00 OK
r-oldrel-windows-ix86+x86_64 2.2-1 32.00 314.00 346.00 OK

Check Details

Version: 2.2-1
Check: R code for possible problems
Result: NOTE
    Found the following assignments to the global environment:
    File ‘vegan/R/orditkplot.R’:
     assign(dumpName, xy, envir = .GlobalEnv)
     assign(dumpName, xy, envir = .GlobalEnv)
Flavors: r-devel-linux-x86_64-debian-clang, r-devel-linux-x86_64-debian-gcc, r-devel-linux-x86_64-fedora-clang, r-devel-osx-x86_64-clang, r-patched-linux-x86_64, r-release-linux-ix86, r-release-linux-x86_64