CRAN Package Check Results for Package vegan

Last updated on 2015-05-06 06:46:52.

Flavor Version Tinstall Tcheck Ttotal Status Flags
r-devel-linux-x86_64-debian-clang 2.2-1 7.91 154.18 162.10 NOTE
r-devel-linux-x86_64-debian-gcc 2.2-1 7.92 145.88 153.80 NOTE
r-devel-linux-x86_64-fedora-clang 2.2-1 307.54 NOTE
r-devel-linux-x86_64-fedora-gcc 2.2-1 285.80 OK
r-devel-osx-x86_64-clang 2.2-1 258.18 NOTE
r-devel-windows-ix86+x86_64 2.2-1 27.00 262.00 289.00 OK
r-patched-linux-x86_64 2.2-1 7.91 143.74 151.65 NOTE
r-patched-solaris-sparc 2.2-1 1700.80 OK --no-build-vignettes
r-patched-solaris-x86 2.2-1 357.60 OK
r-release-linux-x86_64 2.2-1 7.95 146.73 154.68 NOTE
r-release-osx-x86_64-mavericks 2.2-1 OK
r-release-osx-x86_64-snowleopard 2.2-1 ERROR
r-release-windows-ix86+x86_64 2.2-1 35.00 359.00 394.00 OK
r-oldrel-windows-ix86+x86_64 2.2-1 32.00 398.00 430.00 OK

Check Details

Version: 2.2-1
Check: R code for possible problems
Result: NOTE
    Found the following assignments to the global environment:
    File ‘vegan/R/orditkplot.R’:
     assign(dumpName, xy, envir = .GlobalEnv)
     assign(dumpName, xy, envir = .GlobalEnv)
Flavors: r-devel-linux-x86_64-debian-clang, r-devel-linux-x86_64-debian-gcc, r-devel-linux-x86_64-fedora-clang, r-devel-osx-x86_64-clang, r-patched-linux-x86_64, r-release-linux-x86_64

Version: 2.2-1
Check: package dependencies
Result: ERROR
    Package required but not available: ‘permute’
    
    See section ‘The DESCRIPTION file’ in the ‘Writing R Extensions’
    manual.
Flavor: r-release-osx-x86_64-snowleopard