CRAN Package Check Results for Package vegan

Last updated on 2017-10-17 19:48:18.

Flavor Version Tinstall Tcheck Ttotal Status Flags
r-devel-linux-x86_64-debian-clang 2.4-4 7.75 168.73 176.48 OK
r-devel-linux-x86_64-debian-gcc 2.4-4 8.75 169.19 177.94 OK
r-devel-linux-x86_64-fedora-clang 2.4-4 338.37 OK
r-devel-linux-x86_64-fedora-gcc 2.4-4 334.39 OK
r-devel-windows-ix86+x86_64 2.4-4 30.00 472.00 502.00 OK
r-patched-linux-x86_64 2.4-4 7.80 163.64 171.44 OK
r-patched-solaris-x86 2.4-4 381.20 OK
r-release-linux-x86_64 2.4-4 7.78 174.94 182.72 OK
r-release-windows-ix86+x86_64 2.4-4 39.00 344.00 383.00 OK
r-release-osx-x86_64 2.4-4 NOTE
r-oldrel-windows-ix86+x86_64 2.4-4 35.00 398.00 433.00 OK
r-oldrel-osx-x86_64 2.4-4 OK

Check Details

Version: 2.4-4
Check: re-building of vignette outputs
Result: NOTE
    Error in re-building vignettes:
     ...
    Loading required package: vegan
    Loading required package: permute
    Loading required package: lattice
    This is vegan 2.4-4
    Error in texi2dvi(file = file, pdf = TRUE, clean = clean, quiet = quiet, :
     Running 'texi2dvi' on 'decision-vegan.tex' failed.
    LaTeX errors:
    ! LaTeX Error: File `ucs.sty' not found.
    
    Type X to quit or <RETURN> to proceed,
    or enter new name. (Default extension: sty)
    
    ! Emergency stop.
    <read *>
    
    l.11 \usepackage
     [utf8x]{inputenc}^^M
    ! ==> Fatal error occurred, no output PDF file produced!
    Calls: buildVignettes -> texi2pdf -> texi2dvi
    Execution halted
Flavor: r-release-osx-x86_64