CRAN Package Check Results for Package vegan

Last updated on 2020-10-01 01:48:55 CEST.

Flavor Version Tinstall Tcheck Ttotal Status Flags
r-devel-linux-x86_64-debian-clang 2.5-6 42.68 309.34 352.02 OK
r-devel-linux-x86_64-debian-gcc 2.5-6 31.92 231.68 263.60 OK
r-devel-linux-x86_64-fedora-clang 2.5-6 446.78 NOTE
r-devel-linux-x86_64-fedora-gcc 2.5-6 424.90 OK
r-devel-windows-ix86+x86_64 2.5-6 77.00 366.00 443.00 OK
r-patched-linux-x86_64 2.5-6 41.99 293.93 335.92 OK
r-patched-solaris-x86 2.5-6 522.10 OK
r-release-linux-x86_64 2.5-6 39.01 287.77 326.78 OK
r-release-macos-x86_64 2.5-6 OK
r-release-windows-ix86+x86_64 2.5-6 76.00 509.00 585.00 OK
r-oldrel-macos-x86_64 2.5-6 NOTE
r-oldrel-windows-ix86+x86_64 2.5-6 75.00 487.00 562.00 OK

Check Details

Version: 2.5-6
Check: Rd cross-references
Result: NOTE
    Undeclared packages ‘ade4’, ‘cclust’, ‘bipartite’, ‘labdsv’, ‘ellipse’, ‘vegan3d’, ‘coda’, ‘maptools’, ‘ape’, ‘picante’ in Rd xrefs
Flavor: r-devel-linux-x86_64-fedora-clang

Version: 2.5-6
Check: dependencies in R code
Result: NOTE
    No protocol specified
    No protocol specified
Flavor: r-oldrel-macos-x86_64