CRAN Package Check Results for Package vegan

Last updated on 2015-01-26 19:48:37.

Flavor Version Tinstall Tcheck Ttotal Status Flags
r-devel-linux-x86_64-debian-clang 2.2-1 8.52 157.36 165.88 NOTE
r-devel-linux-x86_64-debian-gcc 2.2-1 8.54 151.71 160.25 NOTE
r-devel-linux-x86_64-fedora-clang 2.2-1 380.84 NOTE
r-devel-linux-x86_64-fedora-gcc 2.2-1 273.58 OK
r-devel-osx-x86_64-clang 2.2-1 299.31 NOTE
r-devel-windows-ix86+x86_64 2.2-1 38.00 280.00 318.00 OK
r-patched-linux-x86_64 2.2-1 9.38 167.71 177.09 NOTE
r-patched-solaris-sparc 2.2-1 1772.50 OK --no-build-vignettes
r-patched-solaris-x86 2.2-1 426.40 OK
r-release-linux-ix86 2.2-1 11.37 199.61 210.98 NOTE
r-release-linux-x86_64 2.2-1 9.22 169.67 178.90 NOTE
r-release-osx-x86_64-mavericks 2.2-1 OK
r-release-osx-x86_64-snowleopard 2.2-1 OK
r-release-windows-ix86+x86_64 2.2-1 28.00 313.00 341.00 OK
r-oldrel-windows-ix86+x86_64 2.2-1 41.00 440.00 481.00 OK

Check Details

Version: 2.2-1
Check: R code for possible problems
Result: NOTE
    Found the following assignments to the global environment:
    File ‘vegan/R/orditkplot.R’:
     assign(dumpName, xy, envir = .GlobalEnv)
     assign(dumpName, xy, envir = .GlobalEnv)
Flavors: r-devel-linux-x86_64-debian-clang, r-devel-linux-x86_64-debian-gcc, r-devel-linux-x86_64-fedora-clang, r-devel-osx-x86_64-clang, r-patched-linux-x86_64, r-release-linux-ix86, r-release-linux-x86_64