CRAN Package Check Results for Package vegan

Last updated on 2016-08-31 02:48:13.

Flavor Version Tinstall Tcheck Ttotal Status Flags
r-devel-linux-x86_64-debian-clang 2.4-0 7.41 455.20 462.62 WARN
r-devel-linux-x86_64-debian-gcc 2.4-0 7.88 153.22 161.10 WARN
r-devel-linux-x86_64-fedora-clang 2.4-0 293.22 WARN
r-devel-linux-x86_64-fedora-gcc 2.4-0 272.63 WARN
r-devel-osx-x86_64-clang 2.4-0 239.73 WARN
r-devel-windows-ix86+x86_64 2.4-0 38.00 389.00 427.00 OK
r-patched-linux-x86_64 2.4-0 8.13 149.69 157.82 NOTE
r-patched-solaris-sparc 2.4-0 1767.50 OK --no-build-vignettes
r-patched-solaris-x86 2.4-0 331.40 OK
r-release-linux-x86_64 2.4-0 8.06 152.02 160.08 NOTE
r-release-osx-x86_64-mavericks 2.4-0 NOTE
r-release-windows-ix86+x86_64 2.4-0 42.00 395.00 437.00 OK
r-oldrel-windows-ix86+x86_64 2.4-0 49.00 450.00 499.00 OK

Check Details

Version: 2.4-0
Check: whether package can be installed
Result: WARN
    Found the following significant warnings:
     Warning: GNU Extension: Different type kinds at (1)
Flavors: r-devel-linux-x86_64-debian-clang, r-devel-linux-x86_64-debian-gcc, r-devel-linux-x86_64-fedora-clang, r-devel-linux-x86_64-fedora-gcc, r-devel-osx-x86_64-clang

Version: 2.4-0
Check: R code for possible problems
Result: NOTE
    Found the following assignments to the global environment:
    File ‘vegan/R/orditkplot.R’:
     assign(dumpName, xy, envir = .GlobalEnv)
     assign(dumpName, xy, envir = .GlobalEnv)
Flavors: r-devel-linux-x86_64-debian-clang, r-devel-linux-x86_64-debian-gcc, r-devel-linux-x86_64-fedora-clang, r-devel-osx-x86_64-clang, r-patched-linux-x86_64, r-release-linux-x86_64

Version: 2.4-0
Check: dependencies in R code
Result: NOTE
    Invalid MIT-MAGIC-COOKIE-1 key
Flavor: r-release-osx-x86_64-mavericks