CRAN Package Check Results for Package vegan

Last updated on 2016-02-13 15:47:35.

Flavor Version Tinstall Tcheck Ttotal Status Flags
r-devel-linux-x86_64-debian-gcc 2.3-3 8.17 140.60 148.77 NOTE
r-devel-linux-x86_64-fedora-clang 2.3-3 276.78 NOTE
r-devel-linux-x86_64-fedora-gcc 2.3-3 264.65 OK
r-devel-osx-x86_64-clang 2.3-3 306.86 NOTE
r-devel-windows-ix86+x86_64 2.3-3 36.00 271.00 307.00 OK
r-patched-linux-x86_64 2.3-3 8.39 151.63 160.03 NOTE
r-patched-solaris-sparc 2.3-3 1606.90 OK --no-build-vignettes
r-patched-solaris-x86 2.3-3 351.50 OK
r-release-linux-x86_64 2.3-3 8.25 155.82 164.07 NOTE
r-release-osx-x86_64-mavericks 2.3-3 OK
r-release-windows-ix86+x86_64 2.3-3 38.00 385.00 423.00 OK
r-oldrel-windows-ix86+x86_64 2.3-3 42.00 363.00 405.00 OK

Check Details

Version: 2.3-3
Check: R code for possible problems
Result: NOTE
    Found the following assignments to the global environment:
    File ‘vegan/R/orditkplot.R’:
     assign(dumpName, xy, envir = .GlobalEnv)
     assign(dumpName, xy, envir = .GlobalEnv)
Flavors: r-devel-linux-x86_64-debian-gcc, r-devel-linux-x86_64-fedora-clang, r-devel-osx-x86_64-clang, r-patched-linux-x86_64, r-release-linux-x86_64