CRAN Package Check Results for Package vegan

Last updated on 2017-08-17 09:47:30.

Flavor Version Tinstall Tcheck Ttotal Status Flags
r-devel-linux-x86_64-debian-clang 2.4-3 7.74 166.33 174.07 WARN
r-devel-linux-x86_64-debian-gcc 2.4-3 7.70 159.65 167.35 WARN
r-devel-linux-x86_64-fedora-clang 2.4-3 328.47 WARN
r-devel-linux-x86_64-fedora-gcc 2.4-3 316.78 WARN
r-devel-windows-ix86+x86_64 2.4-3 28.00 348.00 376.00 WARN
r-patched-linux-x86_64 2.4-3 7.93 167.76 175.69 WARN
r-patched-solaris-x86 2.4-3 388.70 WARN
r-release-linux-x86_64 2.4-3 7.99 163.75 171.74 WARN
r-release-windows-ix86+x86_64 2.4-3 31.00 362.00 393.00 WARN
r-release-osx-x86_64 2.4-3 NOTE
r-oldrel-windows-ix86+x86_64 2.4-3 29.00 300.00 329.00 WARN
r-oldrel-osx-x86_64 2.4-3 OK

Check Details

Version: 2.4-3
Check: R code for possible problems
Result: NOTE
    Found the following assignments to the global environment:
    File ‘vegan/R/orditkplot.R’:
     assign(dumpName, xy, envir = .GlobalEnv)
     assign(dumpName, xy, envir = .GlobalEnv)
Flavors: r-devel-linux-x86_64-debian-clang, r-devel-linux-x86_64-debian-gcc, r-devel-linux-x86_64-fedora-clang, r-patched-linux-x86_64, r-release-linux-x86_64

Version: 2.4-3
Check: Rd cross-references
Result: WARN
    Missing link or links in documentation object 'cca.Rd':
     ‘[ade4]{cca}’
    
    Missing link or links in documentation object 'plot.cca.Rd':
     ‘[ade4]{cca}’
    
    See section 'Cross-references' in the 'Writing R Extensions' manual.
Flavors: r-devel-linux-x86_64-debian-clang, r-devel-linux-x86_64-debian-gcc, r-devel-linux-x86_64-fedora-clang, r-devel-linux-x86_64-fedora-gcc, r-devel-windows-ix86+x86_64, r-patched-linux-x86_64, r-patched-solaris-x86, r-release-linux-x86_64, r-release-windows-ix86+x86_64, r-oldrel-windows-ix86+x86_64

Version: 2.4-3
Check: re-building of vignette outputs
Result: NOTE
    Error in re-building vignettes:
     ...
    Loading required package: vegan
    Loading required package: permute
    Loading required package: lattice
    This is vegan 2.4-3
    Error in texi2dvi(file = file, pdf = TRUE, clean = clean, quiet = quiet, :
     Running 'texi2dvi' on 'decision-vegan.tex' failed.
    LaTeX errors:
    ! LaTeX Error: File `ucs.sty' not found.
    
    Type X to quit or <RETURN> to proceed,
    or enter new name. (Default extension: sty)
    
    ! Emergency stop.
    <read *>
    
    l.11 \usepackage
     [utf8x]{inputenc}^^M
    ! ==> Fatal error occurred, no output PDF file produced!
    Calls: buildVignettes -> texi2pdf -> texi2dvi
    Execution halted
Flavor: r-release-osx-x86_64