Last updated on 2021-02-28 21:48:47 CET.
Flavor | Version | Tinstall | Tcheck | Ttotal | Status | Flags |
---|---|---|---|---|---|---|
r-devel-linux-x86_64-debian-clang | 2.5-7 | OK | ||||
r-devel-linux-x86_64-debian-gcc | 2.5-7 | 34.28 | 240.44 | 274.72 | OK | |
r-devel-linux-x86_64-fedora-clang | 2.5-7 | 447.96 | NOTE | |||
r-devel-linux-x86_64-fedora-gcc | 2.5-7 | 437.44 | OK | |||
r-devel-windows-ix86+x86_64 | 2.5-7 | 54.00 | 383.00 | 437.00 | OK | |
r-patched-linux-x86_64 | 2.5-7 | 37.35 | 300.70 | 338.05 | OK | |
r-patched-solaris-x86 | 2.5-7 | 537.50 | OK | |||
r-release-linux-x86_64 | 2.5-7 | 36.37 | 301.11 | 337.48 | OK | |
r-release-macos-x86_64 | 2.5-7 | OK | ||||
r-release-windows-ix86+x86_64 | 2.5-7 | 85.00 | 526.00 | 611.00 | OK | |
r-oldrel-macos-x86_64 | 2.5-7 | NOTE | ||||
r-oldrel-windows-ix86+x86_64 | 2.5-7 | 50.00 | 470.00 | 520.00 | OK |
Version: 2.5-7
Check: Rd cross-references
Result: NOTE
Undeclared packages ‘ade4’, ‘cclust’, ‘bipartite’, ‘labdsv’, ‘ellipse’, ‘vegan3d’, ‘coda’, ‘maptools’, ‘ape’, ‘picante’ in Rd xrefs
Flavor: r-devel-linux-x86_64-fedora-clang
Version: 2.5-7
Check: dependencies in R code
Result: NOTE
No protocol specified
No protocol specified
Flavor: r-oldrel-macos-x86_64