CRAN Package Check Results for Package vegan

Last updated on 2017-02-27 18:49:31.

Flavor Version Tinstall Tcheck Ttotal Status Flags
r-devel-linux-x86_64-debian-clang 2.4-2 8.27 168.30 176.57 NOTE
r-devel-linux-x86_64-debian-gcc 2.4-2 7.80 162.13 169.93 NOTE
r-devel-linux-x86_64-fedora-clang 2.4-2 334.54 NOTE --no-stop-on-test-error
r-devel-linux-x86_64-fedora-gcc 2.4-2 329.70 NOTE --no-stop-on-test-error
r-devel-macos-x86_64-clang 2.4-2 262.76 NOTE --no-stop-on-test-error
r-devel-windows-ix86+x86_64 2.4-2 31.00 455.00 486.00 OK
r-patched-linux-x86_64 2.4-2 7.89 147.54 155.44 NOTE
r-patched-solaris-sparc 2.4-2 1709.90 OK --no-build-vignettes
r-patched-solaris-x86 2.4-2 328.00 OK
r-release-linux-x86_64 2.4-2 8.43 146.04 154.47 NOTE
r-release-osx-x86_64-mavericks 2.4-2 OK
r-release-windows-ix86+x86_64 2.4-2 61.00 323.00 384.00 OK
r-oldrel-windows-ix86+x86_64 2.4-2 40.00 676.00 716.00 OK

Check Details

Version: 2.4-2
Check: R code for possible problems
Result: NOTE
    Found the following assignments to the global environment:
    File ‘vegan/R/orditkplot.R’:
     assign(dumpName, xy, envir = .GlobalEnv)
     assign(dumpName, xy, envir = .GlobalEnv)
Flavors: r-devel-linux-x86_64-debian-clang, r-devel-linux-x86_64-debian-gcc, r-patched-linux-x86_64, r-release-linux-x86_64

Version: 2.4-2
Check: compiled code
Result: NOTE
    File ‘vegan/libs/vegan.so’:
     Found no calls to: ‘R_registerRoutines’, ‘R_useDynamicSymbols’
    
    It is good practice to register native routines and to disable symbol
    search.
    
    See ‘Writing portable packages’ in the ‘Writing R Extensions’ manual.
Flavors: r-devel-linux-x86_64-debian-clang, r-devel-linux-x86_64-debian-gcc

Version: 2.4-2
Flags: --no-stop-on-test-error
Check: R code for possible problems
Result: NOTE
    Found the following assignments to the global environment:
    File ‘vegan/R/orditkplot.R’:
     assign(dumpName, xy, envir = .GlobalEnv)
     assign(dumpName, xy, envir = .GlobalEnv)
Flavors: r-devel-linux-x86_64-fedora-clang, r-devel-macos-x86_64-clang

Version: 2.4-2
Flags: --no-stop-on-test-error
Check: compiled code
Result: NOTE
    File ‘vegan/libs/vegan.so’:
     Found no calls to: ‘R_registerRoutines’, ‘R_useDynamicSymbols’
    
    It is good practice to register native routines and to disable symbol
    search.
    
    See ‘Writing portable packages’ in the ‘Writing R Extensions’ manual.
Flavors: r-devel-linux-x86_64-fedora-clang, r-devel-linux-x86_64-fedora-gcc, r-devel-macos-x86_64-clang