CRAN Package Check Results for Package vegan

Last updated on 2016-12-03 17:48:48.

Flavor Version Tinstall Tcheck Ttotal Status Flags
r-devel-linux-x86_64-debian-clang 2.4-1 7.99 175.68 183.67 NOTE
r-devel-linux-x86_64-debian-gcc 2.4-1 8.07 167.31 175.38 NOTE
r-devel-linux-x86_64-fedora-clang 2.4-1 333.36 NOTE
r-devel-linux-x86_64-fedora-gcc 2.4-1 325.65 OK
r-devel-macos-x86_64-clang 2.4-1 259.42 NOTE
r-devel-windows-ix86+x86_64 2.4-1 27.00 451.00 478.00 OK
r-patched-linux-x86_64 2.4-1 7.55 149.99 157.54 NOTE
r-patched-solaris-sparc 2.4-1 1643.20 OK --no-build-vignettes
r-patched-solaris-x86 2.4-1 336.30 OK
r-release-linux-x86_64 2.4-1 8.15 149.64 157.79 NOTE
r-release-osx-x86_64-mavericks 2.4-1 OK
r-release-windows-ix86+x86_64 2.4-1 34.00 399.00 433.00 OK
r-oldrel-windows-ix86+x86_64 2.4-1 41.00 327.00 368.00 OK

Check Details

Version: 2.4-1
Check: R code for possible problems
Result: NOTE
    Found the following assignments to the global environment:
    File ‘vegan/R/orditkplot.R’:
     assign(dumpName, xy, envir = .GlobalEnv)
     assign(dumpName, xy, envir = .GlobalEnv)
Flavors: r-devel-linux-x86_64-debian-clang, r-devel-linux-x86_64-debian-gcc, r-devel-linux-x86_64-fedora-clang, r-devel-macos-x86_64-clang, r-patched-linux-x86_64, r-release-linux-x86_64