CRAN Package Check Results for Package vegan

Last updated on 2020-01-26 23:47:48 CET.

Flavor Version Tinstall Tcheck Ttotal Status Flags
r-devel-linux-x86_64-debian-clang 2.5-6 40.75 290.45 331.20 OK
r-devel-linux-x86_64-debian-gcc 2.5-6 33.58 219.00 252.58 OK
r-devel-linux-x86_64-fedora-clang 2.5-6 397.14 OK
r-devel-linux-x86_64-fedora-gcc 2.5-6 397.10 OK
r-devel-windows-ix86+x86_64 2.5-6 85.00 558.00 643.00 OK
r-devel-windows-ix86+x86_64-gcc8 2.5-6 89.00 426.00 515.00 OK
r-patched-linux-x86_64 2.5-6 31.69 263.51 295.20 OK
r-patched-solaris-x86 2.5-6 471.50 OK
r-release-linux-x86_64 2.5-6 33.54 260.37 293.91 OK
r-release-windows-ix86+x86_64 2.5-6 56.00 392.00 448.00 OK
r-release-osx-x86_64 2.5-6 NOTE
r-oldrel-windows-ix86+x86_64 2.5-6 50.00 301.00 351.00 OK
r-oldrel-osx-x86_64 2.5-6 NOTE

Check Details

Version: 2.5-6
Check: dependencies in R code
Result: NOTE
    No protocol specified
    No protocol specified
Flavors: r-release-osx-x86_64, r-oldrel-osx-x86_64