CRAN Package Check Results for Package vegan

Last updated on 2016-06-29 19:48:44.

Flavor Version Tinstall Tcheck Ttotal Status Flags
r-devel-linux-x86_64-debian-gcc 2.4-0 9.03 156.50 165.52 NOTE
r-devel-linux-x86_64-fedora-clang 2.4-0 284.45 NOTE
r-devel-linux-x86_64-fedora-gcc 2.4-0 273.73 OK
r-devel-osx-x86_64-clang 2.4-0 233.57 NOTE
r-devel-windows-ix86+x86_64 2.4-0 25.00 419.00 444.00 OK
r-patched-linux-x86_64 2.4-0 8.64 152.05 160.69 NOTE
r-patched-solaris-sparc 2.4-0 1767.50 OK --no-build-vignettes
r-patched-solaris-x86 2.4-0 342.30 OK
r-release-linux-x86_64 2.4-0 8.39 150.51 158.90 NOTE
r-release-osx-x86_64-mavericks 2.4-0 NOTE
r-release-windows-ix86+x86_64 2.4-0 37.00 287.00 324.00 OK
r-oldrel-windows-ix86+x86_64 2.4-0 42.00 341.00 383.00 OK

Check Details

Version: 2.4-0
Check: R code for possible problems
Result: NOTE
    Found the following assignments to the global environment:
    File ‘vegan/R/orditkplot.R’:
     assign(dumpName, xy, envir = .GlobalEnv)
     assign(dumpName, xy, envir = .GlobalEnv)
Flavors: r-devel-linux-x86_64-debian-gcc, r-devel-linux-x86_64-fedora-clang, r-devel-osx-x86_64-clang, r-patched-linux-x86_64, r-release-linux-x86_64

Version: 2.4-0
Check: dependencies in R code
Result: NOTE
    Invalid MIT-MAGIC-COOKIE-1 key
Flavor: r-release-osx-x86_64-mavericks