CRAN Package Check Results for Package vegan

Last updated on 2020-04-05 20:48:49 CEST.

Flavor Version Tinstall Tcheck Ttotal Status Flags
r-devel-linux-x86_64-debian-clang 2.5-6 39.22 291.24 330.46 OK
r-devel-linux-x86_64-debian-gcc 2.5-6 1.09 5.35 6.44 ERROR
r-devel-linux-x86_64-fedora-clang 2.5-6 399.20 OK
r-devel-linux-x86_64-fedora-gcc 2.5-6 392.14 OK
r-devel-windows-ix86+x86_64 2.5-6 59.00 408.00 467.00 OK
r-devel-windows-ix86+x86_64-gcc8 2.5-6 63.00 414.00 477.00 OK
r-patched-linux-x86_64 2.5-6 38.41 283.39 321.80 OK
r-patched-solaris-x86 2.5-6 525.80 OK
r-release-linux-x86_64 2.5-6 33.05 266.92 299.97 OK
r-release-windows-ix86+x86_64 2.5-6 66.00 535.00 601.00 OK
r-release-osx-x86_64 2.5-6 NOTE
r-oldrel-windows-ix86+x86_64 2.5-6 77.00 367.00 444.00 OK
r-oldrel-osx-x86_64 2.5-6 NOTE

Check Details

Version: 2.5-6
Check: whether package can be installed
Result: ERROR
    Installation failed.
Flavor: r-devel-linux-x86_64-debian-gcc

Version: 2.5-6
Check: dependencies in R code
Result: NOTE
    No protocol specified
    No protocol specified
Flavors: r-release-osx-x86_64, r-oldrel-osx-x86_64