CRAN Package Check Results for Package vegan

Last updated on 2017-03-23 23:51:17.

Flavor Version Tinstall Tcheck Ttotal Status Flags
r-devel-linux-x86_64-debian-clang 2.4-2 8.29 164.68 172.97 NOTE
r-devel-linux-x86_64-debian-gcc 2.4-2 7.90 161.60 169.50 NOTE
r-devel-linux-x86_64-fedora-clang 2.4-2 322.44 NOTE --no-stop-on-test-error
r-devel-linux-x86_64-fedora-gcc 2.4-2 316.18 NOTE --no-stop-on-test-error
r-devel-macos-x86_64-clang 2.4-2 255.36 NOTE --no-stop-on-test-error
r-devel-windows-ix86+x86_64 2.4-2 33.00 347.00 380.00 OK
r-patched-linux-x86_64 2.4-2 7.95 146.52 154.46 NOTE
r-patched-solaris-sparc 2.4-2 1953.80 OK --no-build-vignettes
r-patched-solaris-x86 2.4-2 386.40 OK
r-release-linux-x86_64 2.4-2 8.28 149.27 157.55 NOTE
r-release-osx-x86_64-mavericks 2.4-2 OK
r-release-windows-ix86+x86_64 2.4-2 45.00 307.00 352.00 OK
r-oldrel-windows-ix86+x86_64 2.4-2 41.00 451.00 492.00 OK

Check Details

Version: 2.4-2
Check: R code for possible problems
Result: NOTE
    Found the following assignments to the global environment:
    File ‘vegan/R/orditkplot.R’:
     assign(dumpName, xy, envir = .GlobalEnv)
     assign(dumpName, xy, envir = .GlobalEnv)
Flavors: r-devel-linux-x86_64-debian-clang, r-devel-linux-x86_64-debian-gcc, r-patched-linux-x86_64, r-release-linux-x86_64

Version: 2.4-2
Check: compiled code
Result: NOTE
    File ‘vegan/libs/vegan.so’:
     Found no calls to: ‘R_registerRoutines’, ‘R_useDynamicSymbols’
    
    It is good practice to register native routines and to disable symbol
    search.
    
    See ‘Writing portable packages’ in the ‘Writing R Extensions’ manual.
Flavors: r-devel-linux-x86_64-debian-clang, r-devel-linux-x86_64-debian-gcc

Version: 2.4-2
Flags: --no-stop-on-test-error
Check: R code for possible problems
Result: NOTE
    Found the following assignments to the global environment:
    File ‘vegan/R/orditkplot.R’:
     assign(dumpName, xy, envir = .GlobalEnv)
     assign(dumpName, xy, envir = .GlobalEnv)
Flavors: r-devel-linux-x86_64-fedora-clang, r-devel-macos-x86_64-clang

Version: 2.4-2
Flags: --no-stop-on-test-error
Check: compiled code
Result: NOTE
    File ‘vegan/libs/vegan.so’:
     Found no calls to: ‘R_registerRoutines’, ‘R_useDynamicSymbols’
    
    It is good practice to register native routines and to disable symbol
    search.
    
    See ‘Writing portable packages’ in the ‘Writing R Extensions’ manual.
Flavors: r-devel-linux-x86_64-fedora-clang, r-devel-linux-x86_64-fedora-gcc, r-devel-macos-x86_64-clang