Last updated on 2023-04-01 11:51:45 CEST.
Flavor | Version | Tinstall | Tcheck | Ttotal | Status | Flags |
---|---|---|---|---|---|---|
r-devel-linux-x86_64-debian-clang | 2.6-4 | 37.15 | 370.66 | 407.81 | OK | |
r-devel-linux-x86_64-debian-gcc | 2.6-4 | 38.62 | 270.65 | 309.27 | OK | |
r-devel-linux-x86_64-fedora-clang | 2.6-4 | 501.49 | NOTE | |||
r-devel-linux-x86_64-fedora-gcc | 2.6-4 | 501.25 | OK | |||
r-patched-linux-x86_64 | 2.6-4 | 56.49 | 346.74 | 403.23 | OK | |
r-release-linux-x86_64 | 2.6-4 | 35.84 | 334.70 | 370.54 | OK | |
r-release-macos-arm64 | 2.6-4 | 155.00 | OK | |||
r-release-macos-x86_64 | 2.6-4 | 172.00 | OK | |||
r-release-windows-x86_64 | 2.6-4 | 106.00 | 530.00 | 636.00 | OK | |
r-oldrel-macos-arm64 | 2.6-4 | 140.00 | OK | |||
r-oldrel-macos-x86_64 | 2.6-4 | 173.00 | OK | |||
r-oldrel-windows-ix86+x86_64 | 2.6-4 | 83.00 | 523.00 | 606.00 | OK |
Version: 2.6-4
Check: Rd cross-references
Result: NOTE
Undeclared package ‘coda’ in Rd xrefs
Flavor: r-devel-linux-x86_64-fedora-clang