CRAN Package Check Results for Package vegan

Last updated on 2016-05-04 19:50:05.

Flavor Version Tinstall Tcheck Ttotal Status Flags
r-devel-linux-x86_64-debian-gcc 2.3-5 8.33 145.56 153.89 NOTE
r-devel-linux-x86_64-fedora-clang 2.3-5 279.35 NOTE
r-devel-linux-x86_64-fedora-gcc 2.3-5 260.02 OK
r-devel-osx-x86_64-clang 2.3-5 314.79 NOTE
r-devel-windows-ix86+x86_64 2.3-5 25.00 396.00 421.00 OK
r-patched-linux-x86_64 2.3-5 8.04 145.21 153.25 NOTE
r-patched-solaris-sparc 2.3-5 1612.60 OK --no-build-vignettes
r-patched-solaris-x86 2.3-5 336.20 OK
r-release-linux-x86_64 2.3-5 8.07 145.12 153.19 NOTE
r-release-osx-x86_64-mavericks 2.3-5 NOTE
r-release-windows-ix86+x86_64 2.3-5 25.00 396.00 421.00 OK
r-oldrel-windows-ix86+x86_64 2.3-5 43.00 424.00 467.00 OK

Check Details

Version: 2.3-5
Check: R code for possible problems
Result: NOTE
    Found the following assignments to the global environment:
    File ‘vegan/R/orditkplot.R’:
     assign(dumpName, xy, envir = .GlobalEnv)
     assign(dumpName, xy, envir = .GlobalEnv)
Flavors: r-devel-linux-x86_64-debian-gcc, r-devel-linux-x86_64-fedora-clang, r-devel-osx-x86_64-clang, r-patched-linux-x86_64, r-release-linux-x86_64

Version: 2.3-5
Check: dependencies in R code
Result: NOTE
    Invalid MIT-MAGIC-COOKIE-1 key
Flavor: r-release-osx-x86_64-mavericks