CRAN Package Check Results for Package vegclust

Last updated on 2017-05-24 11:50:20.

Flavor Version Tinstall Tcheck Ttotal Status Flags
r-devel-linux-x86_64-debian-clang 1.6.5 3.36 63.28 66.63 OK
r-devel-linux-x86_64-debian-gcc 1.6.5 3.06 62.14 65.20 OK
r-devel-linux-x86_64-fedora-clang 1.6.5 139.36 OK --no-stop-on-test-error
r-devel-linux-x86_64-fedora-gcc 1.6.5 132.91 OK --no-stop-on-test-error
r-devel-windows-ix86+x86_64 1.6.5 9.00 125.00 134.00 OK
r-patched-linux-x86_64 1.6.5 3.08 61.49 64.57 OK
r-patched-solaris-sparc 1.6.5 777.40 OK
r-patched-solaris-x86 1.6.5 168.50 OK
r-release-linux-x86_64 1.6.5 3.51 62.21 65.72 OK
r-release-windows-ix86+x86_64 1.6.5 9.00 148.00 157.00 OK
r-release-osx-x86_64 1.6.5 NOTE
r-oldrel-windows-ix86+x86_64 1.6.5 12.00 136.00 148.00 OK
r-oldrel-osx-x86_64 1.6.5 OK

Check Details

Version: 1.6.5
Check: re-building of vignette outputs
Result: NOTE
    Error in re-building vignettes:
     ...
    Loading required package: vegan
    Loading required package: permute
    Loading required package: lattice
    This is vegan 2.4-2
    Error in texi2dvi(file = file, pdf = TRUE, clean = clean, quiet = quiet, :
     Running 'texi2dvi' on 'MedRegExample.tex' failed.
    LaTeX errors:
    ! LaTeX Error: File `authblk.sty' not found.
    
    Type X to quit or <RETURN> to proceed,
    or enter new name. (Default extension: sty)
    
    ! Emergency stop.
    <read *>
    
    l.5 ^^M
    
    ! ==> Fatal error occurred, no output PDF file produced!
    Calls: buildVignettes -> texi2pdf -> texi2dvi
    Execution halted
Flavor: r-release-osx-x86_64