CRAN Package Check Results for Package vegclust

Last updated on 2014-10-25 19:47:52.

Flavor Version Tinstall Tcheck Ttotal Status Flags
r-devel-linux-x86_64-debian-clang 1.6.3 1.54 39.49 41.03 NOTE
r-devel-linux-x86_64-debian-gcc 1.6.3 1.50 38.94 40.43 NOTE
r-devel-linux-x86_64-fedora-clang 1.6.3 86.28 NOTE
r-devel-linux-x86_64-fedora-gcc 1.6.3 81.82 NOTE
r-devel-osx-x86_64-clang 1.6.3 81.05 NOTE
r-devel-windows-ix86+x86_64 1.6.3 5.00 53.00 58.00 NOTE
r-patched-linux-x86_64 1.6.3 1.52 41.19 42.72 NOTE
r-patched-solaris-sparc 1.6.3 487.10 NOTE
r-patched-solaris-x86 1.6.3 103.10 NOTE
r-release-linux-ix86 1.6.3 2.06 51.60 53.66 NOTE
r-release-linux-x86_64 1.6.3 1.57 41.36 42.93 NOTE
r-release-osx-x86_64-mavericks 1.6.3 NOTE
r-release-osx-x86_64-snowleopard 1.6.3 NOTE
r-release-windows-ix86+x86_64 1.6.3 5.00 59.00 64.00 NOTE
r-oldrel-windows-ix86+x86_64 1.6.3 5.00 63.00 68.00 NOTE

Check Details

Version: 1.6.3
Check: dependencies in R code
Result: NOTE
    Packages in Depends field not imported from:
     ‘sp’ ‘vegan’
     These packages need to be imported from (in the NAMESPACE file)
     for when this namespace is loaded but not attached.
    See the information on DESCRIPTION files in the chapter ‘Creating R
    packages’ of the ‘Writing R Extensions’ manual.
Flavors: r-devel-linux-x86_64-debian-clang, r-devel-linux-x86_64-debian-gcc, r-devel-linux-x86_64-fedora-clang, r-devel-linux-x86_64-fedora-gcc, r-devel-osx-x86_64-clang, r-devel-windows-ix86+x86_64, r-patched-linux-x86_64, r-patched-solaris-sparc, r-patched-solaris-x86, r-release-linux-ix86, r-release-linux-x86_64, r-release-osx-x86_64-mavericks, r-release-windows-ix86+x86_64, r-oldrel-windows-ix86+x86_64

Version: 1.6.3
Check: R code for possible problems
Result: NOTE
    vegdiststruct: no visible global function definition for ‘decostand’
Flavors: r-devel-linux-x86_64-debian-clang, r-devel-linux-x86_64-debian-gcc, r-devel-linux-x86_64-fedora-clang, r-devel-linux-x86_64-fedora-gcc, r-devel-osx-x86_64-clang, r-devel-windows-ix86+x86_64, r-patched-linux-x86_64, r-patched-solaris-sparc, r-patched-solaris-x86

Version: 1.6.3
Check: re-building of vignette outputs
Result: NOTE
    Error in re-building vignettes:
     ...
    Loading required package: vegan
    Loading required package: permute
    Loading required package: lattice
    This is vegan 2.0-10
    Loading required package: sp
    Error in texi2dvi(file = file, pdf = TRUE, clean = clean, quiet = quiet, :
     Running 'texi2dvi' on 'MedRegExample.tex' failed.
    LaTeX errors:
    ! LaTeX Error: File `authblk.sty' not found.
    
    Type X to quit or <RETURN> to proceed,
    or enter new name. (Default extension: sty)
    
    n_test/vegclust/vignettes/MedRegExample.tex:5: ==> Fatal error occurred, no ou
    tput PDF file produced!
    Calls: buildVignettes -> texi2pdf -> texi2dvi
    Execution halted
Flavor: r-release-osx-x86_64-mavericks

Version: 1.6.3
Check: re-building of vignette outputs
Result: NOTE
    Error in re-building vignettes:
     ...
    Loading required package: vegan
    Loading required package: permute
    Loading required package: lattice
    This is vegan 2.0-9
    Loading required package: sp
    Error in texi2dvi(file = file, pdf = TRUE, clean = clean, quiet = quiet, :
     Running 'texi2dvi' on 'MedRegExample.tex' failed.
    LaTeX errors:
    ! LaTeX Error: File `authblk.sty' not found.
    
    Type X to quit or <RETURN> to proceed,
    or enter new name. (Default extension: sty)
    Calls: buildVignettes -> texi2pdf -> texi2dvi
    Execution halted
Flavor: r-release-osx-x86_64-snowleopard