CRAN Package Check Results for Package vegclust

Last updated on 2017-08-22 04:47:24.

Flavor Version Tinstall Tcheck Ttotal Status Flags
r-devel-linux-x86_64-debian-clang 1.6.5 3.50 66.66 70.16 OK
r-devel-linux-x86_64-debian-gcc 1.6.5 3.01 63.14 66.15 OK
r-devel-linux-x86_64-fedora-clang 1.6.5 139.23 OK
r-devel-linux-x86_64-fedora-gcc 1.6.5 134.13 OK
r-devel-windows-ix86+x86_64 1.6.5 13.00 103.00 116.00 OK
r-patched-linux-x86_64 1.6.5 3.58 62.90 66.48 OK
r-patched-solaris-x86 1.6.5 174.10 OK
r-release-linux-x86_64 1.6.5 3.31 63.54 66.85 OK
r-release-windows-ix86+x86_64 1.6.5 10.00 144.00 154.00 OK
r-release-osx-x86_64 1.6.5 NOTE
r-oldrel-windows-ix86+x86_64 1.6.5 9.00 100.00 109.00 OK
r-oldrel-osx-x86_64 1.6.5 OK

Check Details

Version: 1.6.5
Check: re-building of vignette outputs
Result: NOTE
    Error in re-building vignettes:
     ...
    Loading required package: vegan
    Loading required package: permute
    Loading required package: lattice
    This is vegan 2.4-2
    Error in texi2dvi(file = file, pdf = TRUE, clean = clean, quiet = quiet, :
     Running 'texi2dvi' on 'MedRegExample.tex' failed.
    LaTeX errors:
    ! LaTeX Error: File `authblk.sty' not found.
    
    Type X to quit or <RETURN> to proceed,
    or enter new name. (Default extension: sty)
    
    ! Emergency stop.
    <read *>
    
    l.5 ^^M
    
    ! ==> Fatal error occurred, no output PDF file produced!
    Calls: buildVignettes -> texi2pdf -> texi2dvi
    Execution halted
Flavor: r-release-osx-x86_64