CRAN Package Check Results for Package vegclust

Last updated on 2017-12-11 19:48:43 CET.

Flavor Version Tinstall Tcheck Ttotal Status Flags
r-devel-linux-x86_64-debian-clang 1.7.1 13.39 92.03 105.42 OK
r-devel-linux-x86_64-debian-gcc 1.7.1 11.81 80.48 92.29 OK
r-devel-linux-x86_64-fedora-clang 1.7.1 148.42 OK
r-devel-linux-x86_64-fedora-gcc 1.7.1 144.68 OK
r-devel-windows-ix86+x86_64 1.7.1 47.00 148.00 195.00 OK
r-patched-linux-x86_64 1.7.1 13.76 108.20 121.96 OK
r-patched-solaris-x86 1.7.1 193.90 OK
r-release-linux-x86_64 1.7.1 15.31 111.19 126.50 OK
r-release-windows-ix86+x86_64 1.7.1 34.00 225.00 259.00 OK
r-release-osx-x86_64 1.7.1 NOTE
r-oldrel-windows-ix86+x86_64 1.6.5 7.00 98.00 105.00 OK
r-oldrel-osx-x86_64 1.7.1 ERROR

Check Details

Version: 1.7.1
Check: re-building of vignette outputs
Result: NOTE
    Error in re-building vignettes:
     ...
    Loading required package: vegan
    Loading required package: permute
    Loading required package: lattice
    This is vegan 2.4-4
    Error in texi2dvi(file = file, pdf = TRUE, clean = clean, quiet = quiet, :
     Running 'texi2dvi' on 'MedRegExample.tex' failed.
    LaTeX errors:
    ! LaTeX Error: File `authblk.sty' not found.
    
    Type X to quit or <RETURN> to proceed,
    or enter new name. (Default extension: sty)
    
    ! Emergency stop.
    <read *>
    
    l.5 ^^M
    
    ! ==> Fatal error occurred, no output PDF file produced!
    Calls: buildVignettes -> texi2pdf -> texi2dvi
    Execution halted
Flavor: r-release-osx-x86_64

Version: 1.7.1
Check: whether package can be installed
Result: ERROR
    Installation failed.
Flavor: r-oldrel-osx-x86_64