Last updated on 2018-04-25 08:51:50 CEST.
Flavor | Version | Tinstall | Tcheck | Ttotal | Status | Flags |
---|---|---|---|---|---|---|
r-devel-linux-x86_64-debian-clang | 1.7.1 | 18.80 | 99.51 | 118.31 | NOTE | |
r-devel-linux-x86_64-debian-gcc | 1.7.1 | 15.95 | 77.51 | 93.46 | NOTE | |
r-devel-linux-x86_64-fedora-clang | 1.7.1 | 150.54 | NOTE | |||
r-devel-linux-x86_64-fedora-gcc | 1.7.1 | 146.09 | NOTE | |||
r-devel-windows-ix86+x86_64 | 1.7.1 | 52.00 | 144.00 | 196.00 | OK | |
r-patched-linux-x86_64 | 1.7.1 | 20.79 | 98.77 | 119.56 | NOTE | |
r-patched-solaris-x86 | 1.7.1 | 200.50 | OK | |||
r-release-linux-x86_64 | 1.7.1 | 21.26 | 97.78 | 119.04 | NOTE | |
r-release-windows-ix86+x86_64 | 1.7.1 | 52.00 | 144.00 | 196.00 | OK | |
r-release-osx-x86_64 | 1.7.1 | OK | ||||
r-oldrel-windows-ix86+x86_64 | 1.7.1 | 29.00 | 206.00 | 235.00 | OK | |
r-oldrel-osx-x86_64 | 1.7.1 | NOTE |
Version: 1.7.1
Check: DESCRIPTION meta-information
Result: NOTE
Dependence on R version ‘3.4.1’ not with patchlevel 0
Flavors: r-devel-linux-x86_64-debian-clang, r-devel-linux-x86_64-debian-gcc, r-devel-linux-x86_64-fedora-clang, r-devel-linux-x86_64-fedora-gcc, r-patched-linux-x86_64, r-release-linux-x86_64
Version: 1.7.1
Check: re-building of vignette outputs
Result: NOTE
Error in re-building vignettes:
...
Loading required package: vegan
Loading required package: permute
Loading required package: lattice
This is vegan 2.4-4
Error in texi2dvi(file = file, pdf = TRUE, clean = clean, quiet = quiet, :
Running 'texi2dvi' on 'MedRegExample.tex' failed.
LaTeX errors:
! LaTeX Error: File `authblk.sty' not found.
Type X to quit or <RETURN> to proceed,
or enter new name. (Default extension: sty)
! Emergency stop.
<read *>
l.5 ^^M
! ==> Fatal error occurred, no output PDF file produced!
Calls: buildVignettes -> texi2pdf -> texi2dvi
Execution halted
Flavor: r-oldrel-osx-x86_64