CRAN Package Check Results for Package vegclust

Last updated on 2014-04-18 20:48:10.

Flavor Version Tinstall Tcheck Ttotal Status Flags
r-devel-linux-x86_64-debian-clang 1.6.3 1.69 40.85 42.54 NOTE
r-devel-linux-x86_64-debian-gcc NOTE
r-devel-linux-x86_64-fedora-clang 1.6.3 91.27 NOTE
r-devel-linux-x86_64-fedora-gcc 1.6.3 87.49 NOTE
r-devel-macosx-x86_64-clang 1.6.3 81.54 NOTE
r-devel-macosx-x86_64-gcc 1.6.3 ERROR
r-devel-windows-ix86+x86_64 1.6.3 5.00 63.00 68.00 NOTE
r-patched-linux-x86_64 1.6.3 1.64 40.57 42.20 NOTE
r-patched-solaris-sparc 1.6.3 477.20 NOTE
r-patched-solaris-x86 1.6.3 107.00 NOTE
r-release-linux-ix86 1.6.3 3.00 68.00 71.00 NOTE
r-release-linux-x86_64 1.6.3 1.62 40.02 41.63 NOTE
r-release-macosx-x86_64 1.6.3 NOTE
r-release-windows-ix86+x86_64 1.6.3 5.00 60.00 65.00 NOTE
r-oldrel-windows-ix86+x86_64 1.6.3 5.00 61.00 66.00 NOTE

Check Details

Version: 1.6.3
Check: dependencies in R code
Result: NOTE
    Packages in Depends field not imported from:
     ‘sp’ ‘vegan’
     These packages need to be imported from (in the NAMESPACE file)
     for when this namespace is loaded but not attached.
    See the information on DESCRIPTION files in the chapter ‘Creating R
    packages’ of the ‘Writing R Extensions’ manual.
Flavors: r-devel-linux-x86_64-debian-clang, r-devel-linux-x86_64-debian-gcc, r-devel-linux-x86_64-fedora-clang, r-devel-linux-x86_64-fedora-gcc, r-devel-macosx-x86_64-clang, r-devel-windows-ix86+x86_64, r-patched-linux-x86_64, r-patched-solaris-sparc, r-patched-solaris-x86, r-release-linux-ix86, r-release-linux-x86_64, r-release-windows-ix86+x86_64, r-oldrel-windows-ix86+x86_64

Version: 1.6.3
Check: package dependencies
Result: ERROR
    Package required but not available: ‘vegan’
    
    See the information on DESCRIPTION files in the chapter ‘Creating R
    packages’ of the ‘Writing R Extensions’ manual.
Flavor: r-devel-macosx-x86_64-gcc

Version: 1.6.3
Check: re-building of vignette outputs
Result: NOTE
    Error in re-building vignettes:
     ...
    Loading required package: vegan
    Loading required package: permute
    Loading required package: lattice
    This is vegan 2.0-9
    Loading required package: sp
    Error in texi2dvi(file = file, pdf = TRUE, clean = clean, quiet = quiet, :
     Running 'texi2dvi' on 'MedRegExample.tex' failed.
    LaTeX errors:
    ! LaTeX Error: File `authblk.sty' not found.
    
    Type X to quit or <RETURN> to proceed,
    or enter new name. (Default extension: sty)
    Calls: buildVignettes -> texi2pdf -> texi2dvi
    Execution halted
Flavor: r-release-macosx-x86_64