CRAN Package Check Results for Package vegclust

Last updated on 2014-11-23 16:46:44.

Flavor Version Tinstall Tcheck Ttotal Status Flags
r-devel-linux-x86_64-debian-clang 1.6.3 4.52 69.76 74.28 NOTE
r-devel-linux-x86_64-debian-gcc 1.6.3 4.28 68.38 72.66 NOTE
r-devel-linux-x86_64-fedora-clang 1.6.3 163.94 NOTE
r-devel-linux-x86_64-fedora-gcc 1.6.3 156.96 NOTE
r-devel-osx-x86_64-clang 1.6.3 81.22 NOTE
r-devel-windows-ix86+x86_64 1.6.3 10.00 92.00 102.00 NOTE
r-patched-linux-x86_64 1.6.3 4.58 71.26 75.84 NOTE
r-patched-solaris-sparc 1.6.3 487.10 NOTE
r-patched-solaris-x86 1.6.3 183.30 NOTE
r-release-linux-ix86 1.6.3 5.78 88.76 94.54 NOTE
r-release-linux-x86_64 1.6.3 4.50 72.05 76.56 NOTE
r-release-osx-x86_64-mavericks 1.6.3 NOTE
r-release-osx-x86_64-snowleopard 1.6.3 NOTE
r-release-windows-ix86+x86_64 1.6.3 14.00 108.00 122.00 NOTE
r-oldrel-windows-ix86+x86_64 1.6.3 13.00 108.00 121.00 NOTE

Check Details

Version: 1.6.3
Check: dependencies in R code
Result: NOTE
    Packages in Depends field not imported from:
     ‘sp’ ‘vegan’
     These packages need to be imported from (in the NAMESPACE file)
     for when this namespace is loaded but not attached.
    See the information on DESCRIPTION files in the chapter ‘Creating R
    packages’ of the ‘Writing R Extensions’ manual.
Flavors: r-devel-linux-x86_64-debian-clang, r-devel-linux-x86_64-debian-gcc, r-devel-linux-x86_64-fedora-clang, r-devel-linux-x86_64-fedora-gcc, r-devel-osx-x86_64-clang, r-devel-windows-ix86+x86_64, r-patched-linux-x86_64, r-patched-solaris-sparc, r-patched-solaris-x86, r-release-linux-ix86, r-release-linux-x86_64, r-release-osx-x86_64-mavericks, r-release-windows-ix86+x86_64, r-oldrel-windows-ix86+x86_64

Version: 1.6.3
Check: R code for possible problems
Result: NOTE
    vegdiststruct: no visible global function definition for ‘decostand’
Flavors: r-devel-linux-x86_64-debian-clang, r-devel-linux-x86_64-debian-gcc, r-devel-linux-x86_64-fedora-clang, r-devel-linux-x86_64-fedora-gcc, r-devel-osx-x86_64-clang, r-devel-windows-ix86+x86_64, r-patched-linux-x86_64, r-patched-solaris-sparc, r-patched-solaris-x86, r-release-linux-ix86, r-release-linux-x86_64, r-release-windows-ix86+x86_64

Version: 1.6.3
Check: re-building of vignette outputs
Result: NOTE
    Error in re-building vignettes:
     ...
    Loading required package: vegan
    Loading required package: permute
    Loading required package: lattice
    This is vegan 2.0-10
    Loading required package: sp
    Error in texi2dvi(file = file, pdf = TRUE, clean = clean, quiet = quiet, :
     Running 'texi2dvi' on 'MedRegExample.tex' failed.
    LaTeX errors:
    ! LaTeX Error: File `authblk.sty' not found.
    
    Type X to quit or <RETURN> to proceed,
    or enter new name. (Default extension: sty)
    
    n_test/vegclust/vignettes/MedRegExample.tex:5: ==> Fatal error occurred, no ou
    tput PDF file produced!
    Calls: buildVignettes -> texi2pdf -> texi2dvi
    Execution halted
Flavor: r-release-osx-x86_64-mavericks

Version: 1.6.3
Check: re-building of vignette outputs
Result: NOTE
    Error in re-building vignettes:
     ...
    Loading required package: vegan
    Loading required package: permute
    Loading required package: lattice
    This is vegan 2.0-9
    Loading required package: sp
    Error in texi2dvi(file = file, pdf = TRUE, clean = clean, quiet = quiet, :
     Running 'texi2dvi' on 'MedRegExample.tex' failed.
    LaTeX errors:
    ! LaTeX Error: File `authblk.sty' not found.
    
    Type X to quit or <RETURN> to proceed,
    or enter new name. (Default extension: sty)
    Calls: buildVignettes -> texi2pdf -> texi2dvi
    Execution halted
Flavor: r-release-osx-x86_64-snowleopard