CRAN Package Check Results for Package vegdata

Last updated on 2014-10-23 10:48:19.

Flavor Version Tinstall Tcheck Ttotal Status Flags
r-devel-linux-x86_64-debian-clang 0.6-6 1.42 57.05 58.47 NOTE
r-devel-linux-x86_64-debian-gcc 0.6-6 1.40 54.30 55.70 NOTE
r-devel-linux-x86_64-fedora-clang 0.6-6 111.81 NOTE
r-devel-linux-x86_64-fedora-gcc 0.6-6 107.46 NOTE
r-devel-osx-x86_64-clang 0.6-6 109.95 NOTE
r-devel-windows-ix86+x86_64 0.6-6 5.00 74.00 79.00 NOTE
r-patched-linux-x86_64 0.6-6 1.64 57.70 59.34 NOTE
r-patched-solaris-sparc 0.6-6 324.80 NOTE --no-vignettes
r-patched-solaris-x86 0.6-6 71.50 NOTE --no-vignettes
r-release-linux-ix86 0.6-6 1.89 73.14 75.02 OK
r-release-linux-x86_64 0.6-6 1.38 59.39 60.78 OK
r-release-osx-x86_64-mavericks 0.6-6 NOTE
r-release-osx-x86_64-snowleopard 0.6-6 OK
r-release-windows-ix86+x86_64 0.6-6 5.00 87.00 92.00 NOTE
r-oldrel-windows-ix86+x86_64 0.6-6 5.00 88.00 93.00 NOTE

Check Details

Version: 0.6-6
Check: R code for possible problems
Result: NOTE
    child: no visible global function definition for ‘gwindow’
    child: no visible global function definition for ‘gtree’
    child: no visible global function definition for
     ‘addHandlerDoubleclick’
    child : <anonymous>: no visible global function definition for ‘svalue’
    syntab: no visible global function definition for ‘multipatt’
    tv.compRefl: no visible global function definition for ‘write.dbf’
    tv.veg: no visible binding for global variable ‘lc.1’
    tv.write: no visible global function definition for ‘write.dbf’
Flavors: r-devel-linux-x86_64-debian-clang, r-devel-linux-x86_64-debian-gcc, r-devel-linux-x86_64-fedora-clang, r-devel-linux-x86_64-fedora-gcc, r-devel-osx-x86_64-clang, r-devel-windows-ix86+x86_64, r-patched-linux-x86_64

Version: 0.6-6
Check: re-building of vignette outputs
Result: NOTE
    Error in re-building vignettes:
     ...
    LaTeX.
    
    See the inputenc package documentation for explanation.
    Type H <return> for immediate help
    a.tex:226: Package inputenc Error: Unicode char \u8:Âh not set up for use with
    LaTeX.
    
    See the inputenc package documentation for explanation.
    Type H <return> for immediate help
    a.tex:245: Package inputenc Error: Keyboard character used is undefined
    (inputenc) in inputencoding `utf8'.
    
    See the inputenc package documentation for explanation.
    Type H <return> for immediate help
    a.tex:273: Package inputenc Error: Unicode char \u8:Âh not set up for use with
    LaTeX.
    
    See the inputenc package documentation for explanation.
    Type H <return> for immediate help
    a.tex:273: Package inputenc Error: Unicode char \u8:Âh not set up for use with
    LaTeX.
    
    See the inputenc package documentation for explanation.
    Type H <return> for immediat
    Execution halted
Flavors: r-devel-windows-ix86+x86_64, r-release-windows-ix86+x86_64, r-oldrel-windows-ix86+x86_64

Version: 0.6-6
Flags: --no-vignettes
Check: R code for possible problems
Result: NOTE
    child: no visible global function definition for ‘gwindow’
    child: no visible global function definition for ‘gtree’
    child: no visible global function definition for
     ‘addHandlerDoubleclick’
    child : <anonymous>: no visible global function definition for ‘svalue’
    syntab: no visible global function definition for ‘multipatt’
    tv.compRefl: no visible global function definition for ‘write.dbf’
    tv.veg: no visible binding for global variable ‘lc.1’
    tv.write: no visible global function definition for ‘write.dbf’
Flavors: r-patched-solaris-sparc, r-patched-solaris-x86

Version: 0.6-6
Check: re-building of vignette outputs
Result: NOTE
    Error in re-building vignettes:
     ...
    Content type 'application/zip' length 3059835 bytes (2.9 Mb)
    opened URL
    ==================================================
    downloaded 2.9 Mb
    
    Warning in tv.site(db) :
     1 releves without date. Not converted from factor to date format.
    trying URL 'http://geobot.botanik.uni-greifswald.de/download/data/T302.xml'
    Content type 'application/xml' length 1286416 bytes (1.2 Mb)
    opened URL
    ==================================================
    downloaded 1.2 Mb
    
    Error in texi2dvi(file = file, pdf = TRUE, clean = clean, quiet = quiet, :
     Running 'texi2dvi' on 'vegdata.tex' failed.
    LaTeX errors:
    ! LaTeX Error: File `csquotes.sty' not found.
    
    Type X to quit or <RETURN> to proceed,
    or enter new name. (Default extension: sty)
    
    _test/vegdata/vignettes/vegdata.tex:64: ==> Fatal error occurred, no output PD
    F file produced!
    Calls: buildVignettes -> texi2pdf -> texi2dvi
    Execution halted
Flavor: r-release-osx-x86_64-mavericks