CRAN Package Check Results for Package vegdata

Last updated on 2015-07-07 15:46:55.

Flavor Version Tinstall Tcheck Ttotal Status Flags
r-devel-linux-x86_64-debian-clang 0.6.9 1.24 35.97 37.21 NOTE
r-devel-linux-x86_64-debian-gcc 0.6.9 1.16 33.30 34.46 NOTE
r-devel-linux-x86_64-fedora-clang 0.6.9 64.81 NOTE
r-devel-linux-x86_64-fedora-gcc 0.6.9 61.33 NOTE
r-devel-osx-x86_64-clang 0.6.9 54.43 OK
r-devel-windows-ix86+x86_64 0.6.9 9.00 54.00 63.00 NOTE
r-patched-linux-x86_64 0.6.9 1.14 34.13 35.27 OK
r-patched-solaris-sparc 0.6.9 249.00 OK --no-vignettes
r-patched-solaris-x86 0.6.9 53.30 OK --no-vignettes
r-release-linux-x86_64 0.6.9 1.48 33.24 34.72 OK
r-release-osx-x86_64-mavericks 0.6.9 NOTE
r-release-windows-ix86+x86_64 0.6.9 6.00 54.00 60.00 OK
r-oldrel-windows-ix86+x86_64 0.6.9 6.00 63.00 69.00 OK

Check Details

Version: 0.6.9
Check: R code for possible problems
Result: NOTE
    ESveg.site: no visible global function definition for ‘type.convert’
    load.taxlist: no visible global function definition for ‘download.file’
    load.taxlist: no visible global function definition for ‘unzip’
    monotypic: no visible global function definition for ‘write.csv’
    tv.compRefl: no visible global function definition for ‘write.csv’
    tv.traits: no visible global function definition for ‘type.convert’
    tv.veg: Error while checking: invalid ‘envir’ argument
    Undefined global functions or variables:
     download.file type.convert unzip write.csv
Flavors: r-devel-linux-x86_64-debian-clang, r-devel-linux-x86_64-debian-gcc, r-devel-linux-x86_64-fedora-clang, r-devel-linux-x86_64-fedora-gcc

Version: 0.6.9
Check: R code for possible problems
Result: NOTE
    ESveg.site: no visible global function definition for 'type.convert'
    load.taxlist: no visible global function definition for 'download.file'
    load.taxlist: no visible global function definition for 'unzip'
    monotypic: no visible global function definition for 'write.csv'
    tv.compRefl: no visible global function definition for 'write.csv'
    tv.traits: no visible global function definition for 'type.convert'
    tv.veg: no visible global function definition for 'data'
    tv.veg: no visible global function definition for 'type.convert'
    Undefined global functions or variables:
     data download.file type.convert unzip write.csv
Flavor: r-devel-windows-ix86+x86_64

Version: 0.6.9
Check: package dependencies
Result: NOTE
    Package suggested but not available for checking: ‘indicspecies’
Flavor: r-release-osx-x86_64-mavericks

Version: 0.6.9
Check: re-building of vignette outputs
Result: NOTE
    Error in re-building vignettes:
     ...
    trying URL 'http://geobot.botanik.uni-greifswald.de/download/GermanSL/version1.2/GermanSL.zip'
    Content type 'application/zip' length 3059835 bytes (2.9 MB)
    ==================================================
    downloaded 2.9 MB
    
    Warning in tv.site(db, tv_home, quiet = TRUE) :
     1 releves without date. Not converted from factor to date format.
    Warning in tv.site(db, tv_home, quiet = TRUE) :
     1 releves without date. Not converted from factor to date format.
    Warning in tv.site(db, tv_home, quiet = TRUE) :
     1 releves without date. Not converted from factor to date format.
    Warning in tv.site(db, tv_home, quiet = TRUE) :
     1 releves without date. Not converted from factor to date format.
    Warning in tv.site("taxatest") :
     1 releves without date. Not converted from factor to date format.
    Warning in library(package, lib.loc = lib.loc, character.only = TRUE, logical.return = TRUE, :
     there is no package called 'indicspecies'
    Quitting from lines 427-433 (vegdata.Rnw)
    Error: processing vignette 'vegdata.Rnw' failed with diagnostics:
    Package indicspecies needed (function multipatt)
    Execution halted
Flavor: r-release-osx-x86_64-mavericks