CRAN Package Check Results for Package vegdata

Last updated on 2016-02-08 19:48:44.

Flavor Version Tinstall Tcheck Ttotal Status Flags
r-devel-linux-x86_64-debian-gcc 0.8.6 1.24 34.08 35.32 OK
r-devel-linux-x86_64-fedora-clang 0.8.6 63.57 OK
r-devel-linux-x86_64-fedora-gcc 0.8.6 60.95 OK
r-devel-osx-x86_64-clang 0.8.6 75.55 OK
r-devel-windows-ix86+x86_64 0.8.6 6.00 61.00 67.00 OK
r-patched-linux-x86_64 0.8.6 1.30 38.36 39.65 OK
r-patched-solaris-sparc 0.8.6 283.00 ERROR --no-vignettes
r-patched-solaris-x86 0.8.6 60.00 ERROR --no-vignettes
r-release-linux-x86_64 0.8.6 1.27 38.25 39.51 OK
r-release-osx-x86_64-mavericks 0.8.6 OK
r-release-windows-ix86+x86_64 0.8.6 6.00 66.00 72.00 OK
r-oldrel-windows-ix86+x86_64 0.8.6 9.00 103.00 112.00 OK

Check Details

Version: 0.8.6
Flags: --no-vignettes
Check: examples
Result: ERROR
    Running examples in ‘vegdata-Ex.R’ failed
    The error most likely occurred in:
    
    > ### Name: isc
    > ### Title: Indicate site conditions with community weighted mean values of
    > ### traits or with mode of gradient classes (sum of species amplitudes).
    > ### Aliases: isc showindiplot
    > ### Keywords: misc
    >
    > ### ** Examples
    >
    > db <- 'elbaue'
    > veg <- tv.veg(db, cover.transform='sqrt', check.critical = FALSE)
    
    No Turbowin installation path found.
    
    ############################################################
    Turboveg root directory is set to "/tmp/RtmpTTaW.F"
    If you want to change this use: options(tv_home="<path_to_your_Turbowin_root>")
    ############################################################
    Taxonomic reference list: GermanSL 1.3
    Original number of names: 53
    Taxonomic reference list file /tmp/RtmpTTaW.F/Species/GermanSL 1.3/tax.dbf does not exist.
    
    Taxonomic list (tax.dbf) of reflist (version) GermanSL 1.3 not available.
    
    
    trying URL 'http://geobot.botanik.uni-greifswald.de/download/GermanSL/version1.3/GermanSL.zip'
    Content type 'application/zip' length 2606989 bytes (2.5 MB)
    ==================================================
    downloaded 2.5 MB
    
    6 Synonyms found in dataset. Changed to valid names.
    0 monotypic taxa found in dataset.
    Number of taxa after harmonisation: 53
    converting cover code ...
    Error in iconv(site[, i], iconv, "") :
     unsupported conversion from 'CP437' to ''
    Calls: tv.veg -> tv.site -> iconv
    Execution halted
Flavor: r-patched-solaris-sparc

Version: 0.8.6
Flags: --no-vignettes
Check: examples
Result: ERROR
    Running examples in ‘vegdata-Ex.R’ failed
    The error most likely occurred in:
    
    > ### Name: isc
    > ### Title: Indicate site conditions with community weighted mean values of
    > ### traits or with mode of gradient classes (sum of species amplitudes).
    > ### Aliases: isc showindiplot
    > ### Keywords: misc
    >
    > ### ** Examples
    >
    > db <- 'elbaue'
    > veg <- tv.veg(db, cover.transform='sqrt', check.critical = FALSE)
    
    No Turbowin installation path found.
    
    ############################################################
    Turboveg root directory is set to "/tmp/RtmprkaaHe"
    If you want to change this use: options(tv_home="<path_to_your_Turbowin_root>")
    ############################################################
    Taxonomic reference list: GermanSL 1.3
    Original number of names: 53
    Taxonomic reference list file /tmp/RtmprkaaHe/Species/GermanSL 1.3/tax.dbf does not exist.
    
    Taxonomic list (tax.dbf) of reflist (version) GermanSL 1.3 not available.
    
    
    trying URL 'http://geobot.botanik.uni-greifswald.de/download/GermanSL/version1.3/GermanSL.zip'
    Content type 'application/zip' length 2606989 bytes (2.5 MB)
    ==================================================
    downloaded 2.5 MB
    
    6 Synonyms found in dataset. Changed to valid names.
    0 monotypic taxa found in dataset.
    Number of taxa after harmonisation: 53
    converting cover code ...
    Error in iconv(site[, i], iconv, "") :
     unsupported conversion from 'CP437' to ''
    Calls: tv.veg -> tv.site -> iconv
    Execution halted
Flavor: r-patched-solaris-x86