CRAN Package Check Results for Package vegdata

Last updated on 2015-09-02 05:47:31.

Flavor Version Tinstall Tcheck Ttotal Status Flags
r-devel-linux-x86_64-debian-clang 0.7 1.23 35.94 37.18 OK
r-devel-linux-x86_64-debian-gcc 0.7 1.08 35.07 36.15 OK
r-devel-linux-x86_64-fedora-clang 0.7 67.68 OK
r-devel-linux-x86_64-fedora-gcc 0.7 64.06 OK
r-devel-osx-x86_64-clang 0.7 57.16 OK
r-devel-windows-ix86+x86_64 0.7 7.00 86.00 93.00 NOTE
r-patched-linux-x86_64 0.7 1.16 35.47 36.63 OK
r-patched-solaris-sparc 0.7 285.90 OK --no-vignettes
r-patched-solaris-x86 0.7 61.30 OK --no-vignettes
r-release-linux-x86_64 0.7 3.12 34.96 38.08 OK
r-release-osx-x86_64-mavericks 0.7 OK
r-release-windows-ix86+x86_64 0.7 8.00 89.00 97.00 NOTE
r-oldrel-windows-ix86+x86_64 0.7 8.00 70.00 78.00 NOTE

Check Details

Version: 0.7
Check: re-building of vignette outputs
Result: NOTE
    Error in re-building vignettes:
     ...
    Warning: running command '"D:\compiler\texmf\miktex\bin\texi2dvi.exe" --quiet --pdf "vegdata.tex" --max-iterations=20 -I "D:/RCompile/recent/R/share/texmf/tex/latex" -I "D:/RCompile/recent/R/share/texmf/bibtex/bst"' had status 1
    Error: running 'texi2dvi' on 'vegdata.tex' failed
    
    LaTeX errors:
    a.tex:225: Package inputenc Error: Unicode char \u8:Â<c2><94> not set up for use with
    LaTeX.
    
    See the inputenc package documentation for explanation.
    Type H <return> for immediate help
    a.tex:225: Package inputenc Error: Unicode char \u8:Â<c2><94> not set up for use with
    LaTeX.
    
    See the inputenc package documentation for explanation.
    Type H <return> for immediate help
    a.tex:272: Package inputenc Error: Unicode char \u8:Â<c2><94> not set up for use with
    LaTeX.
    
    See the inputenc package documentation for explanation.
    Type H <return> for immediate help
    a.tex:272: Package inputenc Error: Unicode char \u8:Â<c2><94> not set up for use with
    LaTeX.
    
    See the inputenc package documentation for explanation.
    Type H <return> for immediate help
    Execution halted
Flavor: r-devel-windows-ix86+x86_64

Version: 0.7
Check: re-building of vignette outputs
Result: NOTE
    Error in re-building vignettes:
     ...
    Warning: running command '"D:\compiler\texmf\miktex\bin\texi2dvi.exe" --quiet --pdf "vegdata.tex" --max-iterations=20 -I "D:/RCompile/recent/R-3.2.2/share/texmf/tex/latex" -I "D:/RCompile/recent/R-3.2.2/share/texmf/bibtex/bst"' had status 1
    Error: running 'texi2dvi' on 'vegdata.tex' failed
    
    LaTeX errors:
    a.tex:225: Package inputenc Error: Unicode char \u8:Â<c2><94> not set up for use with
    LaTeX.
    
    See the inputenc package documentation for explanation.
    Type H <return> for immediate help
    a.tex:225: Package inputenc Error: Unicode char \u8:Â<c2><94> not set up for use with
    LaTeX.
    
    See the inputenc package documentation for explanation.
    Type H <return> for immediate help
    a.tex:272: Package inputenc Error: Unicode char \u8:Â<c2><94> not set up for use with
    LaTeX.
    
    See the inputenc package documentation for explanation.
    Type H <return> for immediate help
    a.tex:272: Package inputenc Error: Unicode char \u8:Â<c2><94> not set up for use with
    LaTeX.
    
    See the inputenc package documentation for explanation.
    Type H <return> for immediate help
    Execution halted
Flavor: r-release-windows-ix86+x86_64

Version: 0.7
Check: re-building of vignette outputs
Result: NOTE
    Error in re-building vignettes:
     ...
    Warning: running command '"D:\compiler\texmf\miktex\bin\texi2dvi.exe" --quiet --pdf "vegdata.tex" --max-iterations=20 -I "D:/RCompile/recent/R-3.1.3/share/texmf/tex/latex" -I "D:/RCompile/recent/R-3.1.3/share/texmf/bibtex/bst"' had status 1
    Error: running 'texi2dvi' on 'vegdata.tex' failed
    
    LaTeX errors:
    a.tex:225: Package inputenc Error: Unicode char \u8:Â<c2><94> not set up for use with
    LaTeX.
    
    See the inputenc package documentation for explanation.
    Type H <return> for immediate help
    a.tex:225: Package inputenc Error: Unicode char \u8:Â<c2><94> not set up for use with
    LaTeX.
    
    See the inputenc package documentation for explanation.
    Type H <return> for immediate help
    a.tex:272: Package inputenc Error: Unicode char \u8:Â<c2><94> not set up for use with
    LaTeX.
    
    See the inputenc package documentation for explanation.
    Type H <return> for immediate help
    a.tex:272: Package inputenc Error: Unicode char \u8:Â<c2><94> not set up for use with
    LaTeX.
    
    See the inputenc package documentation for explanation.
    Type H <return> for immediate help
    Execution halted
Flavor: r-oldrel-windows-ix86+x86_64