CRAN Package Check Results for Package vegdata

Last updated on 2014-12-19 12:48:31.

Flavor Version Tinstall Tcheck Ttotal Status Flags
r-devel-linux-x86_64-debian-clang 0.6-7 1.33 50.11 51.44 OK
r-devel-linux-x86_64-debian-gcc 0.6-7 1.30 48.88 50.18 OK
r-devel-linux-x86_64-fedora-clang 0.6-7 106.19 OK
r-devel-linux-x86_64-fedora-gcc 0.6-7 98.32 OK
r-devel-osx-x86_64-clang 0.6-7 100.17 OK
r-devel-windows-ix86+x86_64 0.6-7 6.00 73.00 79.00 OK
r-patched-linux-x86_64 0.6-7 1.42 50.74 52.16 OK
r-patched-solaris-sparc 0.6-7 245.30 OK --no-vignettes
r-patched-solaris-x86 0.6-7 62.80 OK --no-vignettes
r-release-linux-ix86 0.6-7 1.74 59.15 60.90 OK
r-release-linux-x86_64 0.6-7 1.54 51.25 52.79 OK
r-release-osx-x86_64-mavericks 0.6-7 OK
r-release-osx-x86_64-snowleopard 0.6-7 OK
r-release-windows-ix86+x86_64 0.6-7 6.00 72.00 78.00 NOTE
r-oldrel-windows-ix86+x86_64 0.6-7 5.00 78.00 83.00 NOTE

Check Details

Version: 0.6-7
Check: re-building of vignette outputs
Result: NOTE
    Error in re-building vignettes:
     ...
    LaTeX.
    
    See the inputenc package documentation for explanation.
    Type H <return> for immediate help
    a.tex:225: Package inputenc Error: Unicode char \u8:Âh not set up for use with
    LaTeX.
    
    See the inputenc package documentation for explanation.
    Type H <return> for immediate help
    a.tex:244: Package inputenc Error: Keyboard character used is undefined
    (inputenc) in inputencoding `utf8'.
    
    See the inputenc package documentation for explanation.
    Type H <return> for immediate help
    a.tex:272: Package inputenc Error: Unicode char \u8:Âh not set up for use with
    LaTeX.
    
    See the inputenc package documentation for explanation.
    Type H <return> for immediate help
    a.tex:272: Package inputenc Error: Unicode char \u8:Âh not set up for use with
    LaTeX.
    
    See the inputenc package documentation for explanation.
    Type H <return> for immediat
    Execution halted
Flavors: r-release-windows-ix86+x86_64, r-oldrel-windows-ix86+x86_64