CRAN Package Check Results for Package vegdata

Last updated on 2016-12-10 16:47:37.

Flavor Version Tinstall Tcheck Ttotal Status Flags
r-devel-linux-x86_64-debian-clang 0.9 1.35 39.94 41.29 OK
r-devel-linux-x86_64-debian-gcc 0.9 1.34 39.11 40.45 OK
r-devel-linux-x86_64-fedora-clang 0.9 75.31 OK --no-stop-on-test-error
r-devel-linux-x86_64-fedora-gcc 0.9 71.58 OK --no-stop-on-test-error
r-devel-macos-x86_64-clang 0.9 61.26 OK --no-stop-on-test-error
r-devel-windows-ix86+x86_64 0.9 4.00 314.00 318.00 ERROR
r-patched-linux-x86_64 0.9 1.17 34.55 35.72 OK
r-patched-solaris-sparc 0.9 268.20 OK --no-vignettes
r-patched-solaris-x86 0.9 55.50 OK --no-vignettes
r-release-linux-x86_64 0.9 1.18 34.03 35.21 OK
r-release-osx-x86_64-mavericks 0.9 OK
r-release-windows-ix86+x86_64 0.9 9.00 70.00 79.00 OK
r-oldrel-windows-ix86+x86_64 0.9 8.00 74.00 82.00 OK

Check Details

Version: 0.9
Check: tests
Result: ERROR
     Running 'testthat.R' [52s]
    Running the tests in 'tests/testthat.R' failed.
    Last 13 lines of output:
     2: compare(object, expected, ...)
     3: sort(tax(unique(obs$TaxonUsageID), syn = FALSE, quiet = TRUE)$TaxonName)
     4: tax(unique(obs$TaxonUsageID), syn = FALSE, quiet = TRUE)
     5: tax.default(unique(obs$TaxonUsageID), syn = FALSE, quiet = TRUE)
     6: load.taxlist(refl, reflist.type = reflist.type, detailed = detailed)
     7: stop(paste("Reference list file", reflist.path, "does not exist."))
    
     testthat results ================================================================
     OK: 4 SKIPPED: 0 FAILED: 3
     1. Error: latest reference list (@test.R#9)
     2. Error: correct Taxa (@test.R#15)
     3. Error: taxval function tests 1 (@test.R#35)
    
     Error: testthat unit tests failed
     Execution halted
Flavor: r-devel-windows-ix86+x86_64

Version: 0.9
Check: re-building of vignette outputs
Result: WARN
    Error in re-building vignettes:
     ...
    trying URL 'http://geobot.botanik.uni-greifswald.de/download/GermanSL/version1.3/GermanSL.zip'
    Warning in download.file(paste("http://geobot.botanik.uni-greifswald.de/download/GermanSL", :
     InternetOpenUrl failed: 'Der Servername oder die Serveradresse konnte nicht verarbeitet werden.'
    Quitting from lines 134-135 (vegdata.Rnw)
    Error: processing vignette 'vegdata.Rnw' failed with diagnostics:
    Reference list file D:\temp\Rtmp4SslE7/Species/GermanSL 1.3/species.dbf does not exist.
    Execution halted
Flavor: r-devel-windows-ix86+x86_64