CRAN Package Check Results for Package vegdata

Last updated on 2015-03-01 03:48:52.

Flavor Version Tinstall Tcheck Ttotal Status Flags
r-devel-linux-x86_64-debian-clang 0.6-7 1.23 45.02 46.24 NOTE
r-devel-linux-x86_64-debian-gcc 0.6-7 1.11 44.62 45.73 NOTE
r-devel-linux-x86_64-fedora-clang 0.6-7 86.07 NOTE
r-devel-linux-x86_64-fedora-gcc 0.6-7 83.01 NOTE
r-devel-osx-x86_64-clang 0.6-7 99.58 NOTE
r-devel-windows-ix86+x86_64 0.6-7 6.00 60.00 66.00 NOTE
r-patched-linux-x86_64 0.6-7 1.51 51.38 52.89 NOTE
r-patched-solaris-sparc 0.6-7 303.00 NOTE --no-vignettes
r-patched-solaris-x86 0.6-7 62.30 NOTE --no-vignettes
r-release-linux-ix86 0.6-7 1.76 62.81 64.57 OK
r-release-linux-x86_64 0.6-7 1.42 49.17 50.59 OK
r-release-osx-x86_64-mavericks 0.6-7 OK
r-release-osx-x86_64-snowleopard 0.6-7 OK
r-release-windows-ix86+x86_64 0.6-7 5.00 71.00 76.00 OK
r-oldrel-windows-ix86+x86_64 0.6-7 5.00 79.00 84.00 OK

Check Details

Version: 0.6-7
Check: dependencies in R code
Result: NOTE
    'library' or 'require' calls in package code:
     ‘gWidgets’ ‘indicspecies’
     Please use :: or requireNamespace() instead.
     See section 'Suggested packages' in the 'Writing R Extensions' manual.
Flavors: r-devel-linux-x86_64-debian-clang, r-devel-linux-x86_64-debian-gcc, r-devel-linux-x86_64-fedora-clang, r-devel-linux-x86_64-fedora-gcc, r-devel-osx-x86_64-clang, r-devel-windows-ix86+x86_64, r-patched-linux-x86_64

Version: 0.6-7
Flags: --no-vignettes
Check: dependencies in R code
Result: NOTE
    'library' or 'require' calls in package code:
     ‘gWidgets’ ‘indicspecies’
     Please use :: or requireNamespace() instead.
     See section 'Suggested packages' in the 'Writing R Extensions' manual.
Flavors: r-patched-solaris-sparc, r-patched-solaris-x86