CRAN Package Check Results for Package vegdata

Last updated on 2015-04-18 10:00:53.

Flavor Version Tinstall Tcheck Ttotal Status Flags
r-devel-linux-x86_64-debian-clang 0.6-7 1.18 49.20 50.38 NOTE
r-devel-linux-x86_64-debian-gcc 0.6-7 1.16 44.45 45.61 NOTE
r-devel-linux-x86_64-fedora-clang 0.6-7 86.47 NOTE
r-devel-linux-x86_64-fedora-gcc 0.6-7 82.73 NOTE
r-devel-osx-x86_64-clang 0.6-7 87.88 NOTE
r-prerel-windows-ix86+x86_64 0.6-7 8.00 77.00 85.00 NOTE
r-prerel-linux-x86_64 0.6-7 1.14 45.30 46.44 NOTE
r-prerel-solaris-sparc 0.6-7 255.70 NOTE --no-vignettes
r-prerel-solaris-x86 0.6-7 52.10 NOTE --no-vignettes
r-release-linux-x86_64 0.6-7 1.22 41.01 42.23 NOTE
r-release-osx-x86_64-mavericks 0.6-7 OK
r-release-osx-x86_64-snowleopard 0.6-7 OK
r-release-windows-ix86+x86_64 0.6-7 5.00 95.00 100.00 NOTE
r-oldrel-windows-ix86+x86_64 0.6-7 5.00 105.00 110.00 OK

Check Details

Version: 0.6-7
Check: dependencies in R code
Result: NOTE
    'library' or 'require' calls in package code:
     ‘gWidgets’ ‘indicspecies’
     Please use :: or requireNamespace() instead.
     See section 'Suggested packages' in the 'Writing R Extensions' manual.
Flavors: r-devel-linux-x86_64-debian-clang, r-devel-linux-x86_64-debian-gcc, r-devel-linux-x86_64-fedora-clang, r-devel-linux-x86_64-fedora-gcc, r-devel-osx-x86_64-clang, r-prerel-windows-ix86+x86_64, r-prerel-linux-x86_64, r-release-linux-x86_64, r-release-windows-ix86+x86_64

Version: 0.6-7
Flags: --no-vignettes
Check: dependencies in R code
Result: NOTE
    'library' or 'require' calls in package code:
     ‘gWidgets’ ‘indicspecies’
     Please use :: or requireNamespace() instead.
     See section 'Suggested packages' in the 'Writing R Extensions' manual.
Flavors: r-prerel-solaris-sparc, r-prerel-solaris-x86