CRAN Package Check Results for Package vegdata

Last updated on 2014-07-29 20:49:14.

Flavor Version Tinstall Tcheck Ttotal Status Flags
r-devel-linux-x86_64-debian-clang 0.6-6 1.36 57.67 59.03 OK
r-devel-linux-x86_64-debian-gcc 0.6-6 1.51 56.16 57.66 OK
r-devel-linux-x86_64-fedora-clang 0.6-6 123.14 OK
r-devel-linux-x86_64-fedora-gcc 0.6-6 115.45 OK
r-devel-osx-x86_64-clang 0.6-6 110.76 OK
r-devel-windows-ix86+x86_64 0.6-6 4.00 91.00 95.00 NOTE
r-patched-linux-x86_64 0.6-6 1.34 58.82 60.15 OK
r-patched-solaris-sparc 0.6-6 331.30 OK --no-vignettes
r-patched-solaris-x86 0.6-6 83.50 OK --no-vignettes
r-release-linux-ix86 0.6-6 1.85 72.92 74.76 OK
r-release-linux-x86_64 0.6-6 1.44 56.92 58.36 OK
r-release-osx-x86_64-mavericks 0.6-6 NOTE
r-release-osx-x86_64-snowleopard 0.6-6 OK
r-release-windows-ix86+x86_64 0.6-6 4.00 85.00 89.00 NOTE
r-oldrel-windows-ix86+x86_64 0.6-6 5.00 90.00 95.00 NOTE

Check Details

Version: 0.6-6
Check: re-building of vignette outputs
Result: NOTE
    Error in re-building vignettes:
     ...
    LaTeX.
    
    See the inputenc package documentation for explanation.
    Type H <return> for immediate help
    a.tex:226: Package inputenc Error: Unicode char \u8: h not set up for use with
    LaTeX.
    
    See the inputenc package documentation for explanation.
    Type H <return> for immediate help
    a.tex:245: Package inputenc Error: Keyboard character used is undefined
    (inputenc) in inputencoding `utf8'.
    
    See the inputenc package documentation for explanation.
    Type H <return> for immediate help
    a.tex:273: Package inputenc Error: Unicode char \u8: h not set up for use with
    LaTeX.
    
    See the inputenc package documentation for explanation.
    Type H <return> for immediate help
    a.tex:273: Package inputenc Error: Unicode char \u8: h not set up for use with
    LaTeX.
    
    See the inputenc package documentation for explanation.
    Type H <return> for immediat
    Execution halted
Flavors: r-devel-windows-ix86+x86_64, r-release-windows-ix86+x86_64, r-oldrel-windows-ix86+x86_64

Version: 0.6-6
Check: re-building of vignette outputs
Result: NOTE
    Error in re-building vignettes:
     ...
    Content type 'application/zip' length 3059835 bytes (2.9 Mb)
    opened URL
    ==================================================
    downloaded 2.9 Mb
    
    Warning in tv.site(db) :
     1 releves without date. Not converted from factor to date format.
    trying URL 'http://geobot.botanik.uni-greifswald.de/download/data/T302.xml'
    Content type 'application/xml' length 1286416 bytes (1.2 Mb)
    opened URL
    ==================================================
    downloaded 1.2 Mb
    
    Error in texi2dvi(file = file, pdf = TRUE, clean = clean, quiet = quiet, :
     Running 'texi2dvi' on 'vegdata.tex' failed.
    LaTeX errors:
    ! LaTeX Error: File `csquotes.sty' not found.
    
    Type X to quit or <RETURN> to proceed,
    or enter new name. (Default extension: sty)
    
    _test/vegdata/vignettes/vegdata.tex:64: ==> Fatal error occurred, no output PD
    F file produced!
    Calls: buildVignettes -> texi2pdf -> texi2dvi
    Execution halted
Flavor: r-release-osx-x86_64-mavericks