CRAN Package Check Results for Package vegdata

Last updated on 2014-04-25 05:47:28.

Flavor Version Tinstall Tcheck Ttotal Status Flags
r-devel-linux-x86_64-debian-clang 0.6-6 1.53 58.06 59.59 OK
r-devel-linux-x86_64-debian-gcc 0.6-6 1.45 56.96 58.41 OK
r-devel-linux-x86_64-fedora-clang 0.6-6 119.88 OK
r-devel-linux-x86_64-fedora-gcc 0.6-6 117.42 OK
r-devel-osx-x86_64-clang 0.6-6 108.64 OK
r-devel-osx-x86_64-gcc 0.6-6 ERROR
r-devel-windows-ix86+x86_64 0.6-6 4.00 102.00 106.00 NOTE
r-patched-linux-x86_64 0.6-6 1.45 57.60 59.05 OK
r-patched-solaris-sparc 0.6-6 331.30 OK --no-vignettes
r-patched-solaris-x86 0.6-6 78.50 OK --no-vignettes
r-release-linux-ix86 0.6-6 3.00 94.00 97.00 OK
r-release-linux-x86_64 0.6-6 1.58 57.42 59.00 OK
r-release-osx-x86_64-mavericks 0.6-6 WARN
r-release-osx-x86_64-snowleopard 0.6-6 OK
r-release-windows-ix86+x86_64 0.6-6 5.00 81.00 86.00 NOTE
r-oldrel-windows-ix86+x86_64 0.6-6 4.00 84.00 88.00 NOTE

Check Details

Version: 0.6-6
Check: package dependencies
Result: ERROR
    Package required but not available: ‘XML’
    
    Packages suggested but not available for checking:
     ‘vegan’ ‘indicspecies’ ‘knitr’
    
    Files named as vignettes but with no recognized vignette engine:
     ‘inst/doc/vegdata.Rnw’
    (Is a VignetteBuilder field missing?)
    
    See the information on DESCRIPTION files in the chapter ‘Creating R
    packages’ of the ‘Writing R Extensions’ manual.
Flavor: r-devel-osx-x86_64-gcc

Version: 0.6-6
Check: re-building of vignette outputs
Result: NOTE
    Error in re-building vignettes:
     ...
    LaTeX.
    
    See the inputenc package documentation for explanation.
    Type H <return> for immediate help
    a.tex:234: Package inputenc Error: Unicode char \u8:Âh not set up for use with
    LaTeX.
    
    See the inputenc package documentation for explanation.
    Type H <return> for immediate help
    a.tex:254: Package inputenc Error: Keyboard character used is undefined
    (inputenc) in inputencoding `utf8'.
    
    See the inputenc package documentation for explanation.
    Type H <return> for immediate help
    a.tex:282: Package inputenc Error: Unicode char \u8:Âh not set up for use with
    LaTeX.
    
    See the inputenc package documentation for explanation.
    Type H <return> for immediate help
    a.tex:282: Package inputenc Error: Unicode char \u8:Âh not set up for use with
    LaTeX.
    
    See the inputenc package documentation for explanation.
    Type H <return> for immediat
    Execution halted
Flavors: r-devel-windows-ix86+x86_64, r-release-windows-ix86+x86_64, r-oldrel-windows-ix86+x86_64

Version: 0.6-6
Check: re-building of vignette outputs
Result: NOTE
    Error in re-building vignettes:
     ...
    Content type 'application/zip' length 3059835 bytes (2.9 Mb)
    opened URL
    ==================================================
    downloaded 2.9 Mb
    
    Warning in tv.site(db) :
     1 releves without date. Not converted from factor to date format.
    trying URL 'http://geobot.botanik.uni-greifswald.de/download/data/T302.xml'
    Content type 'application/xml' length 1286416 bytes (1.2 Mb)
    opened URL
    ==================================================
    downloaded 1.2 Mb
    
    Error in texi2dvi(file = file, pdf = TRUE, clean = clean, quiet = quiet, :
     Running 'texi2dvi' on 'vegdata.tex' failed.
    LaTeX errors:
    ! LaTeX Error: File `csquotes.sty' not found.
    
    Type X to quit or <RETURN> to proceed,
    or enter new name. (Default extension: sty)
    
    _test/vegdata/vignettes/vegdata.tex:64: ==> Fatal error occurred, no output PD
    F file produced!
    Calls: buildVignettes -> texi2pdf -> texi2dvi
    Execution halted
Flavor: r-release-osx-x86_64-mavericks

Version: 0.6-6
Check: PDF version of manual
Result: WARNING
    LaTeX errors when creating PDF version.
    This typically indicates Rd problems.
    LaTeX errors found:
    ! LaTeX Error: File `upquote.sty' not found.
    
    Type X to quit or <RETURN> to proceed,
    or enter new name. (Default extension: sty)
    
    0ccdcee/Rd2.tex:8: ==> Fatal error occurred, no output PDF file produced!
Flavor: r-release-osx-x86_64-mavericks