CRAN Package Check Results for Package vegdata

Last updated on 2014-11-25 23:47:00.

Flavor Version Tinstall Tcheck Ttotal Status Flags
r-devel-linux-x86_64-debian-clang 0.6-7 1.33 50.22 51.55 OK
r-devel-linux-x86_64-debian-gcc 0.6-7 1.31 48.00 49.31 OK
r-devel-linux-x86_64-fedora-clang 0.6-7 101.86 OK
r-devel-linux-x86_64-fedora-gcc 0.6-7 96.70 OK
r-devel-osx-x86_64-clang 0.6-7 96.21 OK
r-devel-windows-ix86+x86_64 0.6-7 5.00 70.00 75.00 NOTE
r-patched-linux-x86_64 0.6-7 1.36 49.56 50.92 OK
r-patched-solaris-sparc 0.6-7 245.30 OK --no-vignettes
r-patched-solaris-x86 0.6-7 64.20 OK --no-vignettes
r-release-linux-ix86 0.6-7 1.86 58.02 59.89 OK
r-release-linux-x86_64 0.6-7 1.38 51.47 52.85 OK
r-release-osx-x86_64-mavericks 0.6-7 OK
r-release-osx-x86_64-snowleopard 0.6-7 OK
r-release-windows-ix86+x86_64 0.6-7 5.00 72.00 77.00 NOTE
r-oldrel-windows-ix86+x86_64 0.6-7 5.00 74.00 79.00 NOTE

Check Details

Version: 0.6-7
Check: re-building of vignette outputs
Result: NOTE
    Error in re-building vignettes:
     ...
    LaTeX.
    
    See the inputenc package documentation for explanation.
    Type H <return> for immediate help
    a.tex:225: Package inputenc Error: Unicode char \u8:Âh not set up for use with
    LaTeX.
    
    See the inputenc package documentation for explanation.
    Type H <return> for immediate help
    a.tex:244: Package inputenc Error: Keyboard character used is undefined
    (inputenc) in inputencoding `utf8'.
    
    See the inputenc package documentation for explanation.
    Type H <return> for immediate help
    a.tex:272: Package inputenc Error: Unicode char \u8:Âh not set up for use with
    LaTeX.
    
    See the inputenc package documentation for explanation.
    Type H <return> for immediate help
    a.tex:272: Package inputenc Error: Unicode char \u8:Âh not set up for use with
    LaTeX.
    
    See the inputenc package documentation for explanation.
    Type H <return> for immediat
    Execution halted
Flavors: r-devel-windows-ix86+x86_64, r-release-windows-ix86+x86_64, r-oldrel-windows-ix86+x86_64