CRAN Package Check Results for Package vegdata

Last updated on 2015-01-26 22:47:47.

Flavor Version Tinstall Tcheck Ttotal Status Flags
r-devel-linux-x86_64-debian-clang 0.6-7 1.26 48.70 49.96 NOTE
r-devel-linux-x86_64-debian-gcc 0.6-7 1.22 45.68 46.90 NOTE
r-devel-linux-x86_64-fedora-clang 0.6-7 114.20 NOTE
r-devel-linux-x86_64-fedora-gcc 0.6-7 96.82 NOTE
r-devel-osx-x86_64-clang 0.6-7 99.18 NOTE
r-devel-windows-ix86+x86_64 0.6-7 8.00 98.00 106.00 NOTE
r-patched-linux-x86_64 0.6-7 1.35 49.24 50.59 OK
r-patched-solaris-sparc 0.6-7 273.40 OK --no-vignettes
r-patched-solaris-x86 0.6-7 62.30 OK --no-vignettes
r-release-linux-ix86 0.6-7 1.76 68.17 69.93 OK
r-release-linux-x86_64 0.6-7 1.42 50.58 52.00 OK
r-release-osx-x86_64-mavericks 0.6-7 OK
r-release-osx-x86_64-snowleopard 0.6-7 OK
r-release-windows-ix86+x86_64 0.6-7 6.00 76.00 82.00 OK
r-oldrel-windows-ix86+x86_64 0.6-7 8.00 94.00 102.00 OK

Check Details

Version: 0.6-7
Check: dependencies in R code
Result: NOTE
    'library' or 'require' calls in package code:
     ‘gWidgets’ ‘indicspecies’
     Please use :: or requireNamespace() instead.
     See section 'Suggested packages' in the 'Writing R Extensions' manual.
Flavors: r-devel-linux-x86_64-debian-clang, r-devel-linux-x86_64-debian-gcc, r-devel-linux-x86_64-fedora-clang, r-devel-linux-x86_64-fedora-gcc, r-devel-osx-x86_64-clang, r-devel-windows-ix86+x86_64