CRAN Package Check Results for Package vegdata

Last updated on 2015-05-22 11:48:15.

Flavor Version Tinstall Tcheck Ttotal Status Flags
r-devel-linux-x86_64-debian-clang 0.6.9 1.13 34.99 36.12 OK
r-devel-linux-x86_64-debian-gcc 0.6.9 1.24 33.60 34.84 OK
r-devel-linux-x86_64-fedora-clang 0.6.9 66.66 OK
r-devel-linux-x86_64-fedora-gcc 0.6.9 63.69 OK
r-devel-osx-x86_64-clang 0.6.9 64.77 OK
r-devel-windows-ix86+x86_64 0.6.9 5.00 47.00 52.00 OK
r-patched-linux-x86_64 0.6.9 1.25 32.82 34.08 OK
r-patched-solaris-sparc 0.6.9 220.10 OK --no-vignettes
r-patched-solaris-x86 0.6.9 52.80 OK --no-vignettes
r-release-linux-x86_64 0.6.9 1.12 34.00 35.12 OK
r-release-osx-x86_64-mavericks 0.6.9 NOTE
r-release-osx-x86_64-snowleopard 0.6.9 ERROR
r-release-windows-ix86+x86_64 0.6.9 5.00 52.00 57.00 OK
r-oldrel-windows-ix86+x86_64 0.6.9 7.00 57.00 64.00 OK

Check Details

Version: 0.6.9
Check: package dependencies
Result: NOTE
    Package suggested but not available for checking: ‘indicspecies’
Flavor: r-release-osx-x86_64-mavericks

Version: 0.6.9
Check: re-building of vignette outputs
Result: NOTE
    Error in re-building vignettes:
     ...
    trying URL 'http://geobot.botanik.uni-greifswald.de/download/GermanSL/version1.2/GermanSL.zip'
    Content type 'application/zip' length 3059835 bytes (2.9 MB)
    ==================================================
    downloaded 2.9 MB
    
    Warning in tv.site(db, tv_home, quiet = TRUE) :
     1 releves without date. Not converted from factor to date format.
    Warning in tv.site(db, tv_home, quiet = TRUE) :
     1 releves without date. Not converted from factor to date format.
    Warning in tv.site(db, tv_home, quiet = TRUE) :
     1 releves without date. Not converted from factor to date format.
    Warning in tv.site(db, tv_home, quiet = TRUE) :
     1 releves without date. Not converted from factor to date format.
    Warning in tv.site("taxatest") :
     1 releves without date. Not converted from factor to date format.
    Warning in library(package, lib.loc = lib.loc, character.only = TRUE, logical.return = TRUE, :
     there is no package called 'indicspecies'
    Quitting from lines 427-433 (vegdata.Rnw)
    Error: processing vignette 'vegdata.Rnw' failed with diagnostics:
    Package indicspecies needed (function multipatt)
    Execution halted
Flavor: r-release-osx-x86_64-mavericks

Version: 0.6.9
Check: package dependencies
Result: ERROR
    Package required but not available: ‘XML’
    
    Packages suggested but not available for checking:
     ‘vegan’ ‘indicspecies’ ‘knitr’
    
    VignetteBuilder package required for checking but not installed: ‘knitr’
    
    Files named as vignettes but with no recognized vignette engine:
     ‘inst/doc/vegdata.Rnw’
    (Is a VignetteBuilder field missing?)
    
    See section ‘The DESCRIPTION file’ in the ‘Writing R Extensions’
    manual.
Flavor: r-release-osx-x86_64-snowleopard