Last updated on 2022-05-17 17:51:16 CEST.
Flavor | Version | Tinstall | Tcheck | Ttotal | Status | Flags |
---|---|---|---|---|---|---|
r-devel-linux-x86_64-debian-clang | 0.9.6 | 35.86 | 297.41 | 333.27 | OK | |
r-devel-linux-x86_64-debian-gcc | 0.9.6 | 28.08 | 214.10 | 242.18 | OK | |
r-devel-linux-x86_64-fedora-clang | 0.9.6 | 372.97 | NOTE | |||
r-devel-linux-x86_64-fedora-gcc | 0.9.6 | 221.18 | NOTE | |||
r-devel-windows-x86_64 | 0.9.6 | 75.00 | 328.00 | 403.00 | OK | |
r-patched-linux-x86_64 | 0.9.6 | 30.64 | 273.02 | 303.66 | OK | |
r-release-linux-x86_64 | 0.9.6 | 23.45 | 273.70 | 297.15 | OK | |
r-release-macos-arm64 | 0.9.6 | 97.00 | NOTE | |||
r-release-macos-x86_64 | 0.9.6 | 135.00 | NOTE | |||
r-release-windows-x86_64 | 0.9.6 | 66.00 | 208.00 | 274.00 | OK | |
r-oldrel-macos-arm64 | 0.9.6 | 93.00 | NOTE | |||
r-oldrel-macos-x86_64 | 0.9.6 | 131.00 | NOTE | |||
r-oldrel-windows-ix86+x86_64 | 0.9.6 | 52.00 | 316.00 | 368.00 | OK |
Version: 0.9.6
Check: data for non-ASCII characters
Result: NOTE
Note: found 49 marked UTF-8 strings
Flavors: r-devel-linux-x86_64-fedora-clang, r-devel-linux-x86_64-fedora-gcc, r-release-macos-arm64, r-release-macos-x86_64, r-oldrel-macos-arm64, r-oldrel-macos-x86_64