CRAN Package Check Results for Package vein

Last updated on 2020-09-18 08:50:59 CEST.

Flavor Version Tinstall Tcheck Ttotal Status Flags
r-devel-linux-x86_64-debian-clang 0.8.9 20.60 295.78 316.38 OK
r-devel-linux-x86_64-debian-gcc 0.8.9 18.01 209.64 227.65 OK
r-devel-linux-x86_64-fedora-clang 0.8.9 403.54 NOTE
r-devel-linux-x86_64-fedora-gcc 0.8.9 382.15 NOTE
r-devel-windows-ix86+x86_64 0.8.9 57.00 456.00 513.00 OK
r-patched-linux-x86_64 0.8.9 21.27 277.47 298.74 OK
r-patched-solaris-x86 0.8.9 485.00 NOTE
r-release-linux-x86_64 0.8.9 22.71 277.87 300.58 OK
r-release-macos-x86_64 0.8.9 NOTE
r-release-windows-ix86+x86_64 0.8.9 53.00 581.00 634.00 OK
r-oldrel-macos-x86_64 0.8.9 NOTE
r-oldrel-windows-ix86+x86_64 0.8.9 40.00 575.00 615.00 OK

Additional issues

valgrind

Check Details

Version: 0.8.9
Check: dependencies in R code
Result: NOTE
    Namespace in Imports field not imported from: ‘methods’
     All declared Imports should be used.
Flavors: r-devel-linux-x86_64-fedora-clang, r-devel-linux-x86_64-fedora-gcc, r-patched-solaris-x86, r-release-macos-x86_64, r-oldrel-macos-x86_64