CRAN Package Check Results for Package venneuler

Last updated on 2014-11-01 05:49:07.

Flavor Version Tinstall Tcheck Ttotal Status Flags
r-devel-linux-x86_64-debian-clang 1.1-0 1.49 21.80 23.29 NOTE
r-devel-linux-x86_64-debian-gcc 1.1-0 1.45 22.96 24.40 NOTE
r-devel-linux-x86_64-fedora-clang 1.1-0 47.90 NOTE
r-devel-linux-x86_64-fedora-gcc 1.1-0 45.39 NOTE
r-devel-osx-x86_64-clang 1.1-0 46.72 OK
r-devel-windows-ix86+x86_64 1.1-0 5.00 30.00 35.00 OK
r-patched-linux-x86_64 1.1-0 1.60 22.36 23.96 NOTE
r-patched-solaris-sparc 1.1-0 330.80 OK
r-patched-solaris-x86 1.1-0 75.50 OK
r-release-linux-ix86 1.1-0 1.90 30.86 32.76 OK
r-release-linux-x86_64 1.1-0 1.69 22.83 24.52 NOTE
r-release-osx-x86_64-mavericks 1.1-0 OK
r-release-windows-ix86+x86_64 1.1-0 7.00 46.00 53.00 OK
r-oldrel-windows-ix86+x86_64 1.1-0 5.00 34.00 39.00 OK

Check Details

Version: 1.1-0
Check: top-level files
Result: NOTE
    Non-standard file/directory found at top level:
     ‘src-java’
Flavors: r-devel-linux-x86_64-debian-clang, r-devel-linux-x86_64-debian-gcc, r-devel-linux-x86_64-fedora-clang, r-devel-linux-x86_64-fedora-gcc, r-patched-linux-x86_64, r-release-linux-x86_64