CRAN Package Check Results for Package venneuler

Last updated on 2019-12-10 16:48:09 CET.

Flavor Version Tinstall Tcheck Ttotal Status Flags
r-devel-linux-x86_64-debian-clang 1.1-0 3.53 35.64 39.17 NOTE
r-devel-linux-x86_64-debian-gcc 1.1-0 2.86 27.78 30.64 NOTE
r-devel-linux-x86_64-fedora-clang 1.1-0 50.12 NOTE
r-devel-linux-x86_64-fedora-gcc 1.1-0 48.11 NOTE
r-devel-windows-ix86+x86_64 1.1-0 4.00 7.00 11.00 ERROR
r-devel-windows-ix86+x86_64-gcc8 1.1-0 5.00 6.00 11.00 ERROR
r-patched-linux-x86_64 1.1-0 2.88 32.94 35.82 NOTE
r-patched-solaris-x86 1.1-0 75.10 NOTE
r-release-linux-x86_64 1.1-0 2.63 32.84 35.47 NOTE
r-release-windows-ix86+x86_64 1.1-0 7.00 56.00 63.00 NOTE
r-release-osx-x86_64 1.1-0 NOTE
r-oldrel-windows-ix86+x86_64 1.1-0 4.00 43.00 47.00 NOTE
r-oldrel-osx-x86_64 1.1-0 NOTE

Check Details

Version: 1.1-0
Check: DESCRIPTION meta-information
Result: NOTE
    Malformed Description field: should contain one or more complete sentences.
    Checking should be performed on sources prepared by 'R CMD build'.
Flavors: r-devel-linux-x86_64-debian-clang, r-devel-linux-x86_64-debian-gcc, r-devel-linux-x86_64-fedora-clang, r-devel-linux-x86_64-fedora-gcc, r-patched-linux-x86_64, r-patched-solaris-x86, r-release-linux-x86_64, r-release-windows-ix86+x86_64, r-release-osx-x86_64, r-oldrel-windows-ix86+x86_64, r-oldrel-osx-x86_64

Version: 1.1-0
Check: top-level files
Result: NOTE
    Non-standard file/directory found at top level:
     'src-java'
Flavors: r-devel-linux-x86_64-debian-clang, r-devel-linux-x86_64-debian-gcc, r-devel-linux-x86_64-fedora-clang, r-devel-linux-x86_64-fedora-gcc, r-patched-linux-x86_64, r-release-linux-x86_64

Version: 1.1-0
Check: R code for possible problems
Result: NOTE
    plot.VennDiagram : <anonymous>: no visible global function definition
     for 'hcl'
    plot.VennDiagram: no visible global function definition for 'plot.new'
    plot.VennDiagram: no visible global function definition for
     'plot.window'
    plot.VennDiagram: no visible global function definition for 'col2rgb'
    plot.VennDiagram: no visible global function definition for 'rgb'
    plot.VennDiagram: no visible global function definition for 'polygon'
    plot.VennDiagram: no visible global function definition for 'text'
    plot.VennDiagram: no visible global function definition for 'title'
    Undefined global functions or variables:
     col2rgb hcl plot.new plot.window polygon rgb text title
    Consider adding
     importFrom("grDevices", "col2rgb", "hcl", "rgb")
     importFrom("graphics", "plot.new", "plot.window", "polygon", "text",
     "title")
    to your NAMESPACE file.
Flavors: r-devel-linux-x86_64-debian-clang, r-devel-linux-x86_64-debian-gcc, r-devel-linux-x86_64-fedora-clang, r-devel-linux-x86_64-fedora-gcc, r-patched-linux-x86_64, r-patched-solaris-x86, r-release-linux-x86_64, r-release-windows-ix86+x86_64, r-release-osx-x86_64, r-oldrel-windows-ix86+x86_64, r-oldrel-osx-x86_64

Version: 1.1-0
Check: whether package can be installed
Result: ERROR
    Installation failed.
Flavors: r-devel-windows-ix86+x86_64, r-devel-windows-ix86+x86_64-gcc8