CRAN Package Check Results for Package venneuler

Last updated on 2014-12-20 23:47:31.

Flavor Version Tinstall Tcheck Ttotal Status Flags
r-devel-linux-x86_64-debian-clang 1.1-0 1.49 22.08 23.57 NOTE
r-devel-linux-x86_64-debian-gcc 1.1-0 1.42 21.32 22.74 NOTE
r-devel-linux-x86_64-fedora-clang 1.1-0 52.36 NOTE
r-devel-linux-x86_64-fedora-gcc 1.1-0 47.87 NOTE
r-devel-osx-x86_64-clang 1.1-0 47.29 OK
r-devel-windows-ix86+x86_64 1.1-0 8.00 43.00 51.00 OK
r-patched-linux-x86_64 1.1-0 1.55 22.79 24.34 NOTE
r-patched-solaris-sparc 1.1-0 330.80 OK
r-patched-solaris-x86 1.1-0 75.40 OK
r-release-linux-ix86 1.1-0 1.87 31.86 33.73 OK
r-release-linux-x86_64 1.1-0 1.54 22.54 24.08 NOTE
r-release-osx-x86_64-mavericks 1.1-0 OK
r-release-windows-ix86+x86_64 1.1-0 5.00 44.00 49.00 OK
r-oldrel-windows-ix86+x86_64 1.1-0 5.00 34.00 39.00 OK

Check Details

Version: 1.1-0
Check: top-level files
Result: NOTE
    Non-standard file/directory found at top level:
     ‘src-java’
Flavors: r-devel-linux-x86_64-debian-clang, r-devel-linux-x86_64-debian-gcc, r-devel-linux-x86_64-fedora-clang, r-devel-linux-x86_64-fedora-gcc, r-patched-linux-x86_64, r-release-linux-x86_64