CRAN Package Check Results for Package venneuler

Last updated on 2015-04-28 19:49:24.

Flavor Version Tinstall Tcheck Ttotal Status Flags
r-devel-linux-x86_64-debian-clang 1.1-0 1.54 18.76 20.29 NOTE
r-devel-linux-x86_64-debian-gcc 1.1-0 1.11 18.01 19.12 NOTE
r-devel-linux-x86_64-fedora-clang 1.1-0 40.03 NOTE
r-devel-linux-x86_64-fedora-gcc 1.1-0 37.13 NOTE
r-devel-osx-x86_64-clang 1.1-0 38.75 NOTE
r-devel-windows-ix86+x86_64 1.1-0 4.00 29.00 33.00 NOTE
r-patched-linux-x86_64 1.1-0 1.11 18.02 19.13 NOTE
r-patched-solaris-sparc 1.1-0 283.20 NOTE
r-patched-solaris-x86 1.1-0 62.90 NOTE
r-release-linux-x86_64 1.1-0 1.10 18.24 19.34 NOTE
r-release-osx-x86_64-mavericks 1.1-0 NOTE
r-release-osx-x86_64-snowleopard 1.1-0 NOTE
r-release-windows-ix86+x86_64 1.1-0 3.00 34.00 37.00 NOTE
r-oldrel-windows-ix86+x86_64 1.1-0 7.00 37.00 44.00 OK

Check Details

Version: 1.1-0
Check: DESCRIPTION meta-information
Result: NOTE
    Malformed Description field: should contain one or more complete sentences.
Flavors: r-devel-linux-x86_64-debian-clang, r-devel-linux-x86_64-debian-gcc, r-devel-linux-x86_64-fedora-clang, r-devel-linux-x86_64-fedora-gcc, r-devel-osx-x86_64-clang, r-devel-windows-ix86+x86_64, r-patched-linux-x86_64, r-patched-solaris-sparc, r-patched-solaris-x86, r-release-linux-x86_64, r-release-osx-x86_64-mavericks, r-release-osx-x86_64-snowleopard, r-release-windows-ix86+x86_64

Version: 1.1-0
Check: top-level files
Result: NOTE
    Non-standard file/directory found at top level:
     ‘src-java’
Flavors: r-devel-linux-x86_64-debian-clang, r-devel-linux-x86_64-debian-gcc, r-devel-linux-x86_64-fedora-clang, r-devel-linux-x86_64-fedora-gcc, r-patched-linux-x86_64, r-release-linux-x86_64