CRAN Package Check Results for Package venneuler

Last updated on 2014-08-22 07:50:45.

Flavor Version Tinstall Tcheck Ttotal Status Flags
r-devel-linux-x86_64-debian-clang 1.1-0 1.56 21.60 23.16 OK
r-devel-linux-x86_64-debian-gcc 1.1-0 1.47 21.22 22.69 OK
r-devel-linux-x86_64-fedora-clang 1.1-0 48.21 NOTE
r-devel-linux-x86_64-fedora-gcc 1.1-0 45.84 NOTE
r-devel-osx-x86_64-clang 1.1-0 43.66 OK
r-devel-windows-ix86+x86_64 1.1-0 5.00 34.00 39.00 OK
r-patched-linux-x86_64 1.1-0 1.54 22.26 23.80 OK
r-patched-solaris-sparc 1.1-0 330.80 OK
r-patched-solaris-x86 1.1-0 75.10 OK
r-release-linux-ix86 1.1-0 1.91 30.70 32.60 OK
r-release-linux-x86_64 1.1-0 1.59 22.05 23.64 OK
r-release-osx-x86_64-mavericks 1.1-0 OK
r-release-windows-ix86+x86_64 1.1-0 7.00 46.00 53.00 OK
r-oldrel-windows-ix86+x86_64 1.1-0 5.00 34.00 39.00 OK

Check Details

Version: 1.1-0
Check: top-level files
Result: NOTE
    Non-standard file/directory found at top level:
     ‘src-java’
Flavors: r-devel-linux-x86_64-fedora-clang, r-devel-linux-x86_64-fedora-gcc