CRAN Package Check Results for Package venneuler

Last updated on 2016-07-27 14:49:04.

Flavor Version Tinstall Tcheck Ttotal Status Flags
r-devel-linux-x86_64-debian-clang 1.1-0 1.64 23.15 24.79 NOTE
r-devel-linux-x86_64-debian-gcc 1.1-0 1.35 22.27 23.62 NOTE
r-devel-linux-x86_64-fedora-clang 1.1-0 34.33 NOTE
r-devel-linux-x86_64-fedora-gcc 1.1-0 32.51 NOTE
r-devel-osx-x86_64-clang 1.1-0 30.79 NOTE
r-devel-windows-ix86+x86_64 1.1-0 4.00 39.00 43.00 NOTE
r-patched-linux-x86_64 1.1-0 1.54 21.82 23.37 NOTE
r-patched-solaris-sparc 1.1-0 252.90 NOTE
r-patched-solaris-x86 1.1-0 50.50 NOTE
r-release-linux-x86_64 1.1-0 1.29 20.75 22.04 NOTE
r-release-osx-x86_64-mavericks 1.1-0 NOTE
r-release-windows-ix86+x86_64 1.1-0 5.00 48.00 53.00 NOTE
r-oldrel-windows-ix86+x86_64 1.1-0 5.00 33.00 38.00 NOTE

Check Details

Version: 1.1-0
Check: DESCRIPTION meta-information
Result: NOTE
    Malformed Description field: should contain one or more complete sentences.
    Checking should be performed on sources prepared by ‘R CMD build’.
Flavors: r-devel-linux-x86_64-debian-clang, r-devel-linux-x86_64-debian-gcc, r-devel-linux-x86_64-fedora-clang, r-devel-linux-x86_64-fedora-gcc, r-devel-osx-x86_64-clang, r-devel-windows-ix86+x86_64, r-patched-linux-x86_64, r-patched-solaris-sparc, r-patched-solaris-x86, r-release-linux-x86_64, r-release-osx-x86_64-mavericks, r-release-windows-ix86+x86_64

Version: 1.1-0
Check: top-level files
Result: NOTE
    Non-standard file/directory found at top level:
     ‘src-java’
Flavors: r-devel-linux-x86_64-debian-clang, r-devel-linux-x86_64-debian-gcc, r-devel-linux-x86_64-fedora-clang, r-devel-linux-x86_64-fedora-gcc, r-patched-linux-x86_64, r-release-linux-x86_64

Version: 1.1-0
Check: R code for possible problems
Result: NOTE
    plot.VennDiagram : <anonymous>: no visible global function definition
     for ‘hcl’
    plot.VennDiagram: no visible global function definition for ‘plot.new’
    plot.VennDiagram: no visible global function definition for
     ‘plot.window’
    plot.VennDiagram: no visible global function definition for ‘col2rgb’
    plot.VennDiagram: no visible global function definition for ‘rgb’
    plot.VennDiagram: no visible global function definition for ‘polygon’
    plot.VennDiagram: no visible global function definition for ‘text’
    plot.VennDiagram: no visible global function definition for ‘title’
    Undefined global functions or variables:
     col2rgb hcl plot.new plot.window polygon rgb text title
    Consider adding
     importFrom("grDevices", "col2rgb", "hcl", "rgb")
     importFrom("graphics", "plot.new", "plot.window", "polygon", "text",
     "title")
    to your NAMESPACE file.
Flavors: r-devel-linux-x86_64-debian-clang, r-devel-linux-x86_64-debian-gcc, r-devel-linux-x86_64-fedora-clang, r-devel-linux-x86_64-fedora-gcc, r-devel-osx-x86_64-clang, r-devel-windows-ix86+x86_64, r-patched-linux-x86_64, r-patched-solaris-sparc, r-patched-solaris-x86, r-release-linux-x86_64, r-release-osx-x86_64-mavericks, r-release-windows-ix86+x86_64

Version: 1.1-0
Check: DESCRIPTION meta-information
Result: NOTE
    Malformed Description field: should contain one or more complete sentences.
Flavor: r-oldrel-windows-ix86+x86_64