CRAN Package Check Results for Package venneuler

Last updated on 2014-09-02 22:47:53.

Flavor Version Tinstall Tcheck Ttotal Status Flags
r-devel-linux-x86_64-debian-clang 1.1-0 1.50 21.41 22.92 OK
r-devel-linux-x86_64-debian-gcc 1.1-0 1.46 21.55 23.01 OK
r-devel-linux-x86_64-fedora-clang 1.1-0 48.08 NOTE
r-devel-linux-x86_64-fedora-gcc 1.1-0 45.50 NOTE
r-devel-osx-x86_64-clang 1.1-0 43.59 OK
r-devel-windows-ix86+x86_64 1.1-0 5.00 32.00 37.00 OK
r-patched-linux-x86_64 1.1-0 1.68 21.59 23.26 OK
r-patched-solaris-sparc 1.1-0 330.80 OK
r-patched-solaris-x86 1.1-0 73.20 OK
r-release-linux-ix86 1.1-0 1.90 31.49 33.39 OK
r-release-linux-x86_64 1.1-0 1.59 22.97 24.56 OK
r-release-osx-x86_64-mavericks 1.1-0 OK
r-release-windows-ix86+x86_64 1.1-0 7.00 46.00 53.00 OK
r-oldrel-windows-ix86+x86_64 1.1-0 5.00 34.00 39.00 OK

Check Details

Version: 1.1-0
Check: top-level files
Result: NOTE
    Non-standard file/directory found at top level:
     ‘src-java’
Flavors: r-devel-linux-x86_64-fedora-clang, r-devel-linux-x86_64-fedora-gcc