CRAN Package Check Results for Package venneuler

Last updated on 2016-05-03 11:49:14.

Flavor Version Tinstall Tcheck Ttotal Status Flags
r-devel-linux-x86_64-debian-gcc 1.1-0 1.10 17.98 19.07 NOTE
r-devel-linux-x86_64-fedora-clang 1.1-0 34.72 NOTE
r-devel-linux-x86_64-fedora-gcc 1.1-0 32.17 NOTE
r-devel-osx-x86_64-clang 1.1-0 39.77 NOTE
r-devel-windows-ix86+x86_64 1.1-0 5.00 37.00 42.00 NOTE
r-patched-linux-x86_64 1.1-0 1.10 18.23 19.33 NOTE
r-patched-solaris-sparc 1.1-0 249.10 NOTE
r-patched-solaris-x86 1.1-0 50.20 NOTE
r-release-linux-x86_64 1.1-0 1.22 19.77 20.99 NOTE
r-release-osx-x86_64-mavericks 1.1-0 NOTE
r-release-windows-ix86+x86_64 1.1-0 5.00 33.00 38.00 NOTE
r-oldrel-windows-ix86+x86_64 1.1-0 7.00 40.00 47.00 OK

Check Details

Version: 1.1-0
Check: DESCRIPTION meta-information
Result: NOTE
    Malformed Description field: should contain one or more complete sentences.
    Checking should be performed on sources prepared by ‘R CMD build’.
Flavors: r-devel-linux-x86_64-debian-gcc, r-devel-linux-x86_64-fedora-clang, r-devel-linux-x86_64-fedora-gcc, r-devel-osx-x86_64-clang, r-devel-windows-ix86+x86_64, r-patched-linux-x86_64, r-patched-solaris-sparc, r-patched-solaris-x86

Version: 1.1-0
Check: top-level files
Result: NOTE
    Non-standard file/directory found at top level:
     ‘src-java’
Flavors: r-devel-linux-x86_64-debian-gcc, r-devel-linux-x86_64-fedora-clang, r-devel-linux-x86_64-fedora-gcc, r-patched-linux-x86_64, r-release-linux-x86_64

Version: 1.1-0
Check: R code for possible problems
Result: NOTE
    plot.VennDiagram : <anonymous>: no visible global function definition
     for ‘hcl’
    plot.VennDiagram: no visible global function definition for ‘plot.new’
    plot.VennDiagram: no visible global function definition for
     ‘plot.window’
    plot.VennDiagram: no visible global function definition for ‘col2rgb’
    plot.VennDiagram: no visible global function definition for ‘rgb’
    plot.VennDiagram: no visible global function definition for ‘polygon’
    plot.VennDiagram: no visible global function definition for ‘text’
    plot.VennDiagram: no visible global function definition for ‘title’
    Undefined global functions or variables:
     col2rgb hcl plot.new plot.window polygon rgb text title
    Consider adding
     importFrom("grDevices", "col2rgb", "hcl", "rgb")
     importFrom("graphics", "plot.new", "plot.window", "polygon", "text",
     "title")
    to your NAMESPACE file.
Flavors: r-devel-linux-x86_64-debian-gcc, r-devel-linux-x86_64-fedora-clang, r-devel-linux-x86_64-fedora-gcc, r-devel-osx-x86_64-clang, r-devel-windows-ix86+x86_64, r-patched-linux-x86_64, r-patched-solaris-sparc, r-patched-solaris-x86

Version: 1.1-0
Check: DESCRIPTION meta-information
Result: NOTE
    Malformed Description field: should contain one or more complete sentences.
Flavors: r-release-linux-x86_64, r-release-osx-x86_64-mavericks, r-release-windows-ix86+x86_64