CRAN Package Check Results for Package venneuler

Last updated on 2015-06-30 22:47:44.

Flavor Version Tinstall Tcheck Ttotal Status Flags
r-devel-linux-x86_64-debian-clang 1.1-0 1.48 17.90 19.38 NOTE
r-devel-linux-x86_64-debian-gcc 1.1-0 1.06 18.56 19.62 NOTE
r-devel-linux-x86_64-fedora-clang 1.1-0 39.07 NOTE
r-devel-linux-x86_64-fedora-gcc 1.1-0 36.64 NOTE
r-devel-osx-x86_64-clang 1.1-0 33.36 NOTE
r-devel-windows-ix86+x86_64 1.1-0 6.00 29.00 35.00 NOTE
r-patched-linux-x86_64 1.1-0 1.14 18.07 19.21 NOTE
r-patched-solaris-sparc 1.1-0 282.70 NOTE
r-patched-solaris-x86 1.1-0 70.80 NOTE
r-release-linux-x86_64 1.1-0 1.10 17.99 19.09 NOTE
r-release-osx-x86_64-mavericks 1.1-0 NOTE
r-release-windows-ix86+x86_64 1.1-0 3.00 34.00 37.00 NOTE
r-oldrel-windows-ix86+x86_64 1.1-0 7.00 37.00 44.00 OK

Check Details

Version: 1.1-0
Check: DESCRIPTION meta-information
Result: NOTE
    Malformed Description field: should contain one or more complete sentences.
Flavors: r-devel-linux-x86_64-debian-clang, r-devel-linux-x86_64-debian-gcc, r-devel-linux-x86_64-fedora-clang, r-devel-linux-x86_64-fedora-gcc, r-devel-osx-x86_64-clang, r-devel-windows-ix86+x86_64, r-patched-linux-x86_64, r-patched-solaris-sparc, r-patched-solaris-x86, r-release-linux-x86_64, r-release-osx-x86_64-mavericks, r-release-windows-ix86+x86_64

Version: 1.1-0
Check: top-level files
Result: NOTE
    Non-standard file/directory found at top level:
     ‘src-java’
Flavors: r-devel-linux-x86_64-debian-clang, r-devel-linux-x86_64-debian-gcc, r-devel-linux-x86_64-fedora-clang, r-devel-linux-x86_64-fedora-gcc, r-patched-linux-x86_64, r-release-linux-x86_64

Version: 1.1-0
Check: R code for possible problems
Result: NOTE
    plot.VennDiagram : <anonymous>: no visible global function definition
     for ‘hcl’
    plot.VennDiagram: no visible global function definition for ‘plot.new’
    plot.VennDiagram: no visible global function definition for
     ‘plot.window’
    plot.VennDiagram: no visible global function definition for ‘col2rgb’
    plot.VennDiagram: no visible global function definition for ‘rgb’
    plot.VennDiagram: no visible global function definition for ‘polygon’
    plot.VennDiagram: no visible global function definition for ‘text’
    plot.VennDiagram: no visible global function definition for ‘title’
Flavors: r-devel-linux-x86_64-debian-clang, r-devel-linux-x86_64-debian-gcc, r-devel-linux-x86_64-fedora-clang, r-devel-linux-x86_64-fedora-gcc