CRAN Package Check Results for Package venneuler

Last updated on 2014-07-22 23:48:28.

Flavor Version Tinstall Tcheck Ttotal Status Flags
r-devel-linux-x86_64-debian-clang 1.1-0 1.52 22.27 23.79 OK
r-devel-linux-x86_64-debian-gcc 1.1-0 1.50 21.63 23.13 OK
r-devel-linux-x86_64-fedora-clang 1.1-0 50.19 NOTE
r-devel-linux-x86_64-fedora-gcc 1.1-0 46.08 NOTE
r-devel-osx-x86_64-clang 1.1-0 44.47 OK
r-devel-windows-ix86+x86_64 1.1-0 5.00 33.00 38.00 OK
r-patched-linux-x86_64 1.1-0 1.54 21.87 23.42 OK
r-patched-solaris-sparc 1.1-0 329.70 OK
r-patched-solaris-x86 1.1-0 75.10 OK
r-release-linux-ix86 1.1-0 1.90 30.34 32.24 OK
r-release-linux-x86_64 1.1-0 1.82 21.90 23.72 OK
r-release-osx-x86_64-mavericks 1.1-0 OK
r-release-windows-ix86+x86_64 1.1-0 7.00 46.00 53.00 OK
r-oldrel-windows-ix86+x86_64 1.1-0 5.00 34.00 39.00 OK

Check Details

Version: 1.1-0
Check: top-level files
Result: NOTE
    Non-standard file/directory found at top level:
     ‘src-java’
Flavors: r-devel-linux-x86_64-fedora-clang, r-devel-linux-x86_64-fedora-gcc