CRAN Package Check Results for Package venneuler

Last updated on 2014-04-20 22:47:08.

Flavor Version Tinstall Tcheck Ttotal Status Flags
r-devel-linux-x86_64-debian-clang 1.1-0 1.64 22.40 24.04 OK
r-devel-linux-x86_64-debian-gcc 1.1-0 1.65 22.46 24.11 OK
r-devel-linux-x86_64-fedora-clang 1.1-0 48.99 NOTE
r-devel-linux-x86_64-fedora-gcc 1.1-0 46.02 NOTE
r-devel-macosx-x86_64-clang 1.1-0 45.75 OK
r-devel-macosx-x86_64-gcc 1.1-0 OK
r-devel-windows-ix86+x86_64 1.1-0 5.00 33.00 38.00 OK
r-patched-linux-x86_64 1.1-0 1.64 22.96 24.60 OK
r-patched-solaris-sparc 1.1-0 329.70 OK
r-patched-solaris-x86 1.1-0 75.80 OK
r-release-linux-ix86 OK
r-release-linux-x86_64 1.1-0 1.64 22.39 24.04 OK
r-release-windows-ix86+x86_64 1.1-0 8.00 34.00 42.00 OK
r-oldrel-windows-ix86+x86_64 1.1-0 5.00 34.00 39.00 OK

Check Details

Version: 1.1-0
Check: top-level files
Result: NOTE
    Non-standard file/directory found at top level:
     ‘src-java’
Flavors: r-devel-linux-x86_64-fedora-clang, r-devel-linux-x86_64-fedora-gcc