CRAN Package Check Results for Package venneuler

Last updated on 2015-03-02 11:47:39.

Flavor Version Tinstall Tcheck Ttotal Status Flags
r-devel-linux-x86_64-debian-clang 1.1-0 1.12 18.78 19.90 NOTE
r-devel-linux-x86_64-debian-gcc 1.1-0 1.14 17.95 19.09 NOTE
r-devel-linux-x86_64-fedora-clang 1.1-0 39.07 NOTE
r-devel-linux-x86_64-fedora-gcc 1.1-0 37.02 NOTE
r-devel-osx-x86_64-clang 1.1-0 43.63 NOTE
r-devel-windows-ix86+x86_64 1.1-0 6.00 29.00 35.00 NOTE
r-patched-linux-x86_64 1.1-0 1.56 22.71 24.27 NOTE
r-patched-solaris-sparc 1.1-0 338.40 OK
r-patched-solaris-x86 1.1-0 75.00 OK
r-release-linux-ix86 1.1-0 2.01 30.19 32.20 NOTE
r-release-linux-x86_64 1.1-0 1.57 22.33 23.90 NOTE
r-release-osx-x86_64-mavericks 1.1-0 OK
r-release-windows-ix86+x86_64 1.1-0 5.00 44.00 49.00 OK
r-oldrel-windows-ix86+x86_64 1.1-0 5.00 34.00 39.00 OK

Check Details

Version: 1.1-0
Check: DESCRIPTION meta-information
Result: NOTE
    Malformed Description field: should contain one or more complete sentences.
Flavors: r-devel-linux-x86_64-debian-clang, r-devel-linux-x86_64-debian-gcc, r-devel-linux-x86_64-fedora-clang, r-devel-linux-x86_64-fedora-gcc, r-devel-osx-x86_64-clang, r-devel-windows-ix86+x86_64

Version: 1.1-0
Check: top-level files
Result: NOTE
    Non-standard file/directory found at top level:
     ‘src-java’
Flavors: r-devel-linux-x86_64-debian-clang, r-devel-linux-x86_64-debian-gcc, r-devel-linux-x86_64-fedora-clang, r-devel-linux-x86_64-fedora-gcc, r-patched-linux-x86_64, r-release-linux-ix86, r-release-linux-x86_64