CRAN Package Check Results for Package verhoeff

Last updated on 2021-04-13 00:49:18 CEST.

Flavor Version Tinstall Tcheck Ttotal Status Flags
r-devel-linux-x86_64-debian-clang 0.4.0 1.52 24.01 25.53 NOTE
r-devel-linux-x86_64-debian-gcc 0.4.0 1.37 18.83 20.20 NOTE
r-devel-linux-x86_64-fedora-clang 0.4.0 41.21 NOTE
r-devel-linux-x86_64-fedora-gcc 0.4.0 31.11 NOTE
r-devel-windows-ix86+x86_64 0.4.0 5.00 41.00 46.00 NOTE
r-devel-windows-x86_64-gcc10-UCRT 0.4.0 NOTE
r-patched-linux-x86_64 0.4.0 1.59 22.68 24.27 OK
r-patched-solaris-x86 0.4.0 49.40 OK
r-release-linux-x86_64 0.4.0 1.76 22.66 24.42 OK
r-release-macos-x86_64 0.4.0 OK
r-release-windows-ix86+x86_64 0.4.0 4.00 41.00 45.00 OK
r-oldrel-macos-x86_64 0.4.0 OK
r-oldrel-windows-ix86+x86_64 0.4.0 4.00 29.00 33.00 OK

Check Details

Version: 0.4.0
Check: LazyData
Result: NOTE
     'LazyData' is specified without a 'data' directory
Flavors: r-devel-linux-x86_64-debian-clang, r-devel-linux-x86_64-debian-gcc, r-devel-linux-x86_64-fedora-clang, r-devel-linux-x86_64-fedora-gcc, r-devel-windows-ix86+x86_64, r-devel-windows-x86_64-gcc10-UCRT