CRAN Package Check Results for Package verification

Last updated on 2015-05-24 08:48:48.

Flavor Version Tinstall Tcheck Ttotal Status Flags
r-devel-linux-x86_64-debian-clang 1.41 2.61 34.64 37.25 NOTE
r-devel-linux-x86_64-debian-gcc 1.41 2.30 34.75 37.05 NOTE
r-devel-linux-x86_64-fedora-clang 1.41 74.37 NOTE
r-devel-linux-x86_64-fedora-gcc 1.41 70.93 NOTE
r-devel-osx-x86_64-clang 1.41 68.70 NOTE
r-devel-windows-ix86+x86_64 1.41 7.00 57.00 64.00 NOTE
r-patched-linux-x86_64 1.41 2.51 34.22 36.73 NOTE
r-patched-solaris-sparc 1.41 458.10 NOTE
r-patched-solaris-x86 1.41 92.90 NOTE
r-release-linux-x86_64 1.41 2.33 34.43 36.76 NOTE
r-release-osx-x86_64-mavericks 1.41 NOTE
r-release-osx-x86_64-snowleopard 1.41 ERROR
r-release-windows-ix86+x86_64 1.41 8.00 51.00 59.00 NOTE
r-oldrel-windows-ix86+x86_64 1.41 11.00 105.00 116.00 OK

Check Details

Version: 1.41
Check: DESCRIPTION meta-information
Result: NOTE
    Malformed Title field: should not end in a period.
Flavors: r-devel-linux-x86_64-debian-clang, r-devel-linux-x86_64-debian-gcc, r-devel-linux-x86_64-fedora-clang, r-devel-linux-x86_64-fedora-gcc, r-devel-osx-x86_64-clang, r-devel-windows-ix86+x86_64, r-patched-linux-x86_64, r-patched-solaris-sparc, r-patched-solaris-x86, r-release-linux-x86_64, r-release-osx-x86_64-mavericks, r-release-windows-ix86+x86_64

Version: 1.41
Check: S3 generic/method consistency
Result: NOTE
    Found the following apparent S3 methods exported but not registered:
     attribute.default attribute.prob.bin lines.attrib lines.roc
     plot.cont.cont plot.prob.bin reliability.plot.default
     reliability.plot.verify roc.plot.default roc.plot.prob.bin
     summary.bin.bin summary.cat.cat summary.cont.cont
     summary.norm.dist.cont summary.predcomp.test summary.prob.bin
    See section ‘Registering S3 methods’ in the ‘Writing R Extensions’
    manual.
Flavors: r-devel-linux-x86_64-debian-clang, r-devel-linux-x86_64-debian-gcc, r-devel-linux-x86_64-fedora-clang, r-devel-linux-x86_64-fedora-gcc, r-devel-osx-x86_64-clang, r-patched-linux-x86_64, r-patched-solaris-sparc, r-patched-solaris-x86, r-release-linux-x86_64

Version: 1.41
Check: package dependencies
Result: ERROR
    Packages required but not available: ‘fields’ ‘dtw’
    
    See section ‘The DESCRIPTION file’ in the ‘Writing R Extensions’
    manual.
Flavor: r-release-osx-x86_64-snowleopard