CRAN Package Check Results for Package verification

Last updated on 2015-01-31 20:47:03.

Flavor Version Tinstall Tcheck Ttotal Status Flags
r-devel-linux-x86_64-debian-clang 1.41 2.46 34.80 37.26 NOTE
r-devel-linux-x86_64-debian-gcc 1.41 2.36 33.34 35.70 NOTE
r-devel-linux-x86_64-fedora-clang 1.41 91.80 NOTE
r-devel-linux-x86_64-fedora-gcc 1.41 86.57 NOTE
r-devel-osx-x86_64-clang 1.41 86.92 NOTE
r-devel-windows-ix86+x86_64 1.41 11.00 50.00 61.00 OK
r-patched-linux-x86_64 1.41 3.20 45.51 48.71 OK
r-patched-solaris-sparc 1.41 532.00 OK
r-patched-solaris-x86 1.41 115.80 OK
r-release-linux-ix86 1.41 3.96 53.36 57.32 OK
r-release-linux-x86_64 1.41 3.22 44.22 47.44 OK
r-release-osx-x86_64-mavericks 1.41 OK
r-release-osx-x86_64-snowleopard 1.41 OK
r-release-windows-ix86+x86_64 1.41 11.00 68.00 79.00 OK
r-oldrel-windows-ix86+x86_64 1.41 10.00 68.00 78.00 NOTE

Check Details

Version: 1.41
Check: S3 generic/method consistency
Result: NOTE
    Found the following apparent S3 methods exported but not registered:
     attribute.default attribute.prob.bin reliability.plot.default
     reliability.plot.verify roc.plot.default roc.plot.prob.bin
     summary.bin.bin summary.cat.cat summary.cont.cont
     summary.norm.dist.cont summary.predcomp.test summary.prob.bin
     lines.attrib lines.roc plot.cont.cont plot.prob.bin
    See section ‘Registering S3 methods’ in the ‘Writing R Extensions’
    manual.
Flavors: r-devel-linux-x86_64-debian-clang, r-devel-linux-x86_64-debian-gcc, r-devel-linux-x86_64-fedora-clang, r-devel-linux-x86_64-fedora-gcc, r-devel-osx-x86_64-clang

Version: 1.41
Check: dependencies in R code
Result: NOTE
    Missing or unexported object: 'verification::pop'
    See the information on DESCRIPTION files in the chapter 'Creating R
    packages' of the 'Writing R Extensions' manual.
Flavor: r-oldrel-windows-ix86+x86_64