CRAN Package Check Results for Package verification

Last updated on 2015-04-18 15:48:00.

Flavor Version Tinstall Tcheck Ttotal Status Flags
r-devel-linux-x86_64-debian-clang 1.41 2.56 35.09 37.65 NOTE
r-devel-linux-x86_64-debian-gcc 1.41 2.38 34.18 36.56 NOTE
r-devel-linux-x86_64-fedora-clang 1.41 74.95 NOTE
r-devel-linux-x86_64-fedora-gcc 1.41 72.28 NOTE
r-devel-osx-x86_64-clang 1.41 68.32 NOTE
r-patched-linux-x86_64 1.41 2.74 36.30 39.03 NOTE
r-patched-solaris-sparc 1.41 454.40 NOTE
r-patched-solaris-x86 1.41 90.30 NOTE
r-release-linux-x86_64 1.41 2.38 30.77 33.15 NOTE
r-release-osx-x86_64-mavericks 1.41 NOTE
r-release-osx-x86_64-snowleopard 1.41 OK
r-release-windows-ix86+x86_64 1.41 7.00 68.00 75.00 NOTE
r-oldrel-windows-ix86+x86_64 1.41 12.00 91.00 103.00 NOTE

Check Details

Version: 1.41
Check: DESCRIPTION meta-information
Result: NOTE
    Malformed Title field: should not end in a period.
Flavors: r-devel-linux-x86_64-debian-clang, r-devel-linux-x86_64-debian-gcc, r-devel-linux-x86_64-fedora-clang, r-devel-linux-x86_64-fedora-gcc, r-devel-osx-x86_64-clang, r-patched-linux-x86_64, r-patched-solaris-sparc, r-patched-solaris-x86, r-release-linux-x86_64, r-release-osx-x86_64-mavericks, r-release-windows-ix86+x86_64

Version: 1.41
Check: S3 generic/method consistency
Result: NOTE
    Found the following apparent S3 methods exported but not registered:
     attribute.default attribute.prob.bin lines.attrib lines.roc
     plot.cont.cont plot.prob.bin reliability.plot.default
     reliability.plot.verify roc.plot.default roc.plot.prob.bin
     summary.bin.bin summary.cat.cat summary.cont.cont
     summary.norm.dist.cont summary.predcomp.test summary.prob.bin
    See section ‘Registering S3 methods’ in the ‘Writing R Extensions’
    manual.
Flavors: r-devel-linux-x86_64-debian-clang, r-devel-linux-x86_64-debian-gcc, r-devel-linux-x86_64-fedora-clang, r-devel-linux-x86_64-fedora-gcc, r-devel-osx-x86_64-clang, r-patched-linux-x86_64, r-release-linux-x86_64

Version: 1.41
Check: dependencies in R code
Result: NOTE
    Missing or unexported object: 'verification::pop'
    See the information on DESCRIPTION files in the chapter 'Creating R
    packages' of the 'Writing R Extensions' manual.
Flavor: r-oldrel-windows-ix86+x86_64