CRAN Package Check Results for Package verification

Last updated on 2015-07-02 06:48:37.

Flavor Version Tinstall Tcheck Ttotal Status Flags
r-devel-linux-x86_64-debian-clang 1.41 2.35 34.43 36.78 NOTE
r-devel-linux-x86_64-debian-gcc 1.41 2.35 33.64 35.99 NOTE
r-devel-linux-x86_64-fedora-clang 1.41 74.62 NOTE
r-devel-linux-x86_64-fedora-gcc 1.41 68.86 NOTE
r-devel-osx-x86_64-clang 1.41 57.88 NOTE
r-devel-windows-ix86+x86_64 1.41 6.00 56.00 62.00 NOTE
r-patched-linux-x86_64 1.41 2.30 34.34 36.64 NOTE
r-patched-solaris-sparc 1.41 458.10 NOTE
r-patched-solaris-x86 1.41 93.20 NOTE
r-release-linux-x86_64 1.41 2.71 34.37 37.08 NOTE
r-release-osx-x86_64-mavericks 1.41 NOTE
r-release-windows-ix86+x86_64 1.41 7.00 55.00 62.00 NOTE
r-oldrel-windows-ix86+x86_64 1.41 14.00 69.00 83.00 OK

Check Details

Version: 1.41
Check: DESCRIPTION meta-information
Result: NOTE
    Malformed Title field: should not end in a period.
Flavors: r-devel-linux-x86_64-debian-clang, r-devel-linux-x86_64-debian-gcc, r-devel-linux-x86_64-fedora-clang, r-devel-linux-x86_64-fedora-gcc, r-devel-osx-x86_64-clang, r-devel-windows-ix86+x86_64, r-patched-linux-x86_64, r-patched-solaris-sparc, r-patched-solaris-x86, r-release-linux-x86_64, r-release-osx-x86_64-mavericks, r-release-windows-ix86+x86_64

Version: 1.41
Check: S3 generic/method consistency
Result: NOTE
    Found the following apparent S3 methods exported but not registered:
     attribute.default attribute.prob.bin lines.attrib lines.roc
     plot.cont.cont plot.prob.bin reliability.plot.default
     reliability.plot.verify roc.plot.default roc.plot.prob.bin
     summary.bin.bin summary.cat.cat summary.cont.cont
     summary.norm.dist.cont summary.predcomp.test summary.prob.bin
    See section ‘Registering S3 methods’ in the ‘Writing R Extensions’
    manual.
Flavors: r-devel-linux-x86_64-debian-clang, r-devel-linux-x86_64-debian-gcc, r-devel-linux-x86_64-fedora-clang, r-devel-linux-x86_64-fedora-gcc, r-devel-osx-x86_64-clang, r-patched-linux-x86_64, r-patched-solaris-sparc, r-patched-solaris-x86, r-release-linux-x86_64

Version: 1.41
Check: R code for possible problems
Result: NOTE
    attribute.default: no visible global function definition for ‘par’
    attribute.default: no visible global function definition for ‘plot’
    attribute.default: no visible global function definition for ‘polygon’
    attribute.default: no visible global function definition for ‘text’
    attribute.default: no visible global function definition for ‘points’
    attribute.default: no visible binding for global variable ‘quantile’
    attribute.default: no visible global function definition for ‘lines’
    attribute.default: no visible global function definition for ‘title’
    attribute.default: no visible global function definition for ‘abline’
    brier: no visible global function definition for ‘aggregate’
    conditional.quantile: no visible global function definition for ‘par’
    conditional.quantile: no visible global function definition for
     ‘aggregate’
    conditional.quantile: no visible binding for global variable ‘median’
    conditional.quantile: no visible binding for global variable ‘quantile’
    conditional.quantile: no visible global function definition for ‘plot’
    conditional.quantile: no visible global function definition for ‘mtext’
    conditional.quantile: no visible global function definition for
     ‘legend’
    conditional.quantile: no visible global function definition for
     ‘abline’
    conditional.quantile: no visible global function definition for ‘lines’
    conditional.quantile: no visible global function definition for ‘hist’
    conditional.quantile: no visible global function definition for ‘axis’
    crps: no visible global function definition for ‘pnorm’
    crps: no visible global function definition for ‘dnorm’
    discrimination.plot: no visible global function definition for ‘par’
    discrimination.plot: no visible global function definition for ‘hist’
    discrimination.plot: no visible global function definition for ‘layout’
    discrimination.plot: no visible global function definition for
     ‘boxplot’
    discrimination.plot: no visible global function definition for ‘axis’
    discrimination.plot: no visible global function definition for ‘plot’
    discrimination.plot: no visible global function definition for ‘points’
    discrimination.plot: no visible global function definition for ‘mtext’
    discrimination.plot: no visible global function definition for ‘title’
    discrimination.plot: no visible global function definition for ‘abline’
    exponentialACV: no visible global function definition for ‘nls’
    leps: no visible global function definition for ‘par’
    leps: no visible global function definition for ‘ecdf’
    lines.roc: no visible global function definition for ‘qnorm’
    lines.roc: no visible global function definition for ‘lm’
    lines.roc: no visible global function definition for ‘predict’
    lines.roc: no visible global function definition for ‘lines’
    lines.roc: no visible global function definition for ‘pnorm’
    measurement.error: no visible global function definition for ‘pchisq’
    measurement.error: no visible global function definition for ‘uniroot’
    performance.diagram: no visible global function definition for
     ‘contour’
    performance.diagram: no visible global function definition for
     ‘segments’
    performance.diagram: no visible global function definition for ‘mtext’
    predcomp.test: no visible global function definition for ‘acf’
    predcomp.test: no visible binding for global variable ‘na.pass’
    predcomp.test: no visible global function definition for ‘coef’
    predcomp.test: no visible global function definition for ‘predict’
    predcomp.test: no visible global function definition for ‘pnorm’
    qrelPlotDefault: no visible global function definition for ‘par’
    qrelPlotDefault: no visible global function definition for ‘plot’
    qrelPlotDefault: no visible global function definition for ‘title’
    qrelPlotDefault: no visible global function definition for ‘points’
    qrelPlotDefault: no visible global function definition for ‘abline’
    qrelPlotDefault: no visible global function definition for ‘legend’
    qrelPlotDefault: no visible global function definition for ‘barplot’
    qrelPlotDefault: no visible global function definition for ‘axis’
    qrelPlotDefault: no visible global function definition for ‘box’
    quantile2disc: no visible global function definition for ‘aggregate’
    quantileScore: no visible global function definition for ‘quantile’
    quantileScore: no visible global function definition for ‘aggregate’
    quantileScore: no visible binding for global variable ‘quantile’
    ranked.hist: no visible global function definition for ‘hist’
    ranked.hist: no visible global function definition for ‘title’
    ranked.hist: no visible global function definition for ‘abline’
    rcrv: no visible global function definition for ‘var’
    reliability.plot.default: no visible global function definition for
     ‘par’
    reliability.plot.default: no visible global function definition for
     ‘plot’
    reliability.plot.default: no visible global function definition for
     ‘title’
    reliability.plot.default: no visible global function definition for
     ‘points’
    reliability.plot.default: no visible global function definition for
     ‘abline’
    reliability.plot.default: no visible global function definition for
     ‘legend’
    reliability.plot.default: no visible global function definition for
     ‘barplot’
    reliability.plot.default: no visible global function definition for
     ‘axis’
    reliability.plot.default: no visible global function definition for
     ‘box’
    roc.area: no visible global function definition for ‘wilcox.test’
    roc.int: no visible global function definition for ‘qnorm’
    roc.plot.default: no visible global function definition for ‘quantile’
    roc.plot.default: no visible global function definition for ‘aggregate’
    roc.plot.default: no visible binding for global variable ‘quantile’
    roc.plot.default: no visible global function definition for ‘qnorm’
    roc.plot.default: no visible global function definition for ‘lm’
    roc.plot.default: no visible global function definition for ‘predict’
    roc.plot.default: no visible global function definition for ‘pnorm’
    roc.plot.default: no visible global function definition for ‘par’
    roc.plot.default: no visible global function definition for ‘abline’
    roc.plot.default: no visible global function definition for ‘points’
    roc.plot.default: no visible global function definition for ‘text’
    roc.plot.default: no visible global function definition for ‘lines’
    table.stats.boot: no visible binding for global variable ‘quantile’
    value: no visible global function definition for ‘matplot’
    value: no visible global function definition for ‘lines’
    value: no visible global function definition for ‘abline’
Flavors: r-devel-linux-x86_64-debian-clang, r-devel-linux-x86_64-debian-gcc, r-devel-linux-x86_64-fedora-clang, r-devel-linux-x86_64-fedora-gcc, r-devel-windows-ix86+x86_64