CRAN Package Check Results for Package verification

Last updated on 2014-08-21 17:47:00.

Flavor Version Tinstall Tcheck Ttotal Status Flags
r-devel-linux-x86_64-debian-clang 1.40 3.04 38.21 41.25 OK
r-devel-linux-x86_64-debian-gcc 1.40 2.83 38.00 40.83 OK
r-devel-linux-x86_64-fedora-clang 1.40 86.29 NOTE
r-devel-linux-x86_64-fedora-gcc 1.40 81.90 NOTE
r-devel-osx-x86_64-clang 1.40 70.77 NOTE
r-devel-windows-ix86+x86_64 1.40 9.00 58.00 67.00 OK
r-patched-linux-x86_64 1.40 2.80 38.61 41.41 OK
r-patched-solaris-sparc 1.40 498.70 OK
r-patched-solaris-x86 1.40 104.90 OK
r-release-linux-ix86 1.40 3.58 50.08 53.66 OK
r-release-linux-x86_64 1.40 2.82 39.55 42.36 OK
r-release-osx-x86_64-mavericks 1.40 OK
r-release-osx-x86_64-snowleopard 1.40 OK
r-release-windows-ix86+x86_64 1.40 9.00 67.00 76.00 OK
r-oldrel-windows-ix86+x86_64 1.40 10.00 61.00 71.00 OK

Check Details

Version: 1.40
Check: R code for possible problems
Result: NOTE
    pop.convert: no visible binding for global variable ‘pop’
Flavors: r-devel-linux-x86_64-fedora-clang, r-devel-linux-x86_64-fedora-gcc, r-devel-osx-x86_64-clang