CRAN Package Check Results for Package verification

Last updated on 2014-10-31 08:47:21.

Flavor Version Tinstall Tcheck Ttotal Status Flags
r-devel-linux-x86_64-debian-clang 1.40 3.22 43.04 46.25 NOTE
r-devel-linux-x86_64-debian-gcc 1.40 2.98 42.03 45.01 NOTE
r-devel-linux-x86_64-fedora-clang 1.40 97.68 NOTE
r-devel-linux-x86_64-fedora-gcc 1.40 89.59 NOTE
r-devel-osx-x86_64-clang 1.40 84.67 NOTE
r-devel-windows-ix86+x86_64 1.40 10.00 63.00 73.00 NOTE
r-patched-linux-x86_64 1.40 3.17 45.93 49.10 NOTE
r-patched-solaris-sparc 1.40 563.50 NOTE
r-patched-solaris-x86 1.40 118.40 NOTE
r-release-linux-ix86 1.40 4.10 55.20 59.29 OK
r-release-linux-x86_64 1.40 3.30 44.89 48.19 OK
r-release-osx-x86_64-mavericks 1.40 OK
r-release-osx-x86_64-snowleopard 1.40 OK
r-release-windows-ix86+x86_64 1.40 10.00 64.00 74.00 OK
r-oldrel-windows-ix86+x86_64 1.40 9.00 63.00 72.00 OK

Check Details

Version: 1.40
Check: R code for possible problems
Result: NOTE
    pop.convert: no visible binding for global variable ‘pop’
Flavors: r-devel-linux-x86_64-debian-clang, r-devel-linux-x86_64-debian-gcc, r-devel-linux-x86_64-fedora-clang, r-devel-linux-x86_64-fedora-gcc, r-devel-osx-x86_64-clang, r-devel-windows-ix86+x86_64, r-patched-linux-x86_64, r-patched-solaris-sparc, r-patched-solaris-x86