CRAN Package Check Results for Package verification

Last updated on 2014-12-18 23:48:03.

Flavor Version Tinstall Tcheck Ttotal Status Flags
r-devel-linux-x86_64-debian-clang 1.40 3.11 43.88 46.99 NOTE
r-devel-linux-x86_64-debian-gcc 1.40 3.04 41.96 45.01 NOTE
r-devel-linux-x86_64-fedora-clang 1.40 102.47 NOTE
r-devel-linux-x86_64-fedora-gcc 1.40 95.03 NOTE
r-devel-osx-x86_64-clang 1.40 90.67 NOTE
r-devel-windows-ix86+x86_64 1.40 10.00 66.00 76.00 NOTE
r-patched-linux-x86_64 1.40 3.24 44.75 47.99 NOTE
r-patched-solaris-sparc 1.40 563.50 NOTE
r-patched-solaris-x86 1.40 119.70 NOTE
r-release-linux-ix86 1.40 3.92 52.29 56.21 NOTE
r-release-linux-x86_64 1.40 3.19 44.56 47.75 NOTE
r-release-osx-x86_64-mavericks 1.40 OK
r-release-osx-x86_64-snowleopard 1.40 OK
r-release-windows-ix86+x86_64 1.40 9.00 71.00 80.00 NOTE
r-oldrel-windows-ix86+x86_64 1.40 10.00 62.00 72.00 OK

Check Details

Version: 1.40
Check: R code for possible problems
Result: NOTE
    pop.convert: no visible binding for global variable ‘pop’
Flavors: r-devel-linux-x86_64-debian-clang, r-devel-linux-x86_64-debian-gcc, r-devel-linux-x86_64-fedora-clang, r-devel-linux-x86_64-fedora-gcc, r-devel-osx-x86_64-clang, r-devel-windows-ix86+x86_64, r-patched-linux-x86_64, r-patched-solaris-sparc, r-patched-solaris-x86, r-release-linux-ix86, r-release-linux-x86_64, r-release-windows-ix86+x86_64