CRAN Package Check Results for Package verification

Last updated on 2014-09-23 03:48:34.

Flavor Version Tinstall Tcheck Ttotal Status Flags
r-devel-linux-x86_64-debian-clang 1.40 3.11 42.47 45.58 NOTE
r-devel-linux-x86_64-debian-gcc 1.40 3.03 41.65 44.68 NOTE
r-devel-linux-x86_64-fedora-clang 1.40 96.01 NOTE
r-devel-linux-x86_64-fedora-gcc 1.40 87.77 NOTE
r-devel-osx-x86_64-clang 1.40 77.62 NOTE
r-devel-windows-ix86+x86_64 1.40 10.00 61.00 71.00 NOTE
r-patched-linux-x86_64 1.40 3.23 43.61 46.84 OK
r-patched-solaris-sparc 1.40 498.70 OK
r-patched-solaris-x86 1.40 118.60 OK
r-release-linux-ix86 1.40 4.09 57.38 61.47 OK
r-release-linux-x86_64 1.40 3.26 44.88 48.15 OK
r-release-osx-x86_64-mavericks 1.40 OK
r-release-osx-x86_64-snowleopard 1.40 OK
r-release-windows-ix86+x86_64 1.40 10.00 63.00 73.00 OK
r-oldrel-windows-ix86+x86_64 1.40 10.00 66.00 76.00 OK

Check Details

Version: 1.40
Check: R code for possible problems
Result: NOTE
    pop.convert: no visible binding for global variable ‘pop’
Flavors: r-devel-linux-x86_64-debian-clang, r-devel-linux-x86_64-debian-gcc, r-devel-linux-x86_64-fedora-clang, r-devel-linux-x86_64-fedora-gcc, r-devel-osx-x86_64-clang, r-devel-windows-ix86+x86_64