CRAN Package Check Results for Package verification

Last updated on 2015-03-06 21:48:38.

Flavor Version Tinstall Tcheck Ttotal Status Flags
r-devel-linux-x86_64-debian-clang 1.41 2.59 35.26 37.84 NOTE
r-devel-linux-x86_64-debian-gcc 1.41 2.32 34.02 36.34 NOTE
r-devel-linux-x86_64-fedora-clang 1.41 75.36 NOTE
r-devel-linux-x86_64-fedora-gcc 1.41 71.38 NOTE
r-devel-osx-x86_64-clang 1.41 73.01 NOTE
r-devel-windows-ix86+x86_64 1.41 10.00 53.00 63.00 NOTE
r-patched-linux-x86_64 1.41 3.54 45.09 48.62 OK
r-patched-solaris-sparc 1.41 588.40 OK
r-patched-solaris-x86 1.41 118.90 OK
r-release-linux-ix86 1.41 4.18 57.36 61.54 OK
r-release-linux-x86_64 1.41 5.01 44.97 49.98 OK
r-release-osx-x86_64-mavericks 1.41 OK
r-release-osx-x86_64-snowleopard 1.41 OK
r-release-windows-ix86+x86_64 1.41 11.00 69.00 80.00 OK
r-oldrel-windows-ix86+x86_64 1.41 11.00 99.00 110.00 NOTE

Check Details

Version: 1.41
Check: DESCRIPTION meta-information
Result: NOTE
    Malformed Title field: should not end in a period.
Flavors: r-devel-linux-x86_64-debian-clang, r-devel-linux-x86_64-debian-gcc, r-devel-linux-x86_64-fedora-clang, r-devel-linux-x86_64-fedora-gcc, r-devel-osx-x86_64-clang, r-devel-windows-ix86+x86_64

Version: 1.41
Check: S3 generic/method consistency
Result: NOTE
    Found the following apparent S3 methods exported but not registered:
     attribute.default attribute.prob.bin lines.attrib lines.roc
     plot.cont.cont plot.prob.bin reliability.plot.default
     reliability.plot.verify roc.plot.default roc.plot.prob.bin
     summary.bin.bin summary.cat.cat summary.cont.cont
     summary.norm.dist.cont summary.predcomp.test summary.prob.bin
    See section ‘Registering S3 methods’ in the ‘Writing R Extensions’
    manual.
Flavors: r-devel-linux-x86_64-debian-clang, r-devel-linux-x86_64-debian-gcc, r-devel-linux-x86_64-fedora-clang, r-devel-linux-x86_64-fedora-gcc, r-devel-osx-x86_64-clang

Version: 1.41
Check: dependencies in R code
Result: NOTE
    Missing or unexported object: 'verification::pop'
    See the information on DESCRIPTION files in the chapter 'Creating R
    packages' of the 'Writing R Extensions' manual.
Flavor: r-oldrel-windows-ix86+x86_64