CRAN Package Check Results for Package verification

Last updated on 2014-04-16 11:47:29.

Flavor Version Tinstall Tcheck Ttotal Status Flags
r-devel-linux-x86_64-debian-clang 1.37 2.91 40.86 43.77 OK
r-devel-linux-x86_64-debian-gcc 1.37 2.94 41.20 44.14 OK
r-devel-linux-x86_64-fedora-clang 1.37 45.62 OK
r-devel-linux-x86_64-fedora-gcc 1.37 43.87 OK
r-devel-macosx-x86_64-clang 1.37 48.30 OK
r-devel-macosx-x86_64-gcc 1.37 ERROR
r-devel-windows-ix86+x86_64 1.37 8.00 63.00 71.00 OK
r-patched-linux-x86_64 1.37 2.92 41.02 43.94 OK
r-patched-solaris-sparc 1.37 479.00 OK
r-patched-solaris-x86 1.37 100.10 OK
r-release-linux-ix86 1.37 6.00 67.00 73.00 OK
r-release-linux-x86_64 1.37 3.05 41.06 44.11 OK
r-release-macosx-x86_64 1.37 OK
r-release-windows-ix86+x86_64 1.37 9.00 62.00 71.00 OK
r-oldrel-windows-ix86+x86_64 1.37 9.00 58.00 67.00 OK

Check Details

Version: 1.37
Check: package dependencies
Result: ERROR
    Packages required but not available: ‘fields’ ‘dtw’
    
    See the information on DESCRIPTION files in the chapter ‘Creating R
    packages’ of the ‘Writing R Extensions’ manual.
Flavor: r-devel-macosx-x86_64-gcc