CRAN Package Check Results for Package vertexenum

Last updated on 2017-12-18 05:48:24 CET.

Flavor Version Tinstall Tcheck Ttotal Status Flags
r-devel-linux-x86_64-debian-clang 1.0.1 3.13 13.43 16.56 NOTE
r-devel-linux-x86_64-debian-gcc NOTE
r-devel-linux-x86_64-fedora-clang 1.0.1 22.16 NOTE
r-devel-linux-x86_64-fedora-gcc 1.0.1 22.23 NOTE
r-devel-windows-ix86+x86_64 1.0.1 12.00 28.00 40.00 OK
r-patched-linux-x86_64 1.0.1 3.52 13.30 16.82 NOTE
r-patched-solaris-x86 1.0.1 31.80 OK
r-release-linux-x86_64 1.0.1 3.35 13.23 16.58 NOTE
r-release-windows-ix86+x86_64 1.0.1 12.00 36.00 48.00 OK
r-release-osx-x86_64 1.0.1 OK
r-oldrel-windows-ix86+x86_64 1.0.1 15.00 35.00 50.00 OK
r-oldrel-osx-x86_64 1.0.1 OK

Check Details

Version: 1.0.1
Check: compiled code
Result: NOTE
    File ‘vertexenum/libs/vertexenum.so’:
     Found no call to: ‘R_useDynamicSymbols’
    
    It is good practice to register native routines and to disable symbol
    search.
    
    See ‘Writing portable packages’ in the ‘Writing R Extensions’ manual.
Flavors: r-devel-linux-x86_64-debian-clang, r-devel-linux-x86_64-debian-gcc, r-devel-linux-x86_64-fedora-clang, r-devel-linux-x86_64-fedora-gcc, r-patched-linux-x86_64, r-release-linux-x86_64