CRAN Package Check Results for Package vertexenum

Last updated on 2017-10-21 05:48:51.

Flavor Version Tinstall Tcheck Ttotal Status Flags
r-devel-linux-x86_64-debian-clang 1.0.1 2.40 10.30 12.70 NOTE
r-devel-linux-x86_64-debian-gcc 1.0.1 2.94 10.88 13.83 NOTE
r-devel-linux-x86_64-fedora-clang 1.0.1 23.04 NOTE
r-devel-linux-x86_64-fedora-gcc 1.0.1 20.38 NOTE
r-devel-windows-ix86+x86_64 1.0.1 10.00 35.00 45.00 OK
r-patched-linux-x86_64 1.0.1 2.58 10.63 13.21 NOTE
r-patched-solaris-x86 1.0.1 32.00 OK
r-release-linux-x86_64 1.0.1 2.42 10.63 13.06 NOTE
r-release-windows-ix86+x86_64 1.0.1 16.00 26.00 42.00 OK
r-release-osx-x86_64 1.0.1 OK
r-oldrel-windows-ix86+x86_64 1.0.1 11.00 36.00 47.00 OK
r-oldrel-osx-x86_64 1.0.1 OK

Check Details

Version: 1.0.1
Check: compiled code
Result: NOTE
    File ‘vertexenum/libs/vertexenum.so’:
     Found no call to: ‘R_useDynamicSymbols’
    
    It is good practice to register native routines and to disable symbol
    search.
    
    See ‘Writing portable packages’ in the ‘Writing R Extensions’ manual.
Flavors: r-devel-linux-x86_64-debian-clang, r-devel-linux-x86_64-debian-gcc, r-devel-linux-x86_64-fedora-clang, r-devel-linux-x86_64-fedora-gcc, r-patched-linux-x86_64, r-release-linux-x86_64