CRAN Package Check Results for Package vesselr

Last updated on 2022-01-24 11:53:16 CET.

Flavor Version Tinstall Tcheck Ttotal Status Flags
r-devel-linux-x86_64-debian-clang 0.2.1 5.42 52.23 57.65 NOTE
r-devel-linux-x86_64-debian-gcc 0.2.1 3.72 40.24 43.96 NOTE
r-devel-linux-x86_64-fedora-clang 0.2.1 69.44 NOTE
r-devel-linux-x86_64-fedora-gcc 0.2.1 62.57 NOTE
r-devel-windows-x86_64-new-UL 0.2.1 18.00 82.00 100.00 NOTE
r-devel-windows-x86_64-new-TK 0.2.1 NOTE
r-patched-linux-x86_64 0.2.1 5.79 51.61 57.40 NOTE
r-release-linux-x86_64 0.2.1 3.92 50.83 54.75 NOTE
r-release-macos-arm64 0.2.1 NOTE
r-release-macos-x86_64 0.2.1 NOTE
r-release-windows-ix86+x86_64 0.2.1 11.00 64.00 75.00 NOTE
r-oldrel-macos-x86_64 0.2.1 OK
r-oldrel-windows-ix86+x86_64 0.2.1 11.00 63.00 74.00 OK

Check Details

Version: 0.2.1
Check: LazyData
Result: NOTE
     'LazyData' is specified without a 'data' directory
Flavors: r-devel-linux-x86_64-debian-clang, r-devel-linux-x86_64-debian-gcc, r-devel-linux-x86_64-fedora-clang, r-devel-linux-x86_64-fedora-gcc, r-devel-windows-x86_64-new-UL, r-devel-windows-x86_64-new-TK, r-patched-linux-x86_64, r-release-linux-x86_64, r-release-macos-arm64, r-release-macos-x86_64, r-release-windows-ix86+x86_64