Last updated on 2023-01-29 19:54:20 CET.
Flavor | Version | Tinstall | Tcheck | Ttotal | Status | Flags |
---|---|---|---|---|---|---|
r-devel-linux-x86_64-debian-clang | 1.0.3 | 89.85 | 185.07 | 274.92 | OK | |
r-devel-linux-x86_64-debian-gcc | 1.0.3 | 71.81 | 140.21 | 212.02 | OK | |
r-devel-linux-x86_64-fedora-clang | 1.0.3 | 367.10 | OK | |||
r-devel-linux-x86_64-fedora-gcc | 1.0.3 | 378.21 | OK | |||
r-patched-linux-x86_64 | 1.0.3 | 70.44 | 181.96 | 252.40 | OK | |
r-release-linux-x86_64 | 1.0.3 | 77.17 | 178.64 | 255.81 | OK | |
r-release-macos-arm64 | 1.0.3 | 75.00 | NOTE | |||
r-release-macos-x86_64 | 1.0.3 | 120.00 | NOTE | |||
r-release-windows-x86_64 | 1.0.3 | 82.00 | 225.00 | 307.00 | OK | |
r-oldrel-macos-arm64 | 1.0.3 | 75.00 | NOTE | |||
r-oldrel-macos-x86_64 | 1.0.3 | 116.00 | NOTE | |||
r-oldrel-windows-ix86+x86_64 | 1.0.3 | 203.00 | 319.00 | 522.00 | OK |
Version: 1.0.3
Check: installed package size
Result: NOTE
installed size is 7.9Mb
sub-directories of 1Mb or more:
libs 7.5Mb
Flavors: r-release-macos-arm64, r-release-macos-x86_64, r-oldrel-macos-arm64, r-oldrel-macos-x86_64