Last updated on 2023-12-06 00:00:35 CET.
Flavor | Version | Tinstall | Tcheck | Ttotal | Status | Flags |
---|---|---|---|---|---|---|
r-devel-linux-x86_64-debian-clang | 1.0.3 | 100.58 | 173.55 | 274.13 | NOTE | |
r-devel-linux-x86_64-debian-gcc | 1.0.3 | 70.92 | 131.29 | 202.21 | NOTE | |
r-devel-linux-x86_64-fedora-clang | 1.0.3 | 366.73 | OK | |||
r-devel-linux-x86_64-fedora-gcc | 1.0.3 | 388.34 | OK | |||
r-devel-windows-x86_64 | 1.0.3 | 73.00 | 148.00 | 221.00 | OK | |
r-patched-linux-x86_64 | 1.0.3 | 63.82 | 167.85 | 231.67 | OK | |
r-release-linux-x86_64 | 1.0.3 | 64.82 | 165.00 | 229.82 | OK | |
r-release-macos-arm64 | 1.0.3 | 97.00 | NOTE | |||
r-release-macos-x86_64 | 1.0.3 | 162.00 | NOTE | |||
r-release-windows-x86_64 | 1.0.3 | 98.00 | 191.00 | 289.00 | OK | |
r-oldrel-macos-arm64 | 1.0.3 | 75.00 | NOTE | |||
r-oldrel-macos-x86_64 | 1.0.3 | 120.00 | NOTE | |||
r-oldrel-windows-x86_64 | 1.0.3 | 90.00 | 188.00 | 278.00 | OK |
Version: 1.0.3
Check: Rd files
Result: NOTE
checkRd: (-1) LinRegChol.Rd:21: Lost braces; missing escapes or markup?
21 | Do linear regression of form (X^T O X + P)^{-1} X^T y where O is omega, P is
| ^
Flavors: r-devel-linux-x86_64-debian-clang, r-devel-linux-x86_64-debian-gcc
Version: 1.0.3
Check: installed package size
Result: NOTE
installed size is 7.9Mb
sub-directories of 1Mb or more:
libs 7.5Mb
Flavors: r-release-macos-arm64, r-release-macos-x86_64, r-oldrel-macos-arm64, r-oldrel-macos-x86_64