CRAN Package Check Results for Package vietnameseConverter

Last updated on 2022-12-04 22:54:58 CET.

Flavor Version Tinstall Tcheck Ttotal Status Flags
r-devel-linux-x86_64-debian-clang 0.4.0 3.45 65.96 69.41 OK
r-devel-linux-x86_64-debian-gcc 0.4.0 3.57 50.01 53.58 OK
r-devel-linux-x86_64-fedora-clang 0.4.0 101.23 NOTE
r-devel-linux-x86_64-fedora-gcc 0.4.0 93.12 NOTE
r-devel-windows-x86_64 0.4.0 26.00 90.00 116.00 OK
r-patched-linux-x86_64 0.4.0 4.28 63.04 67.32 OK
r-release-linux-x86_64 0.4.0 4.56 64.89 69.45 OK
r-release-macos-arm64 0.4.0 22.00 NOTE
r-release-macos-x86_64 0.4.0 40.00 NOTE
r-release-windows-x86_64 0.4.0 16.00 96.00 112.00 OK
r-oldrel-macos-arm64 0.4.0 48.00 NOTE
r-oldrel-macos-x86_64 0.4.0 38.00 NOTE
r-oldrel-windows-ix86+x86_64 0.4.0 16.00 90.00 106.00 OK

Check Details

Version: 0.4.0
Check: data for non-ASCII characters
Result: NOTE
     Note: found 468 marked UTF-8 strings
Flavors: r-devel-linux-x86_64-fedora-clang, r-devel-linux-x86_64-fedora-gcc, r-release-macos-arm64, r-release-macos-x86_64, r-oldrel-macos-arm64, r-oldrel-macos-x86_64