CRAN Package Check Results for Package vimpclust

Last updated on 2022-05-26 06:55:55 CEST.

Flavor Version Tinstall Tcheck Ttotal Status Flags
r-devel-linux-x86_64-debian-clang 0.1.0 6.76 312.88 319.64 OK
r-devel-linux-x86_64-debian-gcc 0.1.0 5.73 223.27 229.00 OK
r-devel-linux-x86_64-fedora-clang 0.1.0 362.55 NOTE
r-devel-linux-x86_64-fedora-gcc 0.1.0 334.57 NOTE
r-devel-windows-x86_64 0.1.0 24.00 303.00 327.00 OK
r-patched-linux-x86_64 0.1.0 6.99 288.78 295.77 OK
r-release-linux-x86_64 0.1.0 OK
r-release-macos-arm64 0.1.0 91.00 NOTE
r-release-macos-x86_64 0.1.0 156.00 NOTE
r-release-windows-x86_64 0.1.0 22.00 314.00 336.00 OK
r-oldrel-macos-arm64 0.1.0 124.00 NOTE
r-oldrel-macos-x86_64 0.1.0 138.00 NOTE
r-oldrel-windows-ix86+x86_64 0.1.0 18.00 327.00 345.00 OK

Check Details

Version: 0.1.0
Check: dependencies in R code
Result: NOTE
    Namespaces in Imports field not imported from:
     ‘mclust’ ‘rlang’
     All declared Imports should be used.
Flavors: r-devel-linux-x86_64-fedora-clang, r-devel-linux-x86_64-fedora-gcc, r-release-macos-arm64, r-release-macos-x86_64, r-oldrel-macos-arm64, r-oldrel-macos-x86_64