Last updated on 2023-12-09 07:49:50 CET.
Flavor | Version | Tinstall | Tcheck | Ttotal | Status | Flags |
---|---|---|---|---|---|---|
r-devel-linux-x86_64-debian-clang | 0.9.2 | 136.62 | 229.30 | 365.92 | OK | |
r-devel-linux-x86_64-debian-gcc | 0.9.2 | 118.63 | 166.55 | 285.18 | OK | |
r-devel-linux-x86_64-fedora-clang | 0.9.2 | 467.82 | NOTE | |||
r-devel-linux-x86_64-fedora-gcc | 0.9.2 | 550.37 | OK | |||
r-devel-windows-x86_64 | 0.9.2 | 109.00 | 352.00 | 461.00 | NOTE | |
r-patched-linux-x86_64 | 0.9.2 | 137.10 | 246.29 | 383.39 | OK | |
r-release-linux-x86_64 | 0.9.2 | 140.36 | 247.49 | 387.85 | OK | |
r-release-macos-arm64 | 0.9.2 | 182.00 | NOTE | |||
r-release-macos-x86_64 | 0.9.2 | 345.00 | NOTE | |||
r-release-windows-x86_64 | 0.9.2 | 136.00 | 392.00 | 528.00 | NOTE | |
r-oldrel-macos-arm64 | 0.9.2 | 162.00 | NOTE | |||
r-oldrel-macos-x86_64 | 0.8.3 | 191.00 | NOTE | |||
r-oldrel-windows-x86_64 | 0.9.2 | 124.00 | 386.00 | 510.00 | NOTE |
Version: 0.9.2
Check: installed package size
Result: NOTE
installed size is 6.4Mb
sub-directories of 1Mb or more:
doc 1.4Mb
libs 4.8Mb
Flavors: r-devel-linux-x86_64-fedora-clang, r-devel-windows-x86_64, r-release-macos-arm64, r-release-macos-x86_64, r-release-windows-x86_64, r-oldrel-macos-arm64, r-oldrel-windows-x86_64
Version: 0.8.3
Check: installed package size
Result: NOTE
installed size is 57.2Mb
sub-directories of 1Mb or more:
doc 1.4Mb
libs 55.6Mb
Flavor: r-oldrel-macos-x86_64