CRAN Package Check Results for Package vines

Last updated on 2017-05-29 16:48:46.

Flavor Version Tinstall Tcheck Ttotal Status Flags
r-devel-linux-x86_64-debian-clang 1.1.5 4.66 53.07 57.73 NOTE
r-devel-linux-x86_64-debian-gcc 1.1.5 4.15 54.03 58.18 NOTE
r-devel-linux-x86_64-fedora-clang 1.1.5 126.33 NOTE
r-devel-linux-x86_64-fedora-gcc 1.1.5 118.68 NOTE
r-devel-windows-ix86+x86_64 1.1.5 15.00 158.00 173.00 OK
r-patched-linux-x86_64 1.1.5 4.30 51.55 55.85 NOTE
r-patched-solaris-sparc 1.1.5 621.50 OK --no-tests
r-patched-solaris-x86 1.1.5 160.70 OK
r-release-linux-x86_64 1.1.5 4.46 52.03 56.50 NOTE
r-release-windows-ix86+x86_64 1.1.5 21.00 165.00 186.00 OK
r-release-osx-x86_64 1.1.5 ERROR
r-oldrel-windows-ix86+x86_64 1.1.5 14.00 109.00 123.00 OK
r-oldrel-osx-x86_64 1.1.5 OK

Check Details

Version: 1.1.5
Check: compiled code
Result: NOTE
    File ‘vines/libs/vines.so’:
     Found no call to: ‘R_useDynamicSymbols’
    
    It is good practice to register native routines and to disable symbol
    search.
    
    See ‘Writing portable packages’ in the ‘Writing R Extensions’ manual.
Flavors: r-devel-linux-x86_64-debian-clang, r-devel-linux-x86_64-debian-gcc, r-devel-linux-x86_64-fedora-clang, r-devel-linux-x86_64-fedora-gcc, r-patched-linux-x86_64, r-release-linux-x86_64

Version: 1.1.5
Check: package dependencies
Result: ERROR
    Package required but not available: ‘copula’
    
    See section ‘The DESCRIPTION file’ in the ‘Writing R Extensions’
    manual.
Flavor: r-release-osx-x86_64