CRAN Package Check Results for Package vines

Last updated on 2018-02-22 04:48:53 CET.

Flavor Version Tinstall Tcheck Ttotal Status Flags
r-devel-linux-x86_64-debian-clang 1.1.5 7.34 71.53 78.87 NOTE
r-devel-linux-x86_64-debian-gcc 1.1.5 6.79 63.72 70.51 NOTE
r-devel-linux-x86_64-fedora-clang 1.1.5 109.57 NOTE
r-devel-linux-x86_64-fedora-gcc 1.1.5 108.36 NOTE
r-devel-windows-ix86+x86_64 1.1.5 24.00 117.00 141.00 OK
r-patched-linux-x86_64 1.1.5 6.06 84.59 90.65 NOTE
r-patched-solaris-x86 1.1.5 165.50 OK
r-release-linux-x86_64 1.1.5 6.36 82.18 88.54 NOTE
r-release-windows-ix86+x86_64 1.1.5 20.00 165.00 185.00 OK
r-release-osx-x86_64 1.1.5 ERROR
r-oldrel-windows-ix86+x86_64 1.1.5 13.00 119.00 132.00 OK
r-oldrel-osx-x86_64 1.1.5 OK

Check Details

Version: 1.1.5
Check: compiled code
Result: NOTE
    File ‘vines/libs/vines.so’:
     Found no call to: ‘R_useDynamicSymbols’
    
    It is good practice to register native routines and to disable symbol
    search.
    
    See ‘Writing portable packages’ in the ‘Writing R Extensions’ manual.
Flavors: r-devel-linux-x86_64-debian-clang, r-devel-linux-x86_64-debian-gcc, r-devel-linux-x86_64-fedora-clang, r-devel-linux-x86_64-fedora-gcc, r-patched-linux-x86_64, r-release-linux-x86_64

Version: 1.1.5
Check: package dependencies
Result: ERROR
    Package required but not available: ‘copula’
    
    See section ‘The DESCRIPTION file’ in the ‘Writing R Extensions’
    manual.
Flavor: r-release-osx-x86_64