CRAN Package Check Results for Package vines

Last updated on 2015-08-05 11:48:22.

Flavor Version Tinstall Tcheck Ttotal Status Flags
r-devel-linux-x86_64-debian-clang 1.1.3 3.96 72.43 76.39 NOTE
r-devel-linux-x86_64-debian-gcc 1.1.3 3.89 70.13 74.02 NOTE
r-devel-linux-x86_64-fedora-clang 1.1.3 153.55 NOTE
r-devel-linux-x86_64-fedora-gcc 1.1.3 143.67 NOTE
r-devel-osx-x86_64-clang 1.1.3 128.62 OK
r-devel-windows-ix86+x86_64 1.1.3 21.00 184.00 205.00 NOTE
r-patched-linux-x86_64 1.1.3 4.18 70.64 74.82 OK
r-patched-solaris-sparc 1.1.3 573.40 OK --no-tests
r-patched-solaris-x86 1.1.3 185.10 OK
r-release-linux-x86_64 1.1.3 4.31 71.24 75.56 OK
r-release-osx-x86_64-mavericks 1.1.3 OK
r-release-windows-ix86+x86_64 1.1.3 18.00 196.00 214.00 OK
r-oldrel-windows-ix86+x86_64 1.1.3 29.00 199.00 228.00 OK

Check Details

Version: 1.1.3
Check: R code for possible problems
Result: NOTE
    hCopula: no visible global function definition for ‘numericDeriv’
    hinverseCopula : <anonymous>: no visible global function definition for
     ‘uniroot’
    rCVine: no visible global function definition for ‘runif’
    rDVine: no visible global function definition for ‘runif’
    vineFitML: no visible global function definition for ‘optim’
    vineGoFPIT: no visible global function definition for ‘qnorm’
    vineGoFPIT: no visible binding for global variable ‘pchisq’
    vineOrderGreedy: no visible global function definition for ‘cor’
    vineOrderGreedy: no visible global function definition for ‘optimize’
    h,copula: no visible global function definition for ‘numericDeriv’
    hinverse,copula : <anonymous>: no visible global function definition
     for ‘uniroot’
    rvine,CVine: no visible global function definition for ‘runif’
    rvine,DVine: no visible global function definition for ‘runif’
    Undefined global functions or variables:
     cor numericDeriv optim optimize pchisq qnorm runif uniroot
    Consider adding
     importFrom("stats", "cor", "numericDeriv", "optim", "optimize",
     "pchisq", "qnorm", "runif", "uniroot")
    to your NAMESPACE.
Flavors: r-devel-linux-x86_64-debian-clang, r-devel-linux-x86_64-debian-gcc, r-devel-linux-x86_64-fedora-clang, r-devel-linux-x86_64-fedora-gcc, r-devel-windows-ix86+x86_64