CRAN Package Check Results for Package vines

Last updated on 2016-07-30 21:47:03.

Flavor Version Tinstall Tcheck Ttotal Status Flags
r-devel-linux-x86_64-debian-clang 1.1.5 4.14 49.19 53.33 OK
r-devel-linux-x86_64-debian-gcc 1.1.5 3.98 47.84 51.82 OK
r-devel-linux-x86_64-fedora-clang 1.1.5 56.02 OK
r-devel-linux-x86_64-fedora-gcc 1.1.5 54.18 OK
r-devel-osx-x86_64-clang 1.1.5 80.15 OK
r-devel-windows-ix86+x86_64 1.1.5 11.00 90.00 101.00 OK
r-patched-linux-x86_64 1.1.5 4.03 48.23 52.26 OK
r-patched-solaris-sparc 1.1.5 489.10 OK --no-tests
r-patched-solaris-x86 1.1.5 131.60 OK
r-release-linux-x86_64 1.1.4 4.66 51.18 55.84 ERROR
r-release-osx-x86_64-mavericks 1.1.5 OK
r-release-windows-ix86+x86_64 1.1.4 18.00 110.00 128.00 ERROR
r-oldrel-windows-ix86+x86_64 1.1.4 18.00 144.00 162.00 ERROR

Check Details

Version: 1.1.4
Check: tests
Result: ERROR
    Running the tests in ‘tests/testthat.R’ failed.
    Last 13 lines of output:
     1. Error: h() in [0,1] for the t copula (@test-h.R#4)
     2. Error: h() in [0,1] for the t copula (@test-h.R#4)
     3. Error: h() in [0,1] for the t copula (@test-h.R#4)
     4. Error: h() in [0,1] for the t copula (@test-h.R#4)
     5. Error: h() in [0,1] for the t copula (@test-h.R#4)
     6. Error: h() in [0,1] for the t copula (@test-h.R#4)
     7. Error: h() in [0,1] for the t copula (@test-h.R#4)
     8. Error: h() in [0,1] for the t copula (@test-h.R#4)
     9. Error: h() in [0,1] for the t copula (@test-h.R#4)
     1. ...
    
     Error: testthat unit tests failed
     Execution halted
Flavor: r-release-linux-x86_64

Version: 1.1.4
Check: running tests for arch ‘i386’
Result: ERROR
    Running the tests in 'tests/testthat.R' failed.
    Last 13 lines of output:
     1. Error: h() in [0,1] for the t copula (@test-h.R#4)
     2. Error: h() in [0,1] for the t copula (@test-h.R#4)
     3. Error: h() in [0,1] for the t copula (@test-h.R#4)
     4. Error: h() in [0,1] for the t copula (@test-h.R#4)
     5. Error: h() in [0,1] for the t copula (@test-h.R#4)
     6. Error: h() in [0,1] for the t copula (@test-h.R#4)
     7. Error: h() in [0,1] for the t copula (@test-h.R#4)
     8. Error: h() in [0,1] for the t copula (@test-h.R#4)
     9. Error: h() in [0,1] for the t copula (@test-h.R#4)
     1. ...
    
     Error: testthat unit tests failed
     Execution halted
Flavors: r-release-windows-ix86+x86_64, r-oldrel-windows-ix86+x86_64

Version: 1.1.4
Check: running tests for arch ‘x64’
Result: ERROR
    Running the tests in 'tests/testthat.R' failed.
    Last 13 lines of output:
     1. Error: h() in [0,1] for the t copula (@test-h.R#4)
     2. Error: h() in [0,1] for the t copula (@test-h.R#4)
     3. Error: h() in [0,1] for the t copula (@test-h.R#4)
     4. Error: h() in [0,1] for the t copula (@test-h.R#4)
     5. Error: h() in [0,1] for the t copula (@test-h.R#4)
     6. Error: h() in [0,1] for the t copula (@test-h.R#4)
     7. Error: h() in [0,1] for the t copula (@test-h.R#4)
     8. Error: h() in [0,1] for the t copula (@test-h.R#4)
     9. Error: h() in [0,1] for the t copula (@test-h.R#4)
     1. ...
    
     Error: testthat unit tests failed
     Execution halted
Flavors: r-release-windows-ix86+x86_64, r-oldrel-windows-ix86+x86_64