CRAN Package Check Results for Package vines

Last updated on 2017-02-27 11:48:58.

Flavor Version Tinstall Tcheck Ttotal Status Flags
r-devel-linux-x86_64-debian-clang 1.1.5 4.15 51.00 55.15 NOTE
r-devel-linux-x86_64-debian-gcc 1.1.5 4.05 50.67 54.72 NOTE
r-devel-linux-x86_64-fedora-clang 1.1.5 129.49 NOTE --no-stop-on-test-error
r-devel-linux-x86_64-fedora-gcc 1.1.5 131.37 NOTE --no-stop-on-test-error
r-devel-macos-x86_64-clang 1.1.5 91.30 NOTE --no-stop-on-test-error
r-devel-windows-ix86+x86_64 1.1.5 14.00 158.00 172.00 OK
r-patched-linux-x86_64 1.1.5 3.84 46.73 50.56 OK
r-patched-solaris-sparc 1.1.5 547.20 OK --no-tests
r-patched-solaris-x86 1.1.5 128.10 OK
r-release-linux-x86_64 1.1.5 3.89 46.53 50.42 OK
r-release-osx-x86_64-mavericks 1.1.5 OK
r-release-windows-ix86+x86_64 1.1.5 34.00 208.00 242.00 OK
r-oldrel-windows-ix86+x86_64 1.1.5 21.00 157.00 178.00 OK

Check Details

Version: 1.1.5
Check: compiled code
Result: NOTE
    File ‘vines/libs/vines.so’:
     Found no call to: ‘R_useDynamicSymbols’
    
    It is good practice to register native routines and to disable symbol
    search.
    
    See ‘Writing portable packages’ in the ‘Writing R Extensions’ manual.
Flavors: r-devel-linux-x86_64-debian-clang, r-devel-linux-x86_64-debian-gcc

Version: 1.1.5
Flags: --no-stop-on-test-error
Check: compiled code
Result: NOTE
    File ‘vines/libs/vines.so’:
     Found no call to: ‘R_useDynamicSymbols’
    
    It is good practice to register native routines and to disable symbol
    search.
    
    See ‘Writing portable packages’ in the ‘Writing R Extensions’ manual.
Flavors: r-devel-linux-x86_64-fedora-clang, r-devel-linux-x86_64-fedora-gcc, r-devel-macos-x86_64-clang