CRAN Package Check Results for Package vines

Last updated on 2014-12-18 23:48:03.

Flavor Version Tinstall Tcheck Ttotal Status Flags
r-devel-linux-x86_64-debian-clang 1.1.0 4.64 80.54 85.18 NOTE
r-devel-linux-x86_64-debian-gcc 1.1.0 4.62 83.60 88.22 NOTE
r-devel-linux-x86_64-fedora-clang 1.1.0 205.25 NOTE
r-devel-linux-x86_64-fedora-gcc 1.1.0 186.47 NOTE
r-devel-osx-x86_64-clang 1.1.0 164.38 NOTE
r-devel-windows-ix86+x86_64 1.1.0 24.00 176.00 200.00 NOTE
r-patched-linux-x86_64 1.1.0 5.37 83.77 89.14 NOTE
r-patched-solaris-sparc 1.1.0 716.30 NOTE --no-tests
r-patched-solaris-x86 1.1.0 242.30 NOTE
r-release-linux-ix86 1.1.0 5.78 98.06 103.84 NOTE
r-release-linux-x86_64 1.1.0 4.87 84.17 89.04 NOTE
r-release-osx-x86_64-mavericks 1.1.0 ERROR
r-release-osx-x86_64-snowleopard 1.1.0 OK
r-release-windows-ix86+x86_64 1.1.0 16.00 201.00 217.00 NOTE
r-oldrel-windows-ix86+x86_64 1.1.0 17.00 187.00 204.00 OK

Check Details

Version: 1.1.0
Check: R code for possible problems
Result: NOTE
    CVine: no visible global function definition for ‘indepCopula’
    DVine: no visible global function definition for ‘indepCopula’
    Vine: no visible global function definition for ‘indepCopula’
    vineFitML : <anonymous>: no visible global function definition for
     ‘indepCopula’
    vineOrderGreedy: no visible global function definition for ‘tCopula’
    vineOrderGreedy: no visible global function definition for
     ‘calibKendallsTau’
Flavors: r-devel-linux-x86_64-debian-clang, r-devel-linux-x86_64-debian-gcc, r-devel-linux-x86_64-fedora-clang, r-devel-linux-x86_64-fedora-gcc, r-devel-osx-x86_64-clang, r-devel-windows-ix86+x86_64, r-patched-linux-x86_64, r-patched-solaris-x86, r-release-linux-ix86, r-release-linux-x86_64, r-release-windows-ix86+x86_64

Version: 1.1.0
Flags: --no-tests
Check: R code for possible problems
Result: NOTE
    CVine: no visible global function definition for ‘indepCopula’
    DVine: no visible global function definition for ‘indepCopula’
    Vine: no visible global function definition for ‘indepCopula’
    vineFitML : <anonymous>: no visible global function definition for
     ‘indepCopula’
    vineOrderGreedy: no visible global function definition for ‘tCopula’
    vineOrderGreedy: no visible global function definition for
     ‘calibKendallsTau’
Flavor: r-patched-solaris-sparc

Version: 1.1.0
Check: package dependencies
Result: ERROR
    Package required but not available: ‘copula’
    
    See the information on DESCRIPTION files in the chapter ‘Creating R
    packages’ of the ‘Writing R Extensions’ manual.
Flavor: r-release-osx-x86_64-mavericks