CRAN Package Check Results for Package vines

Last updated on 2017-03-28 06:48:24.

Flavor Version Tinstall Tcheck Ttotal Status Flags
r-devel-linux-x86_64-debian-clang 1.1.5 4.24 51.17 55.40 NOTE
r-devel-linux-x86_64-debian-gcc 1.1.5 4.14 51.10 55.24 NOTE
r-devel-linux-x86_64-fedora-clang 1.1.5 121.91 NOTE --no-stop-on-test-error
r-devel-linux-x86_64-fedora-gcc 1.1.5 118.68 NOTE --no-stop-on-test-error
r-devel-macos-x86_64-clang 1.1.5 91.08 NOTE --no-stop-on-test-error
r-devel-windows-ix86+x86_64 1.1.5 15.00 168.00 183.00 OK
r-patched-linux-x86_64 1.1.5 4.27 50.44 54.71 NOTE
r-patched-solaris-sparc 1.1.5 621.50 OK --no-tests
r-patched-solaris-x86 1.1.5 163.70 OK
r-release-linux-x86_64 1.1.5 3.88 46.14 50.02 OK
r-release-osx-x86_64-mavericks 1.1.5 OK
r-release-windows-ix86+x86_64 1.1.5 22.00 103.00 125.00 OK
r-oldrel-windows-ix86+x86_64 1.1.5 16.00 116.00 132.00 OK

Check Details

Version: 1.1.5
Check: compiled code
Result: NOTE
    File ‘vines/libs/vines.so’:
     Found no call to: ‘R_useDynamicSymbols’
    
    It is good practice to register native routines and to disable symbol
    search.
    
    See ‘Writing portable packages’ in the ‘Writing R Extensions’ manual.
Flavors: r-devel-linux-x86_64-debian-clang, r-devel-linux-x86_64-debian-gcc, r-patched-linux-x86_64

Version: 1.1.5
Flags: --no-stop-on-test-error
Check: compiled code
Result: NOTE
    File ‘vines/libs/vines.so’:
     Found no call to: ‘R_useDynamicSymbols’
    
    It is good practice to register native routines and to disable symbol
    search.
    
    See ‘Writing portable packages’ in the ‘Writing R Extensions’ manual.
Flavors: r-devel-linux-x86_64-fedora-clang, r-devel-linux-x86_64-fedora-gcc, r-devel-macos-x86_64-clang