Last updated on 2023-12-10 01:52:45 CET.
Flavor | Version | Tinstall | Tcheck | Ttotal | Status | Flags |
---|---|---|---|---|---|---|
r-devel-linux-x86_64-debian-clang | 1.1.5 | 17.69 | 132.05 | 149.74 | OK | |
r-devel-linux-x86_64-debian-gcc | 1.1.5 | 12.94 | 100.88 | 113.82 | OK | |
r-devel-linux-x86_64-fedora-clang | 1.1.5 | 184.77 | NOTE | |||
r-devel-linux-x86_64-fedora-gcc | 1.1.5 | 186.54 | NOTE | |||
r-devel-windows-x86_64 | 1.1.5 | 15.00 | 118.00 | 133.00 | OK | |
r-patched-linux-x86_64 | 1.1.5 | 20.53 | 129.19 | 149.72 | OK | |
r-release-linux-x86_64 | 1.1.5 | 14.94 | 129.08 | 144.02 | OK | |
r-release-macos-arm64 | 1.1.5 | 55.00 | OK | |||
r-release-macos-x86_64 | 1.1.5 | 89.00 | OK | |||
r-release-windows-x86_64 | 1.1.5 | 20.00 | 143.00 | 163.00 | OK | |
r-oldrel-macos-arm64 | 1.1.5 | 54.00 | OK | |||
r-oldrel-macos-x86_64 | 1.1.5 | 66.00 | OK | |||
r-oldrel-windows-x86_64 | 1.1.5 | 19.00 | 148.00 | 167.00 | OK |
Version: 1.1.5
Check: compiled code
Result: NOTE
File ‘vines/libs/vines.so’:
Found no call to: ‘R_useDynamicSymbols’
It is good practice to register native routines and to disable symbol
search.
See ‘Writing portable packages’ in the ‘Writing R Extensions’ manual.
Flavors: r-devel-linux-x86_64-fedora-clang, r-devel-linux-x86_64-fedora-gcc