CRAN Package Check Results for Package vines

Last updated on 2014-07-24 15:52:28.

Flavor Version Tinstall Tcheck Ttotal Status Flags
r-devel-linux-x86_64-debian-clang 1.1.0 4.84 82.86 87.70 OK
r-devel-linux-x86_64-debian-gcc 1.1.0 4.91 81.33 86.24 OK
r-devel-linux-x86_64-fedora-clang 1.1.0 210.57 OK
r-devel-linux-x86_64-fedora-gcc 1.1.0 199.68 OK
r-devel-osx-x86_64-clang 1.1.0 149.54 OK
r-devel-windows-ix86+x86_64 1.1.0 15.00 186.00 201.00 OK
r-patched-linux-x86_64 1.1.0 4.90 82.62 87.52 OK
r-patched-solaris-sparc 1.1.0 665.50 OK --no-tests
r-patched-solaris-x86 1.1.0 237.90 OK
r-release-linux-ix86 1.1.0 5.96 102.40 108.36 OK
r-release-linux-x86_64 1.1.0 4.96 83.76 88.71 OK
r-release-osx-x86_64-mavericks 1.1.0 ERROR
r-release-osx-x86_64-snowleopard 1.1.0 OK
r-release-windows-ix86+x86_64 1.1.0 17.00 184.00 201.00 OK
r-oldrel-windows-ix86+x86_64 1.1.0 17.00 185.00 202.00 OK

Check Details

Version: 1.1.0
Check: package dependencies
Result: ERROR
    Package required but not available: ‘copula’
    
    See the information on DESCRIPTION files in the chapter ‘Creating R
    packages’ of the ‘Writing R Extensions’ manual.
Flavor: r-release-osx-x86_64-mavericks