CRAN Package Check Results for Package vines

Last updated on 2018-04-21 05:49:31 CEST.

Flavor Version Tinstall Tcheck Ttotal Status Flags
r-devel-linux-x86_64-debian-clang 1.1.5 8.44 80.60 89.04 NOTE
r-devel-linux-x86_64-debian-gcc 1.1.5 7.41 64.23 71.64 NOTE
r-devel-linux-x86_64-fedora-clang 1.1.5 109.51 NOTE
r-devel-linux-x86_64-fedora-gcc 1.1.5 111.15 NOTE
r-devel-windows-ix86+x86_64 1.1.5 28.00 133.00 161.00 OK
r-devel-osx-x86_64 1.1.5 OK
r-patched-linux-x86_64 1.1.5 8.64 78.84 87.48 NOTE
r-patched-solaris-x86 1.1.5 166.60 OK
r-release-linux-x86_64 1.1.5 6.69 82.98 89.67 NOTE
r-release-windows-ix86+x86_64 1.1.5 19.00 158.00 177.00 OK
r-release-osx-x86_64 1.1.5 ERROR
r-oldrel-windows-ix86+x86_64 1.1.5 18.00 120.00 138.00 OK

Check Details

Version: 1.1.5
Check: compiled code
Result: NOTE
    File ‘vines/libs/vines.so’:
     Found no call to: ‘R_useDynamicSymbols’
    
    It is good practice to register native routines and to disable symbol
    search.
    
    See ‘Writing portable packages’ in the ‘Writing R Extensions’ manual.
Flavors: r-devel-linux-x86_64-debian-clang, r-devel-linux-x86_64-debian-gcc, r-devel-linux-x86_64-fedora-clang, r-devel-linux-x86_64-fedora-gcc, r-patched-linux-x86_64, r-release-linux-x86_64

Version: 1.1.5
Check: package dependencies
Result: ERROR
    Package required but not available: ‘copula’
    
    See section ‘The DESCRIPTION file’ in the ‘Writing R Extensions’
    manual.
Flavor: r-release-osx-x86_64