CRAN Package Check Results for Package vines

Last updated on 2018-06-22 03:49:52 CEST.

Flavor Version Tinstall Tcheck Ttotal Status Flags
r-devel-linux-x86_64-debian-clang 1.1.5 10.82 82.36 93.18 NOTE
r-devel-linux-x86_64-debian-gcc 1.1.5 9.30 73.96 83.26 NOTE
r-devel-linux-x86_64-fedora-clang 1.1.5 121.49 NOTE
r-devel-linux-x86_64-fedora-gcc 1.1.5 116.29 NOTE
r-devel-windows-ix86+x86_64 1.1.5 17.00 132.00 149.00 OK
r-patched-linux-x86_64 1.1.5 8.41 81.51 89.92 NOTE
r-patched-solaris-x86 1.1.5 159.10 OK
r-release-linux-x86_64 1.1.5 9.34 80.40 89.74 NOTE
r-release-windows-ix86+x86_64 1.1.5 17.00 121.00 138.00 OK
r-release-osx-x86_64 1.1.5 OK
r-oldrel-windows-ix86+x86_64 1.1.5 21.00 123.00 144.00 OK
r-oldrel-osx-x86_64 1.1.5 ERROR

Check Details

Version: 1.1.5
Check: compiled code
Result: NOTE
    File ‘vines/libs/vines.so’:
     Found no call to: ‘R_useDynamicSymbols’
    
    It is good practice to register native routines and to disable symbol
    search.
    
    See ‘Writing portable packages’ in the ‘Writing R Extensions’ manual.
Flavors: r-devel-linux-x86_64-debian-clang, r-devel-linux-x86_64-debian-gcc, r-devel-linux-x86_64-fedora-clang, r-devel-linux-x86_64-fedora-gcc, r-patched-linux-x86_64, r-release-linux-x86_64

Version: 1.1.5
Check: package dependencies
Result: ERROR
    Package required but not available: ‘copula’
    
    See section ‘The DESCRIPTION file’ in the ‘Writing R Extensions’
    manual.
Flavor: r-oldrel-osx-x86_64