CRAN Package Check Results for Package vines

Last updated on 2014-08-21 15:47:56.

Flavor Version Tinstall Tcheck Ttotal Status Flags
r-devel-linux-x86_64-debian-clang 1.1.0 4.75 82.36 87.11 OK
r-devel-linux-x86_64-debian-gcc 1.1.0 4.82 79.60 84.41 OK
r-devel-linux-x86_64-fedora-clang 1.1.0 201.19 NOTE
r-devel-linux-x86_64-fedora-gcc 1.1.0 190.91 NOTE
r-devel-osx-x86_64-clang 1.1.0 142.71 NOTE
r-devel-windows-ix86+x86_64 1.1.0 16.00 173.00 189.00 OK
r-patched-linux-x86_64 1.1.0 5.05 83.97 89.02 OK
r-patched-solaris-sparc 1.1.0 716.00 OK --no-tests
r-patched-solaris-x86 1.1.0 234.90 OK
r-release-linux-ix86 1.1.0 5.96 102.79 108.75 OK
r-release-linux-x86_64 1.1.0 4.90 85.73 90.63 OK
r-release-osx-x86_64-mavericks 1.1.0 ERROR
r-release-osx-x86_64-snowleopard 1.1.0 OK
r-release-windows-ix86+x86_64 1.1.0 18.00 199.00 217.00 OK
r-oldrel-windows-ix86+x86_64 1.1.0 17.00 187.00 204.00 OK

Check Details

Version: 1.1.0
Check: R code for possible problems
Result: NOTE
    CVine: no visible global function definition for ‘indepCopula’
    DVine: no visible global function definition for ‘indepCopula’
    Vine: no visible global function definition for ‘indepCopula’
    vineFitML : <anonymous>: no visible global function definition for
     ‘indepCopula’
    vineOrderGreedy: no visible global function definition for ‘tCopula’
    vineOrderGreedy: no visible global function definition for
     ‘calibKendallsTau’
Flavors: r-devel-linux-x86_64-fedora-clang, r-devel-linux-x86_64-fedora-gcc, r-devel-osx-x86_64-clang

Version: 1.1.0
Check: package dependencies
Result: ERROR
    Package required but not available: ‘copula’
    
    See the information on DESCRIPTION files in the chapter ‘Creating R
    packages’ of the ‘Writing R Extensions’ manual.
Flavor: r-release-osx-x86_64-mavericks