CRAN Package Check Results for Package vines

Last updated on 2017-07-22 21:48:49.

Flavor Version Tinstall Tcheck Ttotal Status Flags
r-devel-linux-x86_64-debian-clang 1.1.5 4.08 58.86 62.95 NOTE
r-devel-linux-x86_64-debian-gcc 1.1.5 3.93 58.54 62.47 NOTE
r-devel-linux-x86_64-fedora-clang 1.1.5 122.01 NOTE
r-devel-linux-x86_64-fedora-gcc 1.1.5 120.78 NOTE
r-devel-windows-ix86+x86_64 1.1.5 25.00 161.00 186.00 OK
r-patched-linux-x86_64 1.1.5 4.16 58.84 63.00 NOTE
r-patched-solaris-x86 1.1.5 163.60 OK
r-release-linux-x86_64 1.1.5 4.06 58.50 62.56 NOTE
r-release-windows-ix86+x86_64 1.1.5 16.00 168.00 184.00 OK
r-release-osx-x86_64 1.1.5 ERROR
r-oldrel-windows-ix86+x86_64 1.1.5 23.00 158.00 181.00 OK
r-oldrel-osx-x86_64 1.1.5 OK

Check Details

Version: 1.1.5
Check: compiled code
Result: NOTE
    File ‘vines/libs/vines.so’:
     Found no call to: ‘R_useDynamicSymbols’
    
    It is good practice to register native routines and to disable symbol
    search.
    
    See ‘Writing portable packages’ in the ‘Writing R Extensions’ manual.
Flavors: r-devel-linux-x86_64-debian-clang, r-devel-linux-x86_64-debian-gcc, r-devel-linux-x86_64-fedora-clang, r-devel-linux-x86_64-fedora-gcc, r-patched-linux-x86_64, r-release-linux-x86_64

Version: 1.1.5
Check: package dependencies
Result: ERROR
    Package required but not available: ‘copula’
    
    See section ‘The DESCRIPTION file’ in the ‘Writing R Extensions’
    manual.
Flavor: r-release-osx-x86_64