CRAN Package Check Results for Package vines

Last updated on 2017-11-25 09:50:18 CET.

Flavor Version Tinstall Tcheck Ttotal Status Flags
r-devel-linux-x86_64-debian-clang 1.1.5 5.04 105.53 110.57 NOTE
r-devel-linux-x86_64-debian-gcc 1.1.5 4.02 98.06 102.09 NOTE
r-devel-linux-x86_64-fedora-clang 1.1.5 101.60 NOTE
r-devel-linux-x86_64-fedora-gcc 1.1.5 100.89 NOTE
r-devel-windows-ix86+x86_64 1.1.5 16.00 112.00 128.00 OK
r-patched-linux-x86_64 1.1.5 6.54 120.58 127.12 NOTE
r-patched-solaris-x86 1.1.5 170.90 OK
r-release-linux-x86_64 1.1.5 6.03 119.32 125.35 NOTE
r-release-windows-ix86+x86_64 1.1.5 15.00 111.00 126.00 OK
r-release-osx-x86_64 1.1.5 ERROR
r-oldrel-windows-ix86+x86_64 1.1.5 14.00 121.00 135.00 OK
r-oldrel-osx-x86_64 1.1.5 OK

Check Details

Version: 1.1.5
Check: compiled code
Result: NOTE
    File ‘vines/libs/vines.so’:
     Found no call to: ‘R_useDynamicSymbols’
    
    It is good practice to register native routines and to disable symbol
    search.
    
    See ‘Writing portable packages’ in the ‘Writing R Extensions’ manual.
Flavors: r-devel-linux-x86_64-debian-clang, r-devel-linux-x86_64-debian-gcc, r-devel-linux-x86_64-fedora-clang, r-devel-linux-x86_64-fedora-gcc, r-patched-linux-x86_64, r-release-linux-x86_64

Version: 1.1.5
Check: package dependencies
Result: ERROR
    Package required but not available: ‘copula’
    
    See section ‘The DESCRIPTION file’ in the ‘Writing R Extensions’
    manual.
Flavor: r-release-osx-x86_64