CRAN Package Check Results for Package vines

Last updated on 2017-09-19 21:48:32.

Flavor Version Tinstall Tcheck Ttotal Status Flags
r-devel-linux-x86_64-debian-clang 1.1.5 4.26 52.62 56.88 NOTE
r-devel-linux-x86_64-debian-gcc 1.1.5 4.40 52.39 56.80 NOTE
r-devel-linux-x86_64-fedora-clang 1.1.5 131.98 NOTE
r-devel-linux-x86_64-fedora-gcc 1.1.5 121.12 NOTE
r-devel-windows-ix86+x86_64 1.1.5 14.00 173.00 187.00 OK
r-patched-linux-x86_64 1.1.5 4.34 52.28 56.62 NOTE
r-patched-solaris-x86 1.1.5 164.70 OK
r-release-linux-x86_64 1.1.5 4.52 52.15 56.66 NOTE
r-release-windows-ix86+x86_64 1.1.5 14.00 126.00 140.00 OK
r-release-osx-x86_64 1.1.5 ERROR
r-oldrel-windows-ix86+x86_64 1.1.5 15.00 103.00 118.00 OK
r-oldrel-osx-x86_64 1.1.5 OK

Check Details

Version: 1.1.5
Check: compiled code
Result: NOTE
    File ‘vines/libs/vines.so’:
     Found no call to: ‘R_useDynamicSymbols’
    
    It is good practice to register native routines and to disable symbol
    search.
    
    See ‘Writing portable packages’ in the ‘Writing R Extensions’ manual.
Flavors: r-devel-linux-x86_64-debian-clang, r-devel-linux-x86_64-debian-gcc, r-devel-linux-x86_64-fedora-clang, r-devel-linux-x86_64-fedora-gcc, r-patched-linux-x86_64, r-release-linux-x86_64

Version: 1.1.5
Check: package dependencies
Result: ERROR
    Package required but not available: ‘copula’
    
    See section ‘The DESCRIPTION file’ in the ‘Writing R Extensions’
    manual.
Flavor: r-release-osx-x86_64