CRAN Package Check Results for Package vines

Last updated on 2014-10-25 17:46:57.

Flavor Version Tinstall Tcheck Ttotal Status Flags
r-devel-linux-x86_64-debian-clang 1.1.0 4.76 80.51 85.27 NOTE
r-devel-linux-x86_64-debian-gcc 1.1.0 4.69 78.96 83.65 NOTE
r-devel-linux-x86_64-fedora-clang 1.1.0 201.95 NOTE
r-devel-linux-x86_64-fedora-gcc 1.1.0 187.82 NOTE
r-devel-osx-x86_64-clang 1.1.0 152.22 NOTE
r-devel-windows-ix86+x86_64 1.1.0 15.00 169.00 184.00 NOTE
r-patched-linux-x86_64 1.1.0 5.44 85.39 90.82 NOTE
r-patched-solaris-sparc 1.1.0 716.30 NOTE --no-tests
r-patched-solaris-x86 1.1.0 238.10 NOTE
r-release-linux-ix86 1.1.0 6.06 103.52 109.58 OK
r-release-linux-x86_64 1.1.0 4.98 84.86 89.84 OK
r-release-osx-x86_64-mavericks 1.1.0 ERROR
r-release-osx-x86_64-snowleopard 1.1.0 OK
r-release-windows-ix86+x86_64 1.1.0 27.00 186.00 213.00 OK
r-oldrel-windows-ix86+x86_64 1.1.0 16.00 193.00 209.00 OK

Check Details

Version: 1.1.0
Check: R code for possible problems
Result: NOTE
    CVine: no visible global function definition for ‘indepCopula’
    DVine: no visible global function definition for ‘indepCopula’
    Vine: no visible global function definition for ‘indepCopula’
    vineFitML : <anonymous>: no visible global function definition for
     ‘indepCopula’
    vineOrderGreedy: no visible global function definition for ‘tCopula’
    vineOrderGreedy: no visible global function definition for
     ‘calibKendallsTau’
Flavors: r-devel-linux-x86_64-debian-clang, r-devel-linux-x86_64-debian-gcc, r-devel-linux-x86_64-fedora-clang, r-devel-linux-x86_64-fedora-gcc, r-devel-osx-x86_64-clang, r-devel-windows-ix86+x86_64, r-patched-linux-x86_64, r-patched-solaris-x86

Version: 1.1.0
Flags: --no-tests
Check: R code for possible problems
Result: NOTE
    CVine: no visible global function definition for ‘indepCopula’
    DVine: no visible global function definition for ‘indepCopula’
    Vine: no visible global function definition for ‘indepCopula’
    vineFitML : <anonymous>: no visible global function definition for
     ‘indepCopula’
    vineOrderGreedy: no visible global function definition for ‘tCopula’
    vineOrderGreedy: no visible global function definition for
     ‘calibKendallsTau’
Flavor: r-patched-solaris-sparc

Version: 1.1.0
Check: package dependencies
Result: ERROR
    Package required but not available: ‘copula’
    
    See the information on DESCRIPTION files in the chapter ‘Creating R
    packages’ of the ‘Writing R Extensions’ manual.
Flavor: r-release-osx-x86_64-mavericks