CRAN Package Check Results for Package vines

Last updated on 2014-04-24 15:50:50.

Flavor Version Tinstall Tcheck Ttotal Status Flags
r-devel-linux-x86_64-debian-clang 1.0.11 5.42 93.52 98.94 OK
r-devel-linux-x86_64-debian-gcc 1.0.11 5.31 92.92 98.23 OK
r-devel-linux-x86_64-fedora-clang 1.0.11 221.08 OK
r-devel-linux-x86_64-fedora-gcc 1.0.11 219.42 OK
r-devel-osx-x86_64-clang 1.0.11 162.84 OK
r-devel-osx-x86_64-gcc 1.0.11 ERROR
r-devel-windows-ix86+x86_64 1.0.11 16.00 199.00 215.00 OK
r-patched-linux-x86_64 1.0.11 5.28 92.42 97.70 OK
r-patched-solaris-sparc 1.0.11 706.60 OK --no-tests
r-patched-solaris-x86 1.0.11 251.10 OK
r-release-linux-ix86 1.0.11 7.00 136.00 143.00 OK
r-release-linux-x86_64 1.0.11 5.29 93.36 98.66 OK
r-release-osx-x86_64-mavericks 1.0.11 ERROR
r-release-osx-x86_64-snowleopard 1.0.11 OK
r-release-windows-ix86+x86_64 1.0.11 15.00 210.00 225.00 OK
r-oldrel-windows-ix86+x86_64 1.0.11 17.00 207.00 224.00 OK

Check Details

Version: 1.0.11
Check: package dependencies
Result: ERROR
    Package required but not available: ‘TSP’
    
    See the information on DESCRIPTION files in the chapter ‘Creating R
    packages’ of the ‘Writing R Extensions’ manual.
Flavor: r-devel-osx-x86_64-gcc

Version: 1.0.11
Check: package dependencies
Result: ERROR
    Package required but not available: ‘copula’
    
    See the information on DESCRIPTION files in the chapter ‘Creating R
    packages’ of the ‘Writing R Extensions’ manual.
Flavor: r-release-osx-x86_64-mavericks