CRAN Package Check Results for Package violinmplot

Last updated on 2015-02-27 05:48:19.

Flavor Version Tinstall Tcheck Ttotal Status Flags
r-devel-linux-x86_64-debian-clang 0.2.1 0.69 9.45 10.14 NOTE
r-devel-linux-x86_64-debian-gcc 0.2.1 0.61 9.50 10.11 NOTE
r-devel-linux-x86_64-fedora-clang 0.2.1 20.10 NOTE
r-devel-linux-x86_64-fedora-gcc 0.2.1 19.28 NOTE
r-devel-osx-x86_64-clang 0.2.1 27.02 NOTE
r-devel-windows-ix86+x86_64 0.2.1 5.00 16.00 21.00 NOTE
r-patched-linux-x86_64 0.2.1 0.71 11.31 12.02 NOTE
r-patched-solaris-sparc 0.2.1 137.20 NOTE
r-patched-solaris-x86 0.2.1 32.90 NOTE
r-release-linux-ix86 0.2.1 0.92 16.80 17.72 NOTE
r-release-linux-x86_64 0.2.1 0.80 0.26 1.06 OK
r-release-osx-x86_64-mavericks 0.2.1 NOTE
r-release-osx-x86_64-snowleopard 0.2.1 NOTE
r-release-windows-ix86+x86_64 0.2.1 4.00 19.00 23.00 NOTE
r-oldrel-windows-ix86+x86_64 0.2.1 3.00 34.00 37.00 NOTE

Check Details

Version: 0.2.1
Check: DESCRIPTION meta-information
Result: NOTE
    Malformed Title field: should not end in a period.
Flavors: r-devel-linux-x86_64-debian-clang, r-devel-linux-x86_64-debian-gcc, r-devel-linux-x86_64-fedora-clang, r-devel-linux-x86_64-fedora-gcc, r-devel-osx-x86_64-clang, r-devel-windows-ix86+x86_64

Version: 0.2.1
Check: Rd files
Result: NOTE
    prepare_Rd: panel.meansdplot.Rd:42-45: Dropping empty section \value
    prepare_Rd: panel.meansdplot.Rd:49-51: Dropping empty section \note
    prepare_Rd: panel.violinm.Rd:40-42: Dropping empty section \details
    prepare_Rd: panel.violinm.Rd:43-49: Dropping empty section \value
    prepare_Rd: panel.violinm.Rd:53-55: Dropping empty section \note
    prepare_Rd: panel.violinm.Rd:50-52: Dropping empty section \author
    prepare_Rd: violinmplot.Rd:34-36: Dropping empty section \details
    prepare_Rd: violinmplot.Rd:48-50: Dropping empty section \note
Flavors: r-devel-linux-x86_64-debian-clang, r-devel-linux-x86_64-debian-gcc, r-devel-linux-x86_64-fedora-clang, r-devel-linux-x86_64-fedora-gcc, r-devel-osx-x86_64-clang, r-devel-windows-ix86+x86_64, r-patched-linux-x86_64, r-patched-solaris-sparc, r-patched-solaris-x86, r-release-linux-ix86, r-release-osx-x86_64-mavericks, r-release-osx-x86_64-snowleopard, r-release-windows-ix86+x86_64, r-oldrel-windows-ix86+x86_64