CRAN Package Check Results for Package violinmplot

Last updated on 2015-03-29 17:51:51.

Flavor Version Tinstall Tcheck Ttotal Status Flags
r-devel-linux-x86_64-debian-clang 0.2.1 0.57 9.93 10.50 NOTE
r-devel-linux-x86_64-debian-gcc 0.2.1 0.58 9.40 9.98 NOTE
r-devel-linux-x86_64-fedora-clang 0.2.1 20.49 NOTE
r-devel-linux-x86_64-fedora-gcc 0.2.1 18.51 NOTE
r-devel-osx-x86_64-clang 0.2.1 27.57 NOTE
r-prerel-windows-ix86+x86_64 0.2.1 4.00 17.00 21.00 NOTE
r-prerel-linux-x86_64 0.2.1 0.59 9.55 10.14 NOTE
r-prerel-solaris-sparc 0.2.1 136.80 NOTE
r-prerel-solaris-x86 0.2.1 28.50 NOTE
r-release-linux-x86_64 0.2.1 0.87 11.02 11.89 NOTE
r-release-osx-x86_64-mavericks 0.2.1 NOTE
r-release-osx-x86_64-snowleopard 0.2.1 NOTE
r-release-windows-ix86+x86_64 0.2.1 3.00 19.00 22.00 NOTE
r-oldrel-windows-ix86+x86_64 0.2.1 3.00 19.00 22.00 NOTE

Check Details

Version: 0.2.1
Check: DESCRIPTION meta-information
Result: NOTE
    Malformed Title field: should not end in a period.
Flavors: r-devel-linux-x86_64-debian-clang, r-devel-linux-x86_64-debian-gcc, r-devel-linux-x86_64-fedora-clang, r-devel-linux-x86_64-fedora-gcc, r-devel-osx-x86_64-clang, r-prerel-windows-ix86+x86_64, r-prerel-linux-x86_64, r-prerel-solaris-sparc, r-prerel-solaris-x86

Version: 0.2.1
Check: Rd files
Result: NOTE
    prepare_Rd: panel.meansdplot.Rd:42-45: Dropping empty section \value
    prepare_Rd: panel.meansdplot.Rd:49-51: Dropping empty section \note
    prepare_Rd: panel.violinm.Rd:40-42: Dropping empty section \details
    prepare_Rd: panel.violinm.Rd:43-49: Dropping empty section \value
    prepare_Rd: panel.violinm.Rd:53-55: Dropping empty section \note
    prepare_Rd: panel.violinm.Rd:50-52: Dropping empty section \author
    prepare_Rd: violinmplot.Rd:34-36: Dropping empty section \details
    prepare_Rd: violinmplot.Rd:48-50: Dropping empty section \note
Flavors: r-devel-linux-x86_64-debian-clang, r-devel-linux-x86_64-debian-gcc, r-devel-linux-x86_64-fedora-clang, r-devel-linux-x86_64-fedora-gcc, r-devel-osx-x86_64-clang, r-prerel-windows-ix86+x86_64, r-prerel-linux-x86_64, r-prerel-solaris-sparc, r-prerel-solaris-x86, r-release-linux-x86_64, r-release-osx-x86_64-mavericks, r-release-osx-x86_64-snowleopard, r-release-windows-ix86+x86_64, r-oldrel-windows-ix86+x86_64