CRAN Package Check Results for Package violinmplot

Last updated on 2014-09-21 03:49:16.

Flavor Version Tinstall Tcheck Ttotal Status Flags
r-devel-linux-x86_64-debian-clang 0.2.1 0.58 9.96 10.54 NOTE
r-devel-linux-x86_64-debian-gcc 0.2.1 0.58 9.98 10.56 NOTE
r-devel-linux-x86_64-fedora-clang 0.2.1 20.86 NOTE
r-devel-linux-x86_64-fedora-gcc 0.2.1 19.57 NOTE
r-devel-osx-x86_64-clang 0.2.1 26.75 NOTE
r-devel-windows-ix86+x86_64 0.2.1 2.00 17.00 19.00 NOTE
r-patched-linux-x86_64 0.2.1 0.66 10.17 10.83 NOTE
r-patched-solaris-sparc 0.2.1 125.50 NOTE
r-patched-solaris-x86 0.2.1 31.60 NOTE
r-release-linux-ix86 0.2.1 0.99 16.91 17.90 NOTE
r-release-linux-x86_64 0.2.1 0.71 10.66 11.37 NOTE
r-release-osx-x86_64-mavericks 0.2.1 NOTE
r-release-osx-x86_64-snowleopard 0.2.1 NOTE
r-release-windows-ix86+x86_64 0.2.1 3.00 19.00 22.00 NOTE
r-oldrel-windows-ix86+x86_64 0.2.1 3.00 18.00 21.00 NOTE

Check Details

Version: 0.2.1
Check: Rd files
Result: NOTE
    prepare_Rd: panel.meansdplot.Rd:42-45: Dropping empty section \value
    prepare_Rd: panel.meansdplot.Rd:49-51: Dropping empty section \note
    prepare_Rd: panel.violinm.Rd:40-42: Dropping empty section \details
    prepare_Rd: panel.violinm.Rd:43-49: Dropping empty section \value
    prepare_Rd: panel.violinm.Rd:53-55: Dropping empty section \note
    prepare_Rd: panel.violinm.Rd:50-52: Dropping empty section \author
    prepare_Rd: violinmplot.Rd:34-36: Dropping empty section \details
    prepare_Rd: violinmplot.Rd:48-50: Dropping empty section \note
Flavors: r-devel-linux-x86_64-debian-clang, r-devel-linux-x86_64-debian-gcc, r-devel-linux-x86_64-fedora-clang, r-devel-linux-x86_64-fedora-gcc, r-devel-osx-x86_64-clang, r-devel-windows-ix86+x86_64, r-patched-linux-x86_64, r-patched-solaris-sparc, r-patched-solaris-x86, r-release-linux-ix86, r-release-linux-x86_64, r-release-osx-x86_64-mavericks, r-release-osx-x86_64-snowleopard, r-release-windows-ix86+x86_64, r-oldrel-windows-ix86+x86_64