CRAN Package Check Results for Package violinmplot

Last updated on 2017-05-24 11:50:20.

Flavor Version Tinstall Tcheck Ttotal Status Flags
r-devel-linux-x86_64-debian-clang 0.2.1 0.92 14.56 15.48 NOTE
r-devel-linux-x86_64-debian-gcc 0.2.1 0.76 14.18 14.95 NOTE
r-devel-linux-x86_64-fedora-clang 0.2.1 21.17 NOTE --no-stop-on-test-error
r-devel-linux-x86_64-fedora-gcc 0.2.1 19.31 NOTE --no-stop-on-test-error
r-devel-windows-ix86+x86_64 0.2.1 2.00 47.00 49.00 NOTE
r-patched-linux-x86_64 0.2.1 0.78 14.51 15.29 NOTE
r-patched-solaris-sparc 0.2.1 120.30 NOTE
r-patched-solaris-x86 0.2.1 29.70 NOTE
r-release-linux-x86_64 0.2.1 0.86 14.03 14.89 NOTE
r-release-windows-ix86+x86_64 0.2.1 4.00 45.00 49.00 NOTE
r-release-osx-x86_64 0.2.1 NOTE
r-oldrel-windows-ix86+x86_64 0.2.1 5.00 38.00 43.00 NOTE
r-oldrel-osx-x86_64 0.2.1 NOTE

Check Details

Version: 0.2.1
Check: DESCRIPTION meta-information
Result: NOTE
    Malformed Title field: should not end in a period.
Flavors: r-devel-linux-x86_64-debian-clang, r-devel-linux-x86_64-debian-gcc, r-devel-windows-ix86+x86_64, r-patched-linux-x86_64, r-patched-solaris-sparc, r-patched-solaris-x86, r-release-linux-x86_64, r-release-windows-ix86+x86_64, r-release-osx-x86_64, r-oldrel-windows-ix86+x86_64, r-oldrel-osx-x86_64

Version: 0.2.1
Check: R code for possible problems
Result: NOTE
    panel.meansdplot : meansdplot.stats: no visible global function
     definition for ‘sd’
    Undefined global functions or variables:
     sd
    Consider adding
     importFrom("stats", "sd")
    to your NAMESPACE file.
Flavors: r-devel-linux-x86_64-debian-clang, r-devel-linux-x86_64-debian-gcc, r-devel-windows-ix86+x86_64, r-patched-linux-x86_64, r-patched-solaris-sparc, r-patched-solaris-x86, r-release-linux-x86_64, r-release-windows-ix86+x86_64, r-release-osx-x86_64, r-oldrel-windows-ix86+x86_64, r-oldrel-osx-x86_64

Version: 0.2.1
Check: Rd files
Result: NOTE
    prepare_Rd: panel.meansdplot.Rd:42-45: Dropping empty section \value
    prepare_Rd: panel.meansdplot.Rd:49-51: Dropping empty section \note
    prepare_Rd: panel.violinm.Rd:40-42: Dropping empty section \details
    prepare_Rd: panel.violinm.Rd:43-49: Dropping empty section \value
    prepare_Rd: panel.violinm.Rd:53-55: Dropping empty section \note
    prepare_Rd: panel.violinm.Rd:50-52: Dropping empty section \author
    prepare_Rd: violinmplot.Rd:34-36: Dropping empty section \details
    prepare_Rd: violinmplot.Rd:48-50: Dropping empty section \note
Flavors: r-devel-linux-x86_64-debian-clang, r-devel-linux-x86_64-debian-gcc, r-devel-windows-ix86+x86_64, r-patched-linux-x86_64, r-patched-solaris-sparc, r-patched-solaris-x86, r-release-linux-x86_64, r-release-windows-ix86+x86_64, r-release-osx-x86_64, r-oldrel-windows-ix86+x86_64, r-oldrel-osx-x86_64

Version: 0.2.1
Flags: --no-stop-on-test-error
Check: DESCRIPTION meta-information
Result: NOTE
    Malformed Title field: should not end in a period.
Flavors: r-devel-linux-x86_64-fedora-clang, r-devel-linux-x86_64-fedora-gcc

Version: 0.2.1
Flags: --no-stop-on-test-error
Check: R code for possible problems
Result: NOTE
    panel.meansdplot : meansdplot.stats: no visible global function
     definition for ‘sd’
    Undefined global functions or variables:
     sd
    Consider adding
     importFrom("stats", "sd")
    to your NAMESPACE file.
Flavors: r-devel-linux-x86_64-fedora-clang, r-devel-linux-x86_64-fedora-gcc

Version: 0.2.1
Flags: --no-stop-on-test-error
Check: Rd files
Result: NOTE
    prepare_Rd: panel.meansdplot.Rd:42-45: Dropping empty section \value
    prepare_Rd: panel.meansdplot.Rd:49-51: Dropping empty section \note
    prepare_Rd: panel.violinm.Rd:40-42: Dropping empty section \details
    prepare_Rd: panel.violinm.Rd:43-49: Dropping empty section \value
    prepare_Rd: panel.violinm.Rd:53-55: Dropping empty section \note
    prepare_Rd: panel.violinm.Rd:50-52: Dropping empty section \author
    prepare_Rd: violinmplot.Rd:34-36: Dropping empty section \details
    prepare_Rd: violinmplot.Rd:48-50: Dropping empty section \note
Flavors: r-devel-linux-x86_64-fedora-clang, r-devel-linux-x86_64-fedora-gcc