CRAN Package Check Results for Package violinmplot

Last updated on 2015-01-25 19:47:55.

Flavor Version Tinstall Tcheck Ttotal Status Flags
r-devel-linux-x86_64-debian-clang 0.2.1 0.61 9.72 10.33 NOTE
r-devel-linux-x86_64-debian-gcc 0.2.1 0.64 10.66 11.29 NOTE
r-devel-linux-x86_64-fedora-clang 0.2.1 26.29 NOTE
r-devel-linux-x86_64-fedora-gcc 0.2.1 22.84 NOTE
r-devel-osx-x86_64-clang 0.2.1 27.04 NOTE
r-devel-windows-ix86+x86_64 0.2.1 3.00 19.00 22.00 NOTE
r-patched-linux-x86_64 0.2.1 0.72 10.82 11.54 NOTE
r-patched-solaris-sparc 0.2.1 137.20 NOTE
r-patched-solaris-x86 0.2.1 33.20 NOTE
r-release-linux-ix86 0.2.1 0.94 16.89 17.84 NOTE
r-release-linux-x86_64 0.2.1 0.66 10.66 11.32 NOTE
r-release-osx-x86_64-mavericks 0.2.1 NOTE
r-release-osx-x86_64-snowleopard 0.2.1 NOTE
r-release-windows-ix86+x86_64 0.2.1 3.00 18.00 21.00 NOTE
r-oldrel-windows-ix86+x86_64 0.2.1 3.00 22.00 25.00 NOTE

Check Details

Version: 0.2.1
Check: Rd files
Result: NOTE
    prepare_Rd: panel.meansdplot.Rd:42-45: Dropping empty section \value
    prepare_Rd: panel.meansdplot.Rd:49-51: Dropping empty section \note
    prepare_Rd: panel.violinm.Rd:40-42: Dropping empty section \details
    prepare_Rd: panel.violinm.Rd:43-49: Dropping empty section \value
    prepare_Rd: panel.violinm.Rd:53-55: Dropping empty section \note
    prepare_Rd: panel.violinm.Rd:50-52: Dropping empty section \author
    prepare_Rd: violinmplot.Rd:34-36: Dropping empty section \details
    prepare_Rd: violinmplot.Rd:48-50: Dropping empty section \note
Flavors: r-devel-linux-x86_64-debian-clang, r-devel-linux-x86_64-debian-gcc, r-devel-linux-x86_64-fedora-clang, r-devel-linux-x86_64-fedora-gcc, r-devel-osx-x86_64-clang, r-devel-windows-ix86+x86_64, r-patched-linux-x86_64, r-patched-solaris-sparc, r-patched-solaris-x86, r-release-linux-ix86, r-release-linux-x86_64, r-release-osx-x86_64-mavericks, r-release-osx-x86_64-snowleopard, r-release-windows-ix86+x86_64, r-oldrel-windows-ix86+x86_64