CRAN Package Check Results for Package violinmplot

Last updated on 2016-08-30 12:47:18.

Flavor Version Tinstall Tcheck Ttotal Status Flags
r-devel-linux-x86_64-debian-clang 0.2.1 0.57 121.81 122.38 NOTE
r-devel-linux-x86_64-debian-gcc 0.2.1 0.68 9.09 9.76 NOTE
r-devel-linux-x86_64-fedora-clang 0.2.1 17.46 NOTE
r-devel-linux-x86_64-fedora-gcc 0.2.1 16.41 NOTE
r-devel-osx-x86_64-clang 0.2.1 16.34 NOTE
r-devel-windows-ix86+x86_64 0.2.1 5.00 37.00 42.00 NOTE
r-patched-linux-x86_64 0.2.1 0.66 9.52 10.17 NOTE
r-patched-solaris-sparc 0.2.1 100.50 NOTE
r-patched-solaris-x86 0.2.1 22.90 NOTE
r-release-linux-x86_64 0.2.1 0.63 9.63 10.26 NOTE
r-release-osx-x86_64-mavericks 0.2.1 NOTE
r-release-windows-ix86+x86_64 0.2.1 2.00 41.00 43.00 NOTE
r-oldrel-windows-ix86+x86_64 0.2.1 5.00 37.00 42.00 NOTE

Check Details

Version: 0.2.1
Check: DESCRIPTION meta-information
Result: NOTE
    Malformed Title field: should not end in a period.
Flavors: r-devel-linux-x86_64-debian-clang, r-devel-linux-x86_64-debian-gcc, r-devel-linux-x86_64-fedora-clang, r-devel-linux-x86_64-fedora-gcc, r-devel-osx-x86_64-clang, r-devel-windows-ix86+x86_64, r-patched-linux-x86_64, r-patched-solaris-sparc, r-patched-solaris-x86, r-release-linux-x86_64, r-release-osx-x86_64-mavericks, r-release-windows-ix86+x86_64, r-oldrel-windows-ix86+x86_64

Version: 0.2.1
Check: R code for possible problems
Result: NOTE
    panel.meansdplot : meansdplot.stats: no visible global function
     definition for ‘sd’
    Undefined global functions or variables:
     sd
    Consider adding
     importFrom("stats", "sd")
    to your NAMESPACE file.
Flavors: r-devel-linux-x86_64-debian-clang, r-devel-linux-x86_64-debian-gcc, r-devel-linux-x86_64-fedora-clang, r-devel-linux-x86_64-fedora-gcc, r-devel-osx-x86_64-clang, r-devel-windows-ix86+x86_64, r-patched-linux-x86_64, r-patched-solaris-sparc, r-patched-solaris-x86, r-release-linux-x86_64, r-release-osx-x86_64-mavericks, r-release-windows-ix86+x86_64

Version: 0.2.1
Check: Rd files
Result: NOTE
    prepare_Rd: panel.meansdplot.Rd:42-45: Dropping empty section \value
    prepare_Rd: panel.meansdplot.Rd:49-51: Dropping empty section \note
    prepare_Rd: panel.violinm.Rd:40-42: Dropping empty section \details
    prepare_Rd: panel.violinm.Rd:43-49: Dropping empty section \value
    prepare_Rd: panel.violinm.Rd:53-55: Dropping empty section \note
    prepare_Rd: panel.violinm.Rd:50-52: Dropping empty section \author
    prepare_Rd: violinmplot.Rd:34-36: Dropping empty section \details
    prepare_Rd: violinmplot.Rd:48-50: Dropping empty section \note
Flavors: r-devel-linux-x86_64-debian-clang, r-devel-linux-x86_64-debian-gcc, r-devel-linux-x86_64-fedora-clang, r-devel-linux-x86_64-fedora-gcc, r-devel-osx-x86_64-clang, r-devel-windows-ix86+x86_64, r-patched-linux-x86_64, r-patched-solaris-sparc, r-patched-solaris-x86, r-release-linux-x86_64, r-release-osx-x86_64-mavericks, r-release-windows-ix86+x86_64, r-oldrel-windows-ix86+x86_64