CRAN Package Check Results for Package violinmplot

Last updated on 2014-04-21 12:43:29.

Flavor Version Tinstall Tcheck Ttotal Status Flags
r-devel-linux-x86_64-debian-clang 0.2.1 0.72 10.51 11.24 NOTE
r-devel-linux-x86_64-debian-gcc 0.2.1 0.69 10.57 11.26 NOTE
r-devel-linux-x86_64-fedora-clang 0.2.1 21.57 NOTE
r-devel-linux-x86_64-fedora-gcc 0.2.1 20.97 NOTE
r-devel-osx-x86_64-clang 0.2.1 26.73 NOTE
r-devel-osx-x86_64-gcc 0.2.1 NOTE
r-devel-windows-ix86+x86_64 0.2.1 3.00 16.00 19.00 NOTE
r-patched-linux-x86_64 0.2.1 0.69 10.37 11.06 NOTE
r-patched-solaris-sparc 0.2.1 125.00 NOTE
r-patched-solaris-x86 0.2.1 32.40 NOTE
r-release-linux-x86_64 0.2.1 0.66 10.32 10.98 NOTE
r-release-osx-x86_64-mavericks 0.2.1 WARN
r-release-osx-x86_64-snowleopard 0.2.1 NOTE
r-release-windows-ix86+x86_64 0.2.1 4.00 19.00 23.00 NOTE
r-oldrel-windows-ix86+x86_64 0.2.1 3.00 20.00 23.00 NOTE

Check Details

Version: 0.2.1
Check: Rd files
Result: NOTE
    prepare_Rd: panel.meansdplot.Rd:42-45: Dropping empty section \value
    prepare_Rd: panel.meansdplot.Rd:49-51: Dropping empty section \note
    prepare_Rd: panel.violinm.Rd:40-42: Dropping empty section \details
    prepare_Rd: panel.violinm.Rd:43-49: Dropping empty section \value
    prepare_Rd: panel.violinm.Rd:53-55: Dropping empty section \note
    prepare_Rd: panel.violinm.Rd:50-52: Dropping empty section \author
    prepare_Rd: violinmplot.Rd:34-36: Dropping empty section \details
    prepare_Rd: violinmplot.Rd:48-50: Dropping empty section \note
Flavors: r-devel-linux-x86_64-debian-clang, r-devel-linux-x86_64-debian-gcc, r-devel-linux-x86_64-fedora-clang, r-devel-linux-x86_64-fedora-gcc, r-devel-osx-x86_64-clang, r-devel-osx-x86_64-gcc, r-devel-windows-ix86+x86_64, r-patched-linux-x86_64, r-patched-solaris-sparc, r-patched-solaris-x86, r-release-linux-x86_64, r-release-osx-x86_64-mavericks, r-release-osx-x86_64-snowleopard, r-release-windows-ix86+x86_64, r-oldrel-windows-ix86+x86_64

Version: 0.2.1
Check: PDF version of manual
Result: WARNING
    LaTeX errors when creating PDF version.
    This typically indicates Rd problems.
    LaTeX errors found:
    ! LaTeX Error: File `upquote.sty' not found.
    
    Type X to quit or <RETURN> to proceed,
    or enter new name. (Default extension: sty)
    
    46bf1fab/Rd2.tex:8: ==> Fatal error occurred, no output PDF file produced!
Flavor: r-release-osx-x86_64-mavericks