CRAN Package Check Results for Package violinmplot

Last updated on 2015-04-26 00:47:37.

Flavor Version Tinstall Tcheck Ttotal Status Flags
r-devel-linux-x86_64-debian-clang 0.2.1 0.58 9.60 10.18 NOTE
r-devel-linux-x86_64-debian-gcc 0.2.1 0.76 9.51 10.27 NOTE
r-devel-linux-x86_64-fedora-clang 0.2.1 19.79 NOTE
r-devel-linux-x86_64-fedora-gcc 0.2.1 18.93 NOTE
r-devel-osx-x86_64-clang 0.2.1 24.90 NOTE
r-devel-windows-ix86+x86_64 0.2.1 2.00 17.00 19.00 NOTE
r-patched-linux-x86_64 0.2.1 0.59 9.64 10.22 NOTE
r-patched-solaris-sparc 0.2.1 136.80 NOTE
r-patched-solaris-x86 0.2.1 28.50 NOTE
r-release-linux-x86_64 0.2.1 0.61 9.64 10.25 NOTE
r-release-osx-x86_64-mavericks 0.2.1 NOTE
r-release-osx-x86_64-snowleopard 0.2.1 NOTE
r-release-windows-ix86+x86_64 0.2.1 2.00 17.00 19.00 NOTE
r-oldrel-windows-ix86+x86_64 0.2.1 2.00 24.00 26.00 NOTE

Check Details

Version: 0.2.1
Check: DESCRIPTION meta-information
Result: NOTE
    Malformed Title field: should not end in a period.
Flavors: r-devel-windows-ix86+x86_64, r-release-windows-ix86+x86_64

Version: 0.2.1
Check: Rd files
Result: NOTE
    prepare_Rd: panel.meansdplot.Rd:42-45: Dropping empty section \value
    prepare_Rd: panel.meansdplot.Rd:49-51: Dropping empty section \note
    prepare_Rd: panel.violinm.Rd:40-42: Dropping empty section \details
    prepare_Rd: panel.violinm.Rd:43-49: Dropping empty section \value
    prepare_Rd: panel.violinm.Rd:53-55: Dropping empty section \note
    prepare_Rd: panel.violinm.Rd:50-52: Dropping empty section \author
    prepare_Rd: violinmplot.Rd:34-36: Dropping empty section \details
    prepare_Rd: violinmplot.Rd:48-50: Dropping empty section \note
Flavors: r-devel-windows-ix86+x86_64, r-release-windows-ix86+x86_64, r-oldrel-windows-ix86+x86_64