CRAN Package Check Results for Package vioplot

Last updated on 2016-12-08 03:54:45.

Flavor Version Tinstall Tcheck Ttotal Status Flags
r-devel-linux-x86_64-debian-clang 0.2 0.57 10.57 11.14 NOTE
r-devel-linux-x86_64-debian-gcc 0.2 0.58 10.99 11.57 NOTE
r-devel-linux-x86_64-fedora-clang 0.2 19.91 NOTE --no-stop-on-test-error
r-devel-linux-x86_64-fedora-gcc 0.2 18.91 NOTE --no-stop-on-test-error
r-devel-macos-x86_64-clang 0.2 18.10 NOTE
r-devel-windows-ix86+x86_64 0.2 2.00 36.00 38.00 NOTE
r-patched-linux-x86_64 0.2 0.49 9.25 9.74 NOTE
r-patched-solaris-sparc 0.2 90.20 NOTE
r-patched-solaris-x86 0.2 20.60 NOTE
r-release-linux-x86_64 0.2 0.59 9.04 9.63 NOTE
r-release-osx-x86_64-mavericks 0.2 NOTE
r-release-windows-ix86+x86_64 0.2 2.00 36.00 38.00 NOTE
r-oldrel-windows-ix86+x86_64 0.2 3.00 23.00 26.00 NOTE

Check Details

Version: 0.2
Check: DESCRIPTION meta-information
Result: NOTE
    Deprecated license: BSD
Flavors: r-devel-linux-x86_64-debian-clang, r-devel-linux-x86_64-debian-gcc, r-devel-macos-x86_64-clang, r-patched-linux-x86_64, r-patched-solaris-sparc, r-patched-solaris-x86, r-release-linux-x86_64, r-release-osx-x86_64-mavericks

Version: 0.2
Check: top-level files
Result: NOTE
    File
     LICENSE
    is not mentioned in the DESCRIPTION file.
Flavors: r-devel-linux-x86_64-debian-clang, r-devel-linux-x86_64-debian-gcc, r-devel-macos-x86_64-clang, r-devel-windows-ix86+x86_64, r-patched-linux-x86_64, r-patched-solaris-sparc, r-patched-solaris-x86, r-release-linux-x86_64, r-release-osx-x86_64-mavericks, r-release-windows-ix86+x86_64, r-oldrel-windows-ix86+x86_64

Version: 0.2
Check: dependencies in R code
Result: NOTE
    Package in Depends field not imported from: ‘sm’
     These packages need to be imported from (in the NAMESPACE file)
     for when this namespace is loaded but not attached.
Flavors: r-devel-linux-x86_64-debian-clang, r-devel-linux-x86_64-debian-gcc, r-devel-macos-x86_64-clang, r-devel-windows-ix86+x86_64, r-patched-linux-x86_64, r-patched-solaris-sparc, r-patched-solaris-x86, r-release-linux-x86_64, r-release-osx-x86_64-mavericks, r-release-windows-ix86+x86_64, r-oldrel-windows-ix86+x86_64

Version: 0.2
Check: R code for possible problems
Result: NOTE
    vioplot: no visible global function definition for ‘quantile’
    vioplot: no visible global function definition for ‘median’
    vioplot: no visible global function definition for ‘plot.new’
    vioplot: no visible global function definition for ‘plot.window’
    vioplot: no visible global function definition for ‘axis’
    vioplot: no visible global function definition for ‘box’
    vioplot: no visible global function definition for ‘polygon’
    vioplot: no visible global function definition for ‘lines’
    vioplot: no visible global function definition for ‘rect’
    vioplot: no visible global function definition for ‘points’
    Undefined global functions or variables:
     axis box lines median plot.new plot.window points polygon quantile
     rect
    Consider adding
     importFrom("graphics", "axis", "box", "lines", "plot.new",
     "plot.window", "points", "polygon", "rect")
     importFrom("stats", "median", "quantile")
    to your NAMESPACE file.
Flavors: r-devel-linux-x86_64-debian-clang, r-devel-linux-x86_64-debian-gcc, r-devel-macos-x86_64-clang, r-devel-windows-ix86+x86_64, r-patched-linux-x86_64, r-patched-solaris-sparc, r-patched-solaris-x86, r-release-linux-x86_64, r-release-osx-x86_64-mavericks, r-release-windows-ix86+x86_64

Version: 0.2
Flags: --no-stop-on-test-error
Check: DESCRIPTION meta-information
Result: NOTE
    Deprecated license: BSD
Flavors: r-devel-linux-x86_64-fedora-clang, r-devel-linux-x86_64-fedora-gcc

Version: 0.2
Flags: --no-stop-on-test-error
Check: top-level files
Result: NOTE
    File
     LICENSE
    is not mentioned in the DESCRIPTION file.
Flavors: r-devel-linux-x86_64-fedora-clang, r-devel-linux-x86_64-fedora-gcc

Version: 0.2
Flags: --no-stop-on-test-error
Check: dependencies in R code
Result: NOTE
    Package in Depends field not imported from: ‘sm’
     These packages need to be imported from (in the NAMESPACE file)
     for when this namespace is loaded but not attached.
Flavors: r-devel-linux-x86_64-fedora-clang, r-devel-linux-x86_64-fedora-gcc

Version: 0.2
Flags: --no-stop-on-test-error
Check: R code for possible problems
Result: NOTE
    vioplot: no visible global function definition for ‘quantile’
    vioplot: no visible global function definition for ‘median’
    vioplot: no visible global function definition for ‘plot.new’
    vioplot: no visible global function definition for ‘plot.window’
    vioplot: no visible global function definition for ‘axis’
    vioplot: no visible global function definition for ‘box’
    vioplot: no visible global function definition for ‘polygon’
    vioplot: no visible global function definition for ‘lines’
    vioplot: no visible global function definition for ‘rect’
    vioplot: no visible global function definition for ‘points’
    Undefined global functions or variables:
     axis box lines median plot.new plot.window points polygon quantile
     rect
    Consider adding
     importFrom("graphics", "axis", "box", "lines", "plot.new",
     "plot.window", "points", "polygon", "rect")
     importFrom("stats", "median", "quantile")
    to your NAMESPACE file.
Flavors: r-devel-linux-x86_64-fedora-clang, r-devel-linux-x86_64-fedora-gcc

Version: 0.2
Check: R code for possible problems
Result: NOTE
    vioplot: warning in axis(1, at = at, label = label): partial argument
     match of 'label' to 'labels'
    vioplot: warning in axis(2, at = at, label = label): partial argument
     match of 'label' to 'labels'
Flavor: r-oldrel-windows-ix86+x86_64