CRAN Package Check Results for Package vioplot

Last updated on 2014-10-20 10:50:45.

Flavor Version Tinstall Tcheck Ttotal Status Flags
r-devel-linux-x86_64-debian-clang 0.2 0.56 9.70 10.26 NOTE
r-devel-linux-x86_64-debian-gcc 0.2 0.55 9.67 10.22 NOTE
r-devel-linux-x86_64-fedora-clang 0.2 20.61 NOTE
r-devel-linux-x86_64-fedora-gcc 0.2 19.11 NOTE
r-devel-osx-x86_64-clang 0.2 25.35 NOTE
r-devel-windows-ix86+x86_64 0.2 2.00 16.00 18.00 NOTE
r-patched-linux-x86_64 0.2 0.57 9.70 10.26 NOTE
r-patched-solaris-sparc 0.2 118.40 NOTE
r-patched-solaris-x86 0.2 30.20 NOTE
r-release-linux-ix86 0.2 0.78 14.65 15.43 NOTE
r-release-linux-x86_64 0.2 0.51 9.16 9.68 NOTE
r-release-osx-x86_64-mavericks 0.2 NOTE
r-release-windows-ix86+x86_64 0.2 2.00 17.00 19.00 NOTE
r-oldrel-windows-ix86+x86_64 0.2 3.00 18.00 21.00 NOTE

Check Details

Version: 0.2
Check: DESCRIPTION meta-information
Result: NOTE
    Deprecated license: BSD
Flavors: r-devel-linux-x86_64-debian-clang, r-devel-linux-x86_64-debian-gcc, r-devel-linux-x86_64-fedora-clang, r-devel-linux-x86_64-fedora-gcc, r-devel-osx-x86_64-clang, r-patched-linux-x86_64, r-patched-solaris-sparc, r-patched-solaris-x86, r-release-linux-ix86, r-release-linux-x86_64, r-release-osx-x86_64-mavericks

Version: 0.2
Check: top-level files
Result: NOTE
    File
     LICENSE
    is not mentioned in the DESCRIPTION file.
Flavors: r-devel-linux-x86_64-debian-clang, r-devel-linux-x86_64-debian-gcc, r-devel-linux-x86_64-fedora-clang, r-devel-linux-x86_64-fedora-gcc, r-devel-osx-x86_64-clang, r-devel-windows-ix86+x86_64, r-patched-linux-x86_64, r-patched-solaris-sparc, r-patched-solaris-x86, r-release-linux-ix86, r-release-linux-x86_64, r-release-osx-x86_64-mavericks, r-release-windows-ix86+x86_64, r-oldrel-windows-ix86+x86_64

Version: 0.2
Check: dependencies in R code
Result: NOTE
    Package in Depends field not imported from: ‘sm’
     These packages need to be imported from (in the NAMESPACE file)
     for when this namespace is loaded but not attached.
    See the information on DESCRIPTION files in the chapter ‘Creating R
    packages’ of the ‘Writing R Extensions’ manual.
Flavors: r-devel-linux-x86_64-debian-clang, r-devel-linux-x86_64-debian-gcc, r-devel-linux-x86_64-fedora-clang, r-devel-linux-x86_64-fedora-gcc, r-devel-osx-x86_64-clang, r-devel-windows-ix86+x86_64, r-patched-linux-x86_64, r-patched-solaris-sparc, r-patched-solaris-x86, r-release-linux-ix86, r-release-linux-x86_64, r-release-osx-x86_64-mavericks, r-release-windows-ix86+x86_64, r-oldrel-windows-ix86+x86_64

Version: 0.2
Check: R code for possible problems
Result: NOTE
    vioplot: warning in axis(1, at = at, label = label): partial argument
     match of ‘label’ to ‘labels’
    vioplot: warning in axis(2, at = at, label = label): partial argument
     match of ‘label’ to ‘labels’
Flavors: r-devel-linux-x86_64-debian-clang, r-devel-linux-x86_64-debian-gcc, r-devel-linux-x86_64-fedora-clang, r-devel-linux-x86_64-fedora-gcc, r-devel-osx-x86_64-clang, r-devel-windows-ix86+x86_64, r-patched-linux-x86_64, r-patched-solaris-sparc, r-patched-solaris-x86, r-release-linux-ix86, r-release-linux-x86_64, r-release-osx-x86_64-mavericks, r-release-windows-ix86+x86_64, r-oldrel-windows-ix86+x86_64