CRAN Package Check Results for Package vioplot

Last updated on 2015-08-30 12:47:36.

Flavor Version Tinstall Tcheck Ttotal Status Flags
r-devel-linux-x86_64-debian-clang 0.2 0.43 8.32 8.74 NOTE
r-devel-linux-x86_64-debian-gcc 0.2 0.42 8.08 8.51 NOTE
r-devel-linux-x86_64-fedora-clang 0.2 16.93 NOTE
r-devel-linux-x86_64-fedora-gcc 0.2 15.22 NOTE
r-devel-osx-x86_64-clang 0.2 16.38 NOTE
r-devel-windows-ix86+x86_64 0.2 4.00 20.00 24.00 NOTE
r-patched-linux-x86_64 0.2 0.49 8.66 9.15 NOTE
r-patched-solaris-sparc 0.2 118.40 NOTE
r-patched-solaris-x86 0.2 27.00 NOTE
r-release-linux-x86_64 0.2 0.56 8.49 9.05 NOTE
r-release-osx-x86_64-mavericks 0.2 NOTE
r-release-windows-ix86+x86_64 0.2 3.00 25.00 28.00 NOTE
r-oldrel-windows-ix86+x86_64 0.2 3.00 19.00 22.00 NOTE

Check Details

Version: 0.2
Check: DESCRIPTION meta-information
Result: NOTE
    Deprecated license: BSD
Flavors: r-devel-linux-x86_64-debian-clang, r-devel-linux-x86_64-debian-gcc, r-devel-linux-x86_64-fedora-clang, r-devel-linux-x86_64-fedora-gcc, r-devel-osx-x86_64-clang, r-patched-linux-x86_64, r-patched-solaris-sparc, r-patched-solaris-x86, r-release-linux-x86_64, r-release-osx-x86_64-mavericks

Version: 0.2
Check: top-level files
Result: NOTE
    File
     LICENSE
    is not mentioned in the DESCRIPTION file.
Flavors: r-devel-linux-x86_64-debian-clang, r-devel-linux-x86_64-debian-gcc, r-devel-linux-x86_64-fedora-clang, r-devel-linux-x86_64-fedora-gcc, r-devel-osx-x86_64-clang, r-devel-windows-ix86+x86_64, r-patched-linux-x86_64, r-patched-solaris-sparc, r-patched-solaris-x86, r-release-linux-x86_64, r-release-osx-x86_64-mavericks, r-release-windows-ix86+x86_64, r-oldrel-windows-ix86+x86_64

Version: 0.2
Check: dependencies in R code
Result: NOTE
    Package in Depends field not imported from: ‘sm’
     These packages need to be imported from (in the NAMESPACE file)
     for when this namespace is loaded but not attached.
Flavors: r-devel-linux-x86_64-debian-clang, r-devel-linux-x86_64-debian-gcc, r-devel-linux-x86_64-fedora-clang, r-devel-linux-x86_64-fedora-gcc, r-devel-osx-x86_64-clang, r-devel-windows-ix86+x86_64, r-patched-linux-x86_64, r-patched-solaris-sparc, r-patched-solaris-x86, r-release-linux-x86_64, r-release-osx-x86_64-mavericks, r-release-windows-ix86+x86_64, r-oldrel-windows-ix86+x86_64

Version: 0.2
Check: R code for possible problems
Result: NOTE
    vioplot: no visible global function definition for ‘quantile’
    vioplot: no visible global function definition for ‘median’
    vioplot: no visible global function definition for ‘plot.new’
    vioplot: no visible global function definition for ‘plot.window’
    vioplot: no visible global function definition for ‘axis’
    vioplot: no visible global function definition for ‘box’
    vioplot: no visible global function definition for ‘polygon’
    vioplot: no visible global function definition for ‘lines’
    vioplot: no visible global function definition for ‘rect’
    vioplot: no visible global function definition for ‘points’
    Undefined global functions or variables:
     axis box lines median plot.new plot.window points polygon quantile
     rect
    Consider adding
     importFrom("graphics", "axis", "box", "lines", "plot.new",
     "plot.window", "points", "polygon", "rect")
     importFrom("stats", "median", "quantile")
    to your NAMESPACE.
Flavors: r-devel-linux-x86_64-debian-clang, r-devel-linux-x86_64-debian-gcc, r-devel-linux-x86_64-fedora-clang, r-devel-linux-x86_64-fedora-gcc, r-devel-windows-ix86+x86_64

Version: 0.2
Check: R code for possible problems
Result: NOTE
    vioplot: warning in axis(1, at = at, label = label): partial argument
     match of 'label' to 'labels'
    vioplot: warning in axis(2, at = at, label = label): partial argument
     match of 'label' to 'labels'
Flavors: r-devel-osx-x86_64-clang, r-patched-linux-x86_64, r-patched-solaris-sparc, r-patched-solaris-x86, r-release-linux-x86_64, r-release-osx-x86_64-mavericks, r-release-windows-ix86+x86_64, r-oldrel-windows-ix86+x86_64