CRAN Package Check Results for Package vioplot

Last updated on 2018-06-25 07:47:59 CEST.

Flavor Version Tinstall Tcheck Ttotal Status Flags
r-devel-linux-x86_64-debian-clang 0.2 0.78 18.50 19.28 NOTE
r-devel-linux-x86_64-debian-gcc 0.2 0.88 15.59 16.47 NOTE
r-devel-linux-x86_64-fedora-clang 0.2 23.86 NOTE
r-devel-linux-x86_64-fedora-gcc 0.2 22.51 NOTE
r-devel-windows-ix86+x86_64 0.2 4.00 34.00 38.00 NOTE
r-patched-linux-x86_64 0.2 0.98 18.65 19.63 NOTE
r-patched-solaris-x86 0.2 37.80 NOTE
r-release-linux-x86_64 0.2 1.14 18.50 19.64 NOTE
r-release-windows-ix86+x86_64 0.2 4.00 55.00 59.00 NOTE
r-release-osx-x86_64 0.2 NOTE
r-oldrel-windows-ix86+x86_64 0.2 3.00 42.00 45.00 NOTE
r-oldrel-osx-x86_64 0.2 NOTE

Check Details

Version: 0.2
Check: DESCRIPTION meta-information
Result: NOTE
    Deprecated license: BSD
Flavors: r-devel-linux-x86_64-debian-clang, r-devel-linux-x86_64-debian-gcc, r-devel-linux-x86_64-fedora-clang, r-devel-linux-x86_64-fedora-gcc, r-patched-linux-x86_64, r-patched-solaris-x86, r-release-linux-x86_64, r-release-osx-x86_64, r-oldrel-osx-x86_64

Version: 0.2
Check: top-level files
Result: NOTE
    File
     LICENSE
    is not mentioned in the DESCRIPTION file.
Flavors: r-devel-linux-x86_64-debian-clang, r-devel-linux-x86_64-debian-gcc, r-devel-linux-x86_64-fedora-clang, r-devel-linux-x86_64-fedora-gcc, r-devel-windows-ix86+x86_64, r-patched-linux-x86_64, r-patched-solaris-x86, r-release-linux-x86_64, r-release-windows-ix86+x86_64, r-release-osx-x86_64, r-oldrel-windows-ix86+x86_64, r-oldrel-osx-x86_64

Version: 0.2
Check: dependencies in R code
Result: NOTE
    Package in Depends field not imported from: ‘sm’
     These packages need to be imported from (in the NAMESPACE file)
     for when this namespace is loaded but not attached.
Flavors: r-devel-linux-x86_64-debian-clang, r-devel-linux-x86_64-debian-gcc, r-devel-linux-x86_64-fedora-clang, r-devel-linux-x86_64-fedora-gcc, r-devel-windows-ix86+x86_64, r-patched-linux-x86_64, r-patched-solaris-x86, r-release-linux-x86_64, r-release-windows-ix86+x86_64, r-release-osx-x86_64, r-oldrel-windows-ix86+x86_64, r-oldrel-osx-x86_64

Version: 0.2
Check: R code for possible problems
Result: NOTE
    vioplot: no visible global function definition for ‘quantile’
    vioplot: no visible global function definition for ‘median’
    vioplot: no visible global function definition for ‘plot.new’
    vioplot: no visible global function definition for ‘plot.window’
    vioplot: no visible global function definition for ‘axis’
    vioplot: no visible global function definition for ‘box’
    vioplot: no visible global function definition for ‘polygon’
    vioplot: no visible global function definition for ‘lines’
    vioplot: no visible global function definition for ‘rect’
    vioplot: no visible global function definition for ‘points’
    Undefined global functions or variables:
     axis box lines median plot.new plot.window points polygon quantile
     rect
    Consider adding
     importFrom("graphics", "axis", "box", "lines", "plot.new",
     "plot.window", "points", "polygon", "rect")
     importFrom("stats", "median", "quantile")
    to your NAMESPACE file.
Flavors: r-devel-linux-x86_64-debian-clang, r-devel-linux-x86_64-debian-gcc, r-devel-linux-x86_64-fedora-clang, r-devel-linux-x86_64-fedora-gcc, r-devel-windows-ix86+x86_64, r-patched-linux-x86_64, r-patched-solaris-x86, r-release-linux-x86_64, r-release-windows-ix86+x86_64, r-release-osx-x86_64, r-oldrel-windows-ix86+x86_64, r-oldrel-osx-x86_64