Last updated on 2022-07-05 16:54:50 CEST.
Flavor | Version | Tinstall | Tcheck | Ttotal | Status | Flags |
---|---|---|---|---|---|---|
r-devel-linux-x86_64-debian-clang | 0.6.2 | 6.19 | 84.30 | 90.49 | OK | |
r-devel-linux-x86_64-debian-gcc | 0.6.2 | 4.42 | 63.23 | 67.65 | OK | |
r-devel-linux-x86_64-fedora-clang | 0.6.2 | 115.85 | NOTE | |||
r-devel-linux-x86_64-fedora-gcc | 0.6.2 | 113.11 | NOTE | |||
r-devel-windows-x86_64 | 0.6.2 | 18.00 | 85.00 | 103.00 | OK | --no-vignettes |
r-patched-linux-x86_64 | 0.6.2 | 4.72 | 79.75 | 84.47 | OK | |
r-release-linux-x86_64 | 0.6.2 | 5.28 | 79.54 | 84.82 | OK | |
r-release-macos-arm64 | 0.6.2 | 37.00 | NOTE | |||
r-release-macos-x86_64 | 0.6.2 | 65.00 | NOTE | |||
r-release-windows-x86_64 | 0.6.2 | 21.00 | 89.00 | 110.00 | OK | --no-vignettes |
r-oldrel-macos-arm64 | 0.6.2 | 38.00 | NOTE | |||
r-oldrel-macos-x86_64 | 0.6.2 | 47.00 | NOTE | |||
r-oldrel-windows-ix86+x86_64 | 0.6.2 | 17.00 | 90.00 | 107.00 | OK | --no-vignettes |
Version: 0.6.2
Check: dependencies in R code
Result: NOTE
Namespace in Imports field not imported from: ‘stats’
All declared Imports should be used.
Flavors: r-devel-linux-x86_64-fedora-clang, r-devel-linux-x86_64-fedora-gcc, r-release-macos-arm64, r-release-macos-x86_64, r-oldrel-macos-arm64, r-oldrel-macos-x86_64