Last updated on 2023-03-23 21:50:27 CET.
Flavor | Version | Tinstall | Tcheck | Ttotal | Status | Flags |
---|---|---|---|---|---|---|
r-devel-linux-x86_64-debian-clang | 0.6.2 | 5.39 | 77.08 | 82.47 | OK | |
r-devel-linux-x86_64-debian-gcc | 0.6.2 | 4.36 | 59.16 | 63.52 | OK | |
r-devel-linux-x86_64-fedora-clang | 0.6.2 | 104.94 | NOTE | |||
r-devel-linux-x86_64-fedora-gcc | 0.6.2 | 113.04 | NOTE | |||
r-devel-windows-x86_64 | 0.6.2 | 25.00 | 75.00 | 100.00 | OK | --no-vignettes |
r-patched-linux-x86_64 | 0.6.2 | 5.65 | 75.08 | 80.73 | OK | |
r-release-linux-x86_64 | 0.6.2 | 3.61 | 75.34 | 78.95 | OK | |
r-release-macos-arm64 | 0.6.2 | 37.00 | NOTE | |||
r-release-macos-x86_64 | 0.6.2 | 65.00 | NOTE | |||
r-release-windows-x86_64 | 0.6.2 | 25.00 | 88.00 | 113.00 | OK | --no-vignettes |
r-oldrel-macos-arm64 | 0.6.2 | 38.00 | NOTE | |||
r-oldrel-macos-x86_64 | 0.6.2 | 47.00 | NOTE | |||
r-oldrel-windows-ix86+x86_64 | 0.6.2 | 13.00 | 149.00 | 162.00 | OK |
Version: 0.6.2
Check: dependencies in R code
Result: NOTE
Namespace in Imports field not imported from: ‘stats’
All declared Imports should be used.
Flavors: r-devel-linux-x86_64-fedora-clang, r-devel-linux-x86_64-fedora-gcc, r-release-macos-arm64, r-release-macos-x86_64, r-oldrel-macos-arm64, r-oldrel-macos-x86_64