CRAN Package Check Results for Package visreg

Last updated on 2016-07-28 13:47:46.

Flavor Version Tinstall Tcheck Ttotal Status Flags
r-devel-linux-x86_64-debian-clang 2.2-2 0.76 38.54 39.30 OK
r-devel-linux-x86_64-debian-gcc 2.2-2 0.84 37.43 38.27 OK
r-devel-linux-x86_64-fedora-clang 2.2-2 60.67 OK
r-devel-linux-x86_64-fedora-gcc 2.2-2 56.84 OK
r-devel-osx-x86_64-clang 2.2-2 49.77 OK
r-devel-windows-ix86+x86_64 2.2-2 4.00 82.00 86.00 OK
r-patched-linux-x86_64 2.2-2 0.94 37.33 38.26 OK
r-patched-solaris-sparc 2.2-2 361.20 OK
r-patched-solaris-x86 2.2-2 74.30 OK
r-release-linux-x86_64 2.2-2 0.92 36.89 37.81 OK
r-release-osx-x86_64-mavericks 2.2-2 NOTE
r-release-windows-ix86+x86_64 2.2-2 4.00 79.00 83.00 OK
r-oldrel-windows-ix86+x86_64 2.2-2 4.00 89.00 93.00 OK

Check Details

Version: 2.2-2
Check: dependencies in R code
Result: NOTE
    Invalid MIT-MAGIC-COOKIE-1 key
Flavor: r-release-osx-x86_64-mavericks