CRAN Package Check Results for Package visreg

Last updated on 2015-07-02 11:48:50.

Flavor Version Tinstall Tcheck Ttotal Status Flags
r-devel-linux-x86_64-debian-clang 2.2-0 0.66 29.82 30.48 NOTE
r-devel-linux-x86_64-debian-gcc 2.2-0 0.63 29.11 29.74 NOTE
r-devel-linux-x86_64-fedora-clang 2.2-0 60.21 NOTE
r-devel-linux-x86_64-fedora-gcc 2.2-0 56.91 NOTE
r-devel-osx-x86_64-clang 2.2-0 47.29 OK
r-devel-windows-ix86+x86_64 2.2-0 2.00 46.00 48.00 NOTE
r-patched-linux-x86_64 2.2-0 0.71 29.53 30.24 OK
r-patched-solaris-sparc 2.2-0 360.80 OK
r-patched-solaris-x86 2.2-0 77.90 OK
r-release-linux-x86_64 2.2-0 0.74 29.40 30.14 OK
r-release-osx-x86_64-mavericks 2.2-0 OK
r-release-windows-ix86+x86_64 2.2-0 3.00 52.00 55.00 OK
r-oldrel-windows-ix86+x86_64 2.2-0 6.00 50.00 56.00 OK

Check Details

Version: 2.2-0
Check: R code for possible problems
Result: NOTE
    Response: no visible global function definition for ‘predict’
    Response: no visible global function definition for ‘residuals’
    Response: no visible global function definition for ‘qt’
    Response: no visible global function definition for ‘qnorm’
    Response: no visible global function definition for ‘formula’
    Terms: no visible global function definition for ‘coef’
    Terms: no visible global function definition for ‘residuals’
    Terms: no visible global function definition for ‘vcov’
    Terms: no visible global function definition for ‘qt’
    Terms: no visible global function definition for ‘qnorm’
    Terms: no visible global function definition for ‘formula’
    factorPlot: no visible global function definition for ‘axis’
    fillFrame: no visible binding for global variable ‘median’
    makeYName: no visible global function definition for ‘formula’
    pal: no visible global function definition for ‘hcl’
    plot.visreg.list: no visible global function definition for ‘par’
    plot.visreg.list: no visible global function definition for
     ‘dev.interactive’
    plot.visreg.list: no visible global function definition for
     ‘devAskNewPage’
    rightlegend: no visible global function definition for ‘par’
    rightlegend: no visible global function definition for ‘legend’
    se.mlm: no visible global function definition for ‘formula’
    se.mlm: no visible global function definition for ‘predict’
    setupCond: no visible global function definition for ‘quantile’
    setupD: no visible global function definition for ‘formula’
    setupD: no visible global function definition for ‘model.frame’
    setupD: no visible global function definition for ‘as.formula’
    setupF: no visible global function definition for ‘formula’
    setupF: no visible global function definition for ‘get_all_vars’
    setupF: no visible global function definition for ‘model.frame’
    setupV: no visible global function definition for ‘terms’
    setupV: no visible global function definition for ‘as.formula’
    setupV: no visible global function definition for ‘formula’
    setupV2: no visible global function definition for ‘coef’
    setupV2: no visible global function definition for ‘formula’
    setupV2: no visible global function definition for ‘model.frame’
    setupV2: no visible global function definition for ‘as.formula’
    setupV2: no visible global function definition for ‘predict’
    setupV2: no visible global function definition for ‘model.matrix’
    setupX: no visible global function definition for ‘formula’
    setupX: no visible global function definition for ‘coef’
    setupX: no visible global function definition for ‘model.frame’
    setupX: no visible global function definition for ‘as.formula’
    setupX: no visible global function definition for ‘predict’
    setupX: no visible global function definition for ‘model.matrix’
    toplegend: no visible global function definition for ‘par’
    toplegend: no visible global function definition for ‘legend’
    visreg: Error while checking: invalid ‘envir’ argument
    visreg2d: no visible global function definition for ‘family’
    visreg2d: no visible global function definition for ‘update’
    visreg2d: no visible global function definition for ‘colorRampPalette’
    visregLatticePlot: no visible global function definition for ‘formula’
    visregLatticePlot: no visible global function definition for ‘dev.list’
Flavors: r-devel-linux-x86_64-debian-clang, r-devel-linux-x86_64-debian-gcc, r-devel-linux-x86_64-fedora-gcc, r-devel-windows-ix86+x86_64

Version: 2.2-0
Check: R code for possible problems
Result: NOTE
    Response: no visible global function definition for ‘predict’
    Response: no visible global function definition for ‘residuals’
    Response: no visible global function definition for ‘qt’
    Response: no visible global function definition for ‘qnorm’
    Response: no visible global function definition for ‘formula’
    Terms: no visible global function definition for ‘coef’
    Terms: no visible global function definition for ‘residuals’
    Terms: no visible global function definition for ‘vcov’
    Terms: no visible global function definition for ‘qt’
    Terms: no visible global function definition for ‘qnorm’
    Terms: no visible global function definition for ‘formula’
    factorPlot: no visible global function definition for ‘axis’
    fillFrame: no visible binding for global variable ‘median’
    makeYName: no visible global function definition for ‘formula’
    pal: no visible global function definition for ‘hcl’
    plot.visreg.list: no visible global function definition for ‘par’
    plot.visreg.list: no visible global function definition for
     ‘dev.interactive’
    plot.visreg.list: no visible global function definition for
     ‘devAskNewPage’
    rightlegend: no visible global function definition for ‘par’
    rightlegend: no visible global function definition for ‘legend’
    se.mlm: no visible global function definition for ‘formula’
    se.mlm: no visible global function definition for ‘predict’
    setupCond: no visible global function definition for ‘quantile’
    setupD: no visible global function definition for ‘formula’
    setupD: no visible global function definition for ‘model.frame’
    setupD: no visible global function definition for ‘as.formula’
    setupF: no visible global function definition for ‘formula’
    setupF: no visible global function definition for ‘get_all_vars’
    setupF: no visible global function definition for ‘model.frame’
    setupV: no visible global function definition for ‘terms’
    setupV: no visible global function definition for ‘as.formula’
    setupV: no visible global function definition for ‘formula’
    setupV2: no visible global function definition for ‘coef’
    setupV2: no visible global function definition for ‘formula’
    setupV2: no visible global function definition for ‘model.frame’
    setupV2: no visible global function definition for ‘as.formula’
    setupV2: no visible global function definition for ‘predict’
    setupV2: no visible global function definition for ‘model.matrix’
    setupX: no visible global function definition for ‘formula’
    setupX: no visible global function definition for ‘coef’
    setupX: no visible global function definition for ‘model.frame’
    setupX: no visible global function definition for ‘as.formula’
    setupX: no visible global function definition for ‘predict’
    setupX: no visible global function definition for ‘model.matrix’
    toplegend: no visible global function definition for ‘par’
    toplegend: no visible global function definition for ‘legend’
    visreg: Error while checking: invalid 'envir' argument
    visreg2d: no visible global function definition for ‘family’
    visreg2d: no visible global function definition for ‘update’
    visreg2d: no visible global function definition for ‘colorRampPalette’
    visregLatticePlot: no visible global function definition for ‘formula’
    visregLatticePlot: no visible global function definition for ‘dev.list’
    Undefined global functions or variables:
     as.formula axis coef colorRampPalette dev.interactive dev.list
     devAskNewPage family formula get_all_vars hcl legend median
     model.frame model.matrix par predict qnorm qt quantile residuals
     terms update vcov
Flavor: r-devel-linux-x86_64-fedora-clang