CRAN Package Check Results for Package visreg

Last updated on 2015-05-27 19:47:26.

Flavor Version Tinstall Tcheck Ttotal Status Flags
r-devel-linux-x86_64-debian-clang 2.2-0 0.66 31.02 31.68 OK
r-devel-linux-x86_64-debian-gcc 2.2-0 0.70 30.13 30.83 OK
r-devel-linux-x86_64-fedora-clang 2.2-0 61.15 OK
r-devel-linux-x86_64-fedora-gcc 2.2-0 58.79 OK
r-devel-osx-x86_64-clang 2.2-0 54.88 OK
r-devel-windows-ix86+x86_64 2.2-0 3.00 47.00 50.00 OK
r-patched-linux-x86_64 2.2-0 0.67 29.90 30.57 OK
r-patched-solaris-sparc 2.2-0 360.80 OK
r-patched-solaris-x86 2.2-0 77.50 OK
r-release-linux-x86_64 2.2-0 0.79 30.53 31.32 OK
r-release-osx-x86_64-mavericks 2.2-0 OK
r-release-osx-x86_64-snowleopard 2.2-0 ERROR
r-release-windows-ix86+x86_64 2.2-0 3.00 49.00 52.00 OK
r-oldrel-windows-ix86+x86_64 2.2-0 3.00 50.00 53.00 OK

Check Details

Version: 2.2-0
Check: tests
Result: ERROR
    Running the tests in ‘tests/randomForest.R’ failed.
    Last 13 lines of output:
     > visreg(fit, "lwt", xlab="Mom's weight")
     > visreg(fit, "lwt", by="smoke", xlab="Mom's weight", overlay=TRUE)
     >
     > ## 2D
     > fit <- randomForest(Ozone ~ ., data=airquality, na.action=na.omit)
     > visreg2d(fit, "Wind", "Temp")
     > visreg2d(fit, "Wind", "Temp", plot="rgl")
     Wed Apr 29 11:22:20 hagal.research.att.com R[69479] <Error>: unknown error code: invalid pixel format
     Wed Apr 29 11:22:20 hagal.research.att.com R[69479] <Error>: kCGErrorFailure: Set a breakpoint @ CGErrorBreakpoint() to catch errors as they are logged.
     X Error of failed request: GLXBadContext
     Major opcode of failed request: 0 ()
     Serial number of failed request: 27
     Current serial number in output stream: 27
Flavor: r-release-osx-x86_64-snowleopard