CRAN Package Check Results for Package visreg

Last updated on 2017-05-26 12:49:13.

Flavor Version Tinstall Tcheck Ttotal Status Flags
r-devel-linux-x86_64-debian-clang 2.3-0 1.08 26.44 27.51 OK
r-devel-linux-x86_64-debian-gcc 2.3-0 0.94 27.04 27.98 OK
r-devel-linux-x86_64-fedora-clang 2.3-0 47.16 OK
r-devel-linux-x86_64-fedora-gcc 2.3-0 44.07 OK
r-devel-windows-ix86+x86_64 2.3-0 4.00 55.00 59.00 OK
r-patched-linux-x86_64 2.3-0 1.23 26.98 28.21 OK
r-patched-solaris-sparc 2.3-0 264.10 OK
r-patched-solaris-x86 2.3-0 56.60 OK
r-release-linux-x86_64 2.3-0 0.94 26.54 27.48 OK
r-release-windows-ix86+x86_64 2.3-0 8.00 100.00 108.00 OK
r-release-osx-x86_64 2.3-0 WARN
r-oldrel-windows-ix86+x86_64 2.3-0 7.00 48.00 55.00 OK
r-oldrel-osx-x86_64 2.3-0 OK

Check Details

Version: 2.3-0
Check: re-building of vignette outputs
Result: WARN
    Error in re-building vignettes:
     ...
    Warning: running command 'kpsewhich framed.sty' had status 1
    Warning in test_latex_pkg("framed", system.file("misc", "framed.sty", package = "knitr")) :
     unable to find LaTeX package 'framed'; will use a copy from knitr
    Error in texi2dvi(file = file, pdf = TRUE, clean = clean, quiet = quiet, :
     Running 'texi2dvi' on 'quick-start.tex' failed.
    LaTeX errors:
    ! LaTeX Error: File `fullpage.sty' not found.
    
    Type X to quit or <RETURN> to proceed,
    or enter new name. (Default extension: sty)
    
    ! Emergency stop.
    <read *>
    
    l.59 \usepackage
     [colorlinks=true, urlcolor=blue, pdfborder={0 0 0}]{hyperref...
    ! ==> Fatal error occurred, no output PDF file produced!
    Calls: buildVignettes -> texi2pdf -> texi2dvi
    Execution halted
Flavor: r-release-osx-x86_64