CRAN Package Check Results for Package visreg

Last updated on 2015-04-28 17:47:11.

Flavor Version Tinstall Tcheck Ttotal Status Flags
r-devel-linux-x86_64-debian-clang 2.2-0 0.66 30.89 31.56 OK
r-devel-linux-x86_64-debian-gcc 2.2-0 0.75 29.72 30.46 OK
r-devel-linux-x86_64-fedora-clang 2.2-0 62.87 OK
r-devel-linux-x86_64-fedora-gcc 2.2-0 58.73 OK
r-devel-osx-x86_64-clang 2.2-0 55.26 OK
r-devel-windows-ix86+x86_64 2.2-0 4.00 46.00 50.00 OK
r-patched-linux-x86_64 2.2-0 0.66 30.29 30.95 OK
r-patched-solaris-sparc 2.2-0 329.50 OK
r-patched-solaris-x86 2.2-0 76.70 OK
r-release-linux-x86_64 2.2-0 0.67 30.26 30.93 OK
r-release-osx-x86_64-mavericks 2.2-0 OK
r-release-osx-x86_64-snowleopard 2.2-0 ERROR
r-release-windows-ix86+x86_64 2.2-0 3.00 43.00 46.00 OK
r-oldrel-windows-ix86+x86_64 2.2-0 2.00 44.00 46.00 OK

Check Details

Version: 2.2-0
Check: tests
Result: ERROR
    Running the tests in ‘tests/randomForest.R’ failed.
    Last 13 lines of output:
     > visreg(fit, "lwt", xlab="Mom's weight")
     > visreg(fit, "lwt", by="smoke", xlab="Mom's weight", overlay=TRUE)
     >
     > ## 2D
     > fit <- randomForest(Ozone ~ ., data=airquality, na.action=na.omit)
     > visreg2d(fit, "Wind", "Temp")
     > visreg2d(fit, "Wind", "Temp", plot="rgl")
     Mon Apr 27 10:59:34 hagal.research.att.com R[20611] <Error>: unknown error code: invalid pixel format
     Mon Apr 27 10:59:34 hagal.research.att.com R[20611] <Error>: kCGErrorFailure: Set a breakpoint @ CGErrorBreakpoint() to catch errors as they are logged.
     X Error of failed request: GLXBadContext
     Major opcode of failed request: 0 ()
     Serial number of failed request: 27
     Current serial number in output stream: 27
Flavor: r-release-osx-x86_64-snowleopard