CRAN Package Check Results for Package visreg

Last updated on 2016-06-30 06:47:22.

Flavor Version Tinstall Tcheck Ttotal Status Flags
r-devel-linux-x86_64-debian-gcc 2.2-2 0.87 34.30 35.17 OK
r-devel-linux-x86_64-fedora-clang 2.2-2 62.09 OK
r-devel-linux-x86_64-fedora-gcc 2.2-2 60.37 OK
r-devel-osx-x86_64-clang 2.2-2 49.51 OK
r-devel-windows-ix86+x86_64 2.2-2 3.00 60.00 63.00 OK
r-patched-linux-x86_64 2.2-2 0.87 32.89 33.76 OK
r-patched-solaris-sparc 2.2-2 361.20 OK
r-patched-solaris-x86 2.2-2 74.10 OK
r-release-linux-x86_64 2.2-2 0.72 31.29 32.01 OK
r-release-osx-x86_64-mavericks 2.2-2 NOTE
r-release-windows-ix86+x86_64 2.2-2 4.00 76.00 80.00 OK
r-oldrel-windows-ix86+x86_64 2.2-2 4.00 62.00 66.00 OK

Check Details

Version: 2.2-2
Check: dependencies in R code
Result: NOTE
    Invalid MIT-MAGIC-COOKIE-1 key
Flavor: r-release-osx-x86_64-mavericks