CRAN Package Check Results for Package visreg

Last updated on 2014-08-22 07:50:45.

Flavor Version Tinstall Tcheck Ttotal Status Flags
r-devel-linux-x86_64-debian-clang 2.0-5 0.68 27.85 28.53 OK
r-devel-linux-x86_64-debian-gcc 2.0-5 0.74 27.72 28.46 OK
r-devel-linux-x86_64-fedora-clang 2.0-5 58.35 NOTE
r-devel-linux-x86_64-fedora-gcc 2.0-5 56.12 NOTE
r-devel-osx-x86_64-clang 2.0-5 48.94 NOTE
r-devel-windows-ix86+x86_64 2.0-5 3.00 47.00 50.00 OK
r-patched-linux-x86_64 2.0-5 0.71 30.02 30.72 OK
r-patched-solaris-sparc 2.0-5 350.90 OK
r-patched-solaris-x86 2.0-5 77.60 OK
r-release-linux-ix86 2.0-5 1.07 40.04 41.11 OK
r-release-linux-x86_64 2.0-5 0.80 29.83 30.63 OK
r-release-osx-x86_64-mavericks 2.0-5 OK
r-release-osx-x86_64-snowleopard 2.0-5 OK
r-release-windows-ix86+x86_64 2.0-5 3.00 47.00 50.00 OK
r-oldrel-windows-ix86+x86_64 2.0-5 3.00 44.00 47.00 OK

Check Details

Version: 2.0-5
Check: R code for possible problems
Result: NOTE
    Terms: no visible global function definition for ‘fixed.effects’
    setupX: no visible global function definition for ‘fixed.effects’
Flavors: r-devel-linux-x86_64-fedora-clang, r-devel-linux-x86_64-fedora-gcc, r-devel-osx-x86_64-clang