CRAN Package Check Results for Package visreg

Last updated on 2016-05-29 03:48:39.

Flavor Version Tinstall Tcheck Ttotal Status Flags
r-devel-linux-x86_64-debian-gcc 2.2-2 0.81 32.47 33.28 OK
r-devel-linux-x86_64-fedora-clang 2.2-2 61.00 OK
r-devel-linux-x86_64-fedora-gcc 2.2-2 57.25 OK
r-devel-osx-x86_64-clang 2.2-2 66.63 OK
r-devel-windows-ix86+x86_64 2.2-2 3.00 63.00 66.00 OK
r-patched-linux-x86_64 2.2-2 0.71 31.66 32.37 OK
r-patched-solaris-sparc 2.2-2 357.00 OK
r-patched-solaris-x86 2.2-2 74.50 OK
r-release-linux-x86_64 2.2-2 0.66 31.82 32.48 OK
r-release-osx-x86_64-mavericks 2.2-2 NOTE
r-release-windows-ix86+x86_64 2.2-2 4.00 63.00 67.00 OK
r-oldrel-windows-ix86+x86_64 2.2-2 2.00 65.00 67.00 OK

Check Details

Version: 2.2-2
Check: dependencies in R code
Result: NOTE
    Invalid MIT-MAGIC-COOKIE-1 key
Flavor: r-release-osx-x86_64-mavericks