CRAN Package Check Results for Package visreg

Last updated on 2014-04-20 21:46:58.

Flavor Version Tinstall Tcheck Ttotal Status Flags
r-devel-linux-x86_64-debian-clang 2.0-4 0.76 30.56 31.32 NOTE
r-devel-linux-x86_64-debian-gcc 2.0-4 0.76 30.48 31.25 NOTE
r-devel-linux-x86_64-fedora-clang 2.0-4 61.87 NOTE
r-devel-linux-x86_64-fedora-gcc 2.0-4 60.24 NOTE
r-devel-macosx-x86_64-clang 2.0-4 52.69 NOTE
r-devel-macosx-x86_64-gcc 2.0-4 NOTE
r-devel-windows-ix86+x86_64 2.0-4 3.00 47.00 50.00 NOTE
r-patched-linux-x86_64 2.0-4 0.84 30.90 31.73 NOTE
r-patched-solaris-sparc 2.0-4 346.00 NOTE
r-patched-solaris-x86 2.0-4 77.60 NOTE
r-release-linux-ix86 NOTE
r-release-linux-x86_64 2.0-4 0.77 30.77 31.54 NOTE
r-release-macosx-x86_64 2.0-4 OK
r-release-windows-ix86+x86_64 2.0-4 4.00 48.00 52.00 NOTE
r-oldrel-windows-ix86+x86_64 2.0-4 3.00 45.00 48.00 NOTE

Check Details

Version: 2.0-4
Check: dependencies in R code
Result: NOTE
    Package in Depends field not imported from: ‘lattice’
     These packages need to be imported from (in the NAMESPACE file)
     for when this namespace is loaded but not attached.
    See the information on DESCRIPTION files in the chapter ‘Creating R
    packages’ of the ‘Writing R Extensions’ manual.
Flavors: r-devel-linux-x86_64-debian-clang, r-devel-linux-x86_64-debian-gcc, r-devel-linux-x86_64-fedora-clang, r-devel-linux-x86_64-fedora-gcc, r-devel-macosx-x86_64-clang, r-devel-macosx-x86_64-gcc, r-devel-windows-ix86+x86_64, r-patched-linux-x86_64, r-patched-solaris-sparc, r-patched-solaris-x86, r-release-linux-ix86, r-release-linux-x86_64, r-release-windows-ix86+x86_64, r-oldrel-windows-ix86+x86_64