CRAN Package Check Results for Package visualFields

Last updated on 2015-03-03 03:49:11.

Flavor Version Tinstall Tcheck Ttotal Status Flags
r-devel-linux-x86_64-debian-clang 0.4.2 4.64 65.75 70.39 OK
r-devel-linux-x86_64-debian-gcc 0.4.2 4.39 64.78 69.17 OK
r-devel-linux-x86_64-fedora-clang 0.4.2 143.30 OK
r-devel-linux-x86_64-fedora-gcc 0.4.2 128.88 OK
r-devel-osx-x86_64-clang 0.4.2 141.49 OK
r-devel-windows-ix86+x86_64 0.4.2 22.00 127.00 149.00 OK
r-patched-linux-x86_64 0.4.2 8.10 92.06 100.16 OK
r-patched-solaris-sparc 0.4.2 959.10 OK
r-patched-solaris-x86 0.4.2 249.20 OK
r-release-linux-ix86 0.4.2 7.21 104.16 111.37 OK
r-release-linux-x86_64 0.4.2 9.78 90.54 100.32 OK
r-release-osx-x86_64-mavericks 0.4.2 OK
r-release-osx-x86_64-snowleopard 0.4.2 OK
r-release-windows-ix86+x86_64 0.4.2 29.00 190.00 219.00 OK
r-oldrel-windows-ix86+x86_64 0.4.2 20.00 135.00 155.00 NOTE

Check Details

Version: 0.4.2
Check: dependencies in R code
Result: NOTE
    Missing or unexported objects:
     'visualFields::vfenv' 'visualFields::vfsettings'
    See the information on DESCRIPTION files in the chapter 'Creating R
    packages' of the 'Writing R Extensions' manual.
Flavor: r-oldrel-windows-ix86+x86_64