CRAN Package Check Results for Package visualFields

Last updated on 2015-05-23 11:51:39.

Flavor Version Tinstall Tcheck Ttotal Status Flags
r-devel-linux-x86_64-debian-clang 0.4.2 4.66 66.14 70.81 OK
r-devel-linux-x86_64-debian-gcc 0.4.2 4.60 65.23 69.83 OK
r-devel-linux-x86_64-fedora-clang 0.4.2 146.06 OK
r-devel-linux-x86_64-fedora-gcc 0.4.2 131.74 OK
r-devel-osx-x86_64-clang 0.4.2 120.65 OK
r-devel-windows-ix86+x86_64 0.4.2 17.00 97.00 114.00 OK
r-patched-linux-x86_64 0.4.2 4.43 65.36 69.80 OK
r-patched-solaris-sparc 0.4.2 831.80 OK
r-patched-solaris-x86 0.4.2 184.20 OK
r-release-linux-x86_64 0.4.2 4.52 66.40 70.92 OK
r-release-osx-x86_64-mavericks 0.4.2 OK
r-release-osx-x86_64-snowleopard 0.4.2 ERROR
r-release-windows-ix86+x86_64 0.4.2 16.00 96.00 112.00 OK
r-oldrel-windows-ix86+x86_64 0.4.2 28.00 135.00 163.00 OK

Check Details

Version: 0.4.2
Check: package dependencies
Result: ERROR
    Packages required but not available: ‘flip’ ‘Hmisc’
    
    See section ‘The DESCRIPTION file’ in the ‘Writing R Extensions’
    manual.
Flavor: r-release-osx-x86_64-snowleopard