CRAN Package Check Results for Package visualFields

Last updated on 2015-02-01 16:47:14.

Flavor Version Tinstall Tcheck Ttotal Status Flags
r-devel-linux-x86_64-debian-clang 0.4.2 4.30 62.28 66.57 OK
r-devel-linux-x86_64-debian-gcc 0.4.2 4.24 61.18 65.42 OK
r-devel-linux-x86_64-fedora-clang 0.4.2 174.86 OK
r-devel-linux-x86_64-fedora-gcc 0.4.2 130.26 OK
r-devel-osx-x86_64-clang 0.4.2 126.93 OK
r-devel-windows-ix86+x86_64 0.4.2 18.00 97.00 115.00 OK
r-patched-linux-x86_64 0.4.2 5.53 82.78 88.31 OK
r-patched-solaris-sparc 0.4.2 959.10 OK
r-patched-solaris-x86 0.4.2 232.30 OK
r-release-linux-ix86 0.4.2 6.39 96.58 102.97 OK
r-release-linux-x86_64 0.4.2 5.74 85.50 91.23 OK
r-release-osx-x86_64-mavericks 0.4.2 OK
r-release-osx-x86_64-snowleopard 0.4.2 OK
r-release-windows-ix86+x86_64 0.4.2 19.00 128.00 147.00 OK
r-oldrel-windows-ix86+x86_64 0.4.2 21.00 125.00 146.00 NOTE

Check Details

Version: 0.4.2
Check: dependencies in R code
Result: NOTE
    Missing or unexported objects:
     'visualFields::vfenv' 'visualFields::vfsettings'
    See the information on DESCRIPTION files in the chapter 'Creating R
    packages' of the 'Writing R Extensions' manual.
Flavor: r-oldrel-windows-ix86+x86_64