CRAN Package Check Results for Package visualFields

Last updated on 2014-12-22 21:47:30.

Flavor Version Tinstall Tcheck Ttotal Status Flags
r-devel-linux-x86_64-debian-clang 0.4 5.25 76.95 82.20 NOTE
r-devel-linux-x86_64-debian-gcc 0.4 5.12 73.87 79.00 NOTE
r-devel-linux-x86_64-fedora-clang 0.4 190.75 NOTE
r-devel-linux-x86_64-fedora-gcc 0.4 178.75 NOTE
r-devel-osx-x86_64-clang 0.4 157.61 NOTE
r-devel-windows-ix86+x86_64 0.4 23.00 108.00 131.00 NOTE
r-patched-linux-x86_64 0.4 5.63 78.95 84.58 NOTE
r-patched-solaris-sparc 0.4 1020.00 NOTE
r-patched-solaris-x86 0.4 234.50 NOTE
r-release-linux-ix86 0.4 6.44 96.60 103.05 NOTE
r-release-linux-x86_64 0.4 5.62 78.83 84.45 NOTE
r-release-osx-x86_64-mavericks 0.4 OK
r-release-osx-x86_64-snowleopard 0.4 OK
r-release-windows-ix86+x86_64 0.4 20.00 118.00 138.00 NOTE
r-oldrel-windows-ix86+x86_64 0.4 20.00 117.00 137.00 OK

Check Details

Version: 0.4
Check: R code for possible problems
Result: NOTE
    ageLinearModel: no visible binding for global variable ‘vfsettings’
    bebie: no visible binding for global variable ‘vfsettings’
    bebie: no visible binding for global variable ‘vfenv’
    colormapgraph: no visible binding for global variable ‘vfenv’
    createviewport: no visible global function definition for ‘viewport’
    getnv: no visible binding for global variable ‘vfenv’
    ghpostd: no visible binding for global variable ‘vfsettings’
    ghranktd: no visible binding for global variable ‘vfsettings’
    gloperc: no visible binding for global variable ‘vfsettings’
    lidLensArtifact: no visible binding for global variable ‘vfsettings’
    loadvfcsv: no visible binding for global variable ‘vfsettings’
    locperc: no visible binding for global variable ‘vfsettings’
    pdpmap: no visible binding for global variable ‘vfsettings’
    pdpmap: no visible binding for global variable ‘vfenv’
    pdpmapghr: no visible binding for global variable ‘vfsettings’
    pdpmapghr: no visible binding for global variable ‘vfenv’
    pdval: no visible binding for global variable ‘vfsettings’
    pdvalghr: no visible binding for global variable ‘vfsettings’
    poplr: no visible binding for global variable ‘vfsettings’
    poplr_pstat: no visible binding for global variable ‘vfsettings’
    quad2Dfit: no visible binding for global variable ‘saplocmap’
    quad2Dfit: no visible binding for global variable ‘vfsettings’
    sdnv: no visible binding for global variable ‘vfsettings’
    sdnvghr: no visible binding for global variable ‘vfsettings’
    setnv: no visible binding for global variable ‘vfenv’
    tdpmap: no visible binding for global variable ‘vfsettings’
    tdpmap: no visible binding for global variable ‘vfenv’
    tdrank: no visible binding for global variable ‘vfsettings’
    tdrankadjperc: no visible binding for global variable ‘vfsettings’
    tdranknv: no visible binding for global variable ‘vfsettings’
    tdrankperc: no visible binding for global variable ‘vfsettings’
    tdval: no visible binding for global variable ‘vfsettings’
    vfcolormap: no visible binding for global variable ‘vfenv’
    vfdemographics: no visible binding for global variable ‘vfsettings’
    vfindex: no visible binding for global variable ‘vfidefault’
    vfindex: no visible binding for global variable ‘vfsettings’
    vfindexpmap: no visible binding for global variable ‘vfsettings’
    vfindexpmap: no visible binding for global variable ‘vfenv’
    vfiperc: no visible binding for global variable ‘vfsettings’
    vflayout: no visible global function definition for ‘vpList’
    vflayout: no visible global function definition for ‘vpTree’
    vflayout: no visible global function definition for ‘pushViewport’
    vflayout: no visible global function definition for ‘seekViewport’
    vflayout: no visible global function definition for ‘grid.text’
    vflayout: no visible global function definition for ‘gpar’
    vflayout: no visible binding for global variable ‘vfenv’
    vflayout_legoplot: no visible binding for global variable ‘vfsettings’
    vflayout_legoplot: no visible global function definition for ‘vpList’
    vflayout_legoplot: no visible global function definition for ‘vpTree’
    vflayout_legoplot: no visible global function definition for
     ‘pushViewport’
    vflayout_legoplot: no visible global function definition for
     ‘seekViewport’
    vflayout_legoplot: no visible global function definition for
     ‘grid.text’
    vflayout_legoplot: no visible global function definition for ‘gpar’
    vflayout_legoplot: no visible global function definition for
     ‘grid.rect’
    vflayout_legoplot: no visible binding for global variable ‘vfenv’
    vflayout_poplr: no visible binding for global variable ‘vfenv’
    vflayout_poplr: no visible binding for global variable ‘vfsettings’
    vflayout_poplr: no visible global function definition for ‘vpList’
    vflayout_poplr: no visible global function definition for ‘vpTree’
    vflayout_poplr: no visible global function definition for
     ‘pushViewport’
    vflayout_poplr: no visible global function definition for
     ‘seekViewport’
    vflayout_poplr: no visible global function definition for ‘grid.text’
    vflayout_poplr: no visible global function definition for ‘gpar’
    vflayoutghr: no visible global function definition for ‘vpList’
    vflayoutghr: no visible global function definition for ‘vpTree’
    vflayoutghr: no visible global function definition for ‘pushViewport’
    vflayoutghr: no visible global function definition for ‘seekViewport’
    vflayoutghr: no visible global function definition for ‘grid.text’
    vflayoutghr: no visible global function definition for ‘gpar’
    vflayoutghr: no visible binding for global variable ‘vfenv’
    vfplot: no visible binding for global variable ‘vfsettings’
    vfplot_poplr: no visible binding for global variable ‘vfenv’
    vfplot_poplr: no visible binding for global variable ‘vfsettings’
    vfstats: no visible binding for global variable ‘vfsettings’
    vfstatspmap: no visible binding for global variable ‘vfsettings’
    vfstatspmap: no visible binding for global variable ‘vfenv’
Flavors: r-devel-linux-x86_64-debian-clang, r-devel-linux-x86_64-debian-gcc, r-devel-linux-x86_64-fedora-clang, r-devel-linux-x86_64-fedora-gcc, r-devel-osx-x86_64-clang, r-devel-windows-ix86+x86_64, r-patched-linux-x86_64, r-patched-solaris-sparc, r-patched-solaris-x86, r-release-linux-ix86, r-release-linux-x86_64, r-release-windows-ix86+x86_64