CRAN Package Check Results for Package visualFields

Last updated on 2014-04-24 07:52:40.

Flavor Version Tinstall Tcheck Ttotal Status Flags
r-devel-linux-x86_64-debian-clang 0.4 3.16 52.55 55.70 OK
r-devel-linux-x86_64-debian-gcc 0.4 3.20 52.81 56.01 OK
r-devel-linux-x86_64-fedora-clang 0.4 111.86 OK
r-devel-linux-x86_64-fedora-gcc 0.4 108.42 OK
r-devel-osx-x86_64-clang 0.4 98.04 OK
r-devel-osx-x86_64-gcc 0.4 ERROR
r-devel-windows-ix86+x86_64 0.4 10.00 75.00 85.00 OK
r-patched-linux-x86_64 0.4 2.99 52.64 55.63 OK
r-patched-solaris-sparc 0.4 572.20 OK
r-patched-solaris-x86 0.4 132.00 OK
r-release-linux-ix86 0.4 6.00 87.00 93.00 OK
r-release-linux-x86_64 0.4 3.02 52.90 55.92 OK
r-release-osx-x86_64-mavericks 0.4 WARN
r-release-osx-x86_64-snowleopard 0.4 OK
r-release-windows-ix86+x86_64 0.4 10.00 79.00 89.00 OK
r-oldrel-windows-ix86+x86_64 0.4 10.00 80.00 90.00 OK

Check Details

Version: 0.4
Check: package dependencies
Result: ERROR
    Packages required but not available: ‘flip’ ‘Hmisc’
    
    See the information on DESCRIPTION files in the chapter ‘Creating R
    packages’ of the ‘Writing R Extensions’ manual.
Flavor: r-devel-osx-x86_64-gcc

Version: 0.4
Check: PDF version of manual
Result: WARNING
    LaTeX errors when creating PDF version.
    This typically indicates Rd problems.
    LaTeX errors found:
    ! LaTeX Error: File `upquote.sty' not found.
    
    Type X to quit or <RETURN> to proceed,
    or enter new name. (Default extension: sty)
    
    b24bfa/Rd2.tex:8: ==> Fatal error occurred, no output PDF file produced!
Flavor: r-release-osx-x86_64-mavericks