CRAN Package Check Results for Package visualFields

Last updated on 2015-07-03 03:47:23.

Flavor Version Tinstall Tcheck Ttotal Status Flags
r-devel-linux-x86_64-debian-clang 0.4.2 4.70 64.44 69.14 NOTE
r-devel-linux-x86_64-debian-gcc 0.4.2 4.48 65.26 69.74 NOTE
r-devel-linux-x86_64-fedora-clang 0.4.2 144.27 NOTE
r-devel-linux-x86_64-fedora-gcc 0.4.2 132.82 NOTE
r-devel-osx-x86_64-clang 0.4.2 109.26 OK
r-devel-windows-ix86+x86_64 0.4.2 17.00 107.00 124.00 NOTE
r-patched-linux-x86_64 0.4.2 4.74 66.69 71.43 OK
r-patched-solaris-sparc 0.4.2 831.80 OK
r-patched-solaris-x86 0.4.2 186.30 OK
r-release-linux-x86_64 0.4.2 4.68 68.54 73.23 OK
r-release-osx-x86_64-mavericks 0.4.2 OK
r-release-windows-ix86+x86_64 0.4.2 17.00 106.00 123.00 OK
r-oldrel-windows-ix86+x86_64 0.4.2 31.00 143.00 174.00 OK

Check Details

Version: 0.4.2
Check: R code for possible problems
Result: NOTE
    ageLinearModel: no visible global function definition for ‘lm’
    bebie: no visible global function definition for ‘par’
    bebie: no visible global function definition for ‘axis’
    bebie: no visible global function definition for ‘grid’
    bebie: no visible global function definition for ‘box’
    bebie: no visible global function definition for ‘title’
    bebie: no visible global function definition for ‘lines’
    bebie: no visible global function definition for ‘rgb’
    bebie: no visible global function definition for ‘points’
    colormapgraph: no visible global function definition for ‘rgb’
    colormapgraph: no visible global function definition for ‘par’
    colormapgraph: no visible global function definition for ‘text’
    ghranktd: no visible global function definition for ‘make.link’
    ghranktd : parallelcf: no visible global function definition for
     ‘approx’
    ghranktd : parallelcf: no visible global function definition for ‘sd’
    ghranktd: no visible global function definition for ‘optim’
    ghranktd: no visible global function definition for ‘predict’
    ghranktd: no visible global function definition for ‘lm’
    ghranktd: no visible global function definition for ‘approx’
    hist_poplr: no visible global function definition for ‘par’
    hist_poplr: no visible global function definition for ‘rgb’
    hist_poplr: no visible global function definition for ‘axis’
    hist_poplr: no visible global function definition for ‘title’
    hist_poplr: no visible global function definition for ‘lines’
    hist_poplr: no visible global function definition for ‘points’
    hist_poplr: no visible global function definition for ‘text’
    loadvfcsv: no visible global function definition for ‘read.csv’
    loadvfxmlbatch: no visible global function definition for ‘read.csv’
    poplr_pstat: no visible global function definition for ‘var’
    poplr_pstat: no visible global function definition for ‘pt’
    poplr_pstat: no visible global function definition for ‘sd’
    progols: no visible global function definition for ‘lm’
    progols: no visible global function definition for ‘par’
    progols: no visible global function definition for ‘axis’
    progols: no visible global function definition for ‘grid’
    progols: no visible global function definition for ‘points’
    progols: no visible global function definition for ‘lines’
    progols: no visible global function definition for ‘box’
    progols: no visible global function definition for ‘title’
    quad2Dfit: no visible global function definition for ‘predict’
    quad2Dfit: no visible global function definition for ‘lm’
    ringmapgraph: no visible global function definition for ‘rgb’
    ringmapgraph: no visible global function definition for ‘par’
    ringmapgraph: no visible global function definition for ‘text’
    stimLoc: no visible global function definition for ‘axis’
    tdrankglm: no visible global function definition for ‘make.link’
    tdrankglm: no visible global function definition for ‘glm’
    tdranknv: no visible global function definition for ‘weighted.mean’
    vfdemographics: no visible global function definition for
     ‘weighted.mean’
    vfindex: no visible global function definition for ‘weighted.mean’
    vflayout: no visible global function definition for ‘dev.new’
    vflayout: no visible global function definition for ‘pdf’
    vflayout: no visible global function definition for ‘par’
    vflayout: no visible global function definition for
     ‘packageDescription’
    vflayout: no visible global function definition for ‘dev.off’
    vflayout_legoplot: no visible global function definition for ‘col2rgb’
    vflayout_legoplot: no visible global function definition for ‘dev.new’
    vflayout_legoplot: no visible global function definition for ‘pdf’
    vflayout_legoplot: no visible global function definition for ‘par’
    vflayout_legoplot: no visible global function definition for
     ‘packageDescription’
    vflayout_legoplot: no visible global function definition for ‘dev.off’
    vflayout_poplr: no visible global function definition for ‘dev.new’
    vflayout_poplr: no visible global function definition for ‘pdf’
    vflayout_poplr: no visible global function definition for ‘par’
    vflayout_poplr: no visible global function definition for
     ‘packageDescription’
    vflayout_poplr: no visible global function definition for ‘dev.off’
    vflayoutghr: no visible global function definition for ‘dev.new’
    vflayoutghr: no visible global function definition for ‘pdf’
    vflayoutghr: no visible global function definition for ‘par’
    vflayoutghr: no visible global function definition for
     ‘packageDescription’
    vflayoutghr: no visible global function definition for ‘dev.off’
    vfplot: no visible global function definition for ‘dev.new’
    vfplot_poplr: no visible global function definition for ‘dev.new’
    vfplotloc: no visible global function definition for ‘par’
    vfplotloc: no visible global function definition for ‘points’
    vfplotloc: no visible global function definition for ‘segments’
    vfplotloc: no visible global function definition for ‘axis’
    vfplotloc: no visible global function definition for ‘text’
    vfplotloc: no visible global function definition for ‘rgb’
    vfstats: no visible global function definition for ‘weighted.mean’
    Undefined global functions or variables:
     approx axis box col2rgb dev.new dev.off glm grid lines lm make.link
     optim packageDescription par pdf points predict pt read.csv rgb sd
     segments text title var weighted.mean
Flavors: r-devel-linux-x86_64-debian-clang, r-devel-linux-x86_64-fedora-clang, r-devel-linux-x86_64-fedora-gcc, r-devel-windows-ix86+x86_64

Version: 0.4.2
Check: R code for possible problems
Result: NOTE
    ageLinearModel: no visible global function definition for ‘lm’
    bebie: no visible global function definition for ‘par’
    bebie: no visible global function definition for ‘axis’
    bebie: no visible global function definition for ‘grid’
    bebie: no visible global function definition for ‘box’
    bebie: no visible global function definition for ‘title’
    bebie: no visible global function definition for ‘lines’
    bebie: no visible global function definition for ‘rgb’
    bebie: no visible global function definition for ‘points’
    colormapgraph: no visible global function definition for ‘rgb’
    colormapgraph: no visible global function definition for ‘par’
    colormapgraph: no visible global function definition for ‘text’
    ghranktd: no visible global function definition for ‘make.link’
    ghranktd : parallelcf: no visible global function definition for
     ‘approx’
    ghranktd : parallelcf: no visible global function definition for ‘sd’
    ghranktd: no visible global function definition for ‘optim’
    ghranktd: no visible global function definition for ‘predict’
    ghranktd: no visible global function definition for ‘lm’
    ghranktd: no visible global function definition for ‘approx’
    hist_poplr: no visible global function definition for ‘par’
    hist_poplr: no visible global function definition for ‘rgb’
    hist_poplr: no visible global function definition for ‘axis’
    hist_poplr: no visible global function definition for ‘title’
    hist_poplr: no visible global function definition for ‘lines’
    hist_poplr: no visible global function definition for ‘points’
    hist_poplr: no visible global function definition for ‘text’
    loadvfcsv: no visible global function definition for ‘read.csv’
    loadvfxmlbatch: no visible global function definition for ‘read.csv’
    poplr_pstat: no visible global function definition for ‘var’
    poplr_pstat: no visible global function definition for ‘pt’
    poplr_pstat: no visible global function definition for ‘sd’
    progols: no visible global function definition for ‘lm’
    progols: no visible global function definition for ‘par’
    progols: no visible global function definition for ‘axis’
    progols: no visible global function definition for ‘grid’
    progols: no visible global function definition for ‘points’
    progols: no visible global function definition for ‘lines’
    progols: no visible global function definition for ‘box’
    progols: no visible global function definition for ‘title’
    quad2Dfit: no visible global function definition for ‘predict’
    quad2Dfit: no visible global function definition for ‘lm’
    ringmapgraph: no visible global function definition for ‘rgb’
    ringmapgraph: no visible global function definition for ‘par’
    ringmapgraph: no visible global function definition for ‘text’
    stimLoc: no visible global function definition for ‘axis’
    tdrankglm: no visible global function definition for ‘make.link’
    tdrankglm: no visible global function definition for ‘glm’
    tdranknv: no visible global function definition for ‘weighted.mean’
    vfdemographics: no visible global function definition for
     ‘weighted.mean’
    vfindex: no visible global function definition for ‘weighted.mean’
    vflayout: no visible global function definition for ‘dev.new’
    vflayout: no visible global function definition for ‘pdf’
    vflayout: no visible global function definition for ‘par’
    vflayout: no visible global function definition for
     ‘packageDescription’
    vflayout: no visible global function definition for ‘dev.off’
    vflayout_legoplot: no visible global function definition for ‘col2rgb’
    vflayout_legoplot: no visible global function definition for ‘dev.new’
    vflayout_legoplot: no visible global function definition for ‘pdf’
    vflayout_legoplot: no visible global function definition for ‘par’
    vflayout_legoplot: no visible global function definition for
     ‘packageDescription’
    vflayout_legoplot: no visible global function definition for ‘dev.off’
    vflayout_poplr: no visible global function definition for ‘dev.new’
    vflayout_poplr: no visible global function definition for ‘pdf’
    vflayout_poplr: no visible global function definition for ‘par’
    vflayout_poplr: no visible global function definition for
     ‘packageDescription’
    vflayout_poplr: no visible global function definition for ‘dev.off’
    vflayoutghr: no visible global function definition for ‘dev.new’
    vflayoutghr: no visible global function definition for ‘pdf’
    vflayoutghr: no visible global function definition for ‘par’
    vflayoutghr: no visible global function definition for
     ‘packageDescription’
    vflayoutghr: no visible global function definition for ‘dev.off’
    vfplot: no visible global function definition for ‘dev.new’
    vfplot_poplr: no visible global function definition for ‘dev.new’
    vfplotloc: no visible global function definition for ‘par’
    vfplotloc: no visible global function definition for ‘points’
    vfplotloc: no visible global function definition for ‘segments’
    vfplotloc: no visible global function definition for ‘axis’
    vfplotloc: no visible global function definition for ‘text’
    vfplotloc: no visible global function definition for ‘rgb’
    vfstats: no visible global function definition for ‘weighted.mean’
Flavor: r-devel-linux-x86_64-debian-gcc