CRAN Package Check Results for Package visualize

Last updated on 2017-04-29 19:49:14.

Flavor Version Tinstall Tcheck Ttotal Status Flags
r-devel-linux-x86_64-debian-clang 4.3.0 0.76 13.87 14.63 OK
r-devel-linux-x86_64-debian-gcc 4.2 0.82 13.21 14.04 NOTE
r-devel-linux-x86_64-fedora-clang 4.3.0 14.10 OK --no-stop-on-test-error
r-devel-linux-x86_64-fedora-gcc 4.3.0 18.73 OK --no-stop-on-test-error
r-devel-windows-ix86+x86_64 4.3.0 3.00 29.00 32.00 OK
r-patched-linux-x86_64 4.3.0 0.82 13.36 14.18 OK
r-patched-solaris-sparc 4.2 135.80 NOTE
r-patched-solaris-x86 4.2 30.30 NOTE
r-release-linux-x86_64 4.3.0 0.73 13.48 14.21 OK
r-release-windows-ix86+x86_64 4.3.0 4.00 36.00 40.00 OK
r-release-osx-x86_64 4.3.0 OK
r-oldrel-windows-ix86+x86_64 4.3.0 2.00 27.00 29.00 OK
r-oldrel-osx-x86_64 4.3.0 OK

Check Details

Version: 4.2
Check: DESCRIPTION meta-information
Result: NOTE
    Malformed Title field: should not end in a period.
    License components which are templates and need '+ file LICENSE':
     MIT License
Flavors: r-devel-linux-x86_64-debian-gcc, r-patched-solaris-sparc, r-patched-solaris-x86

Version: 4.2
Check: R code for possible problems
Result: NOTE
    visualize.continuous: no visible global function definition for ‘plot’
    visualize.continuous: no visible global function definition for
     ‘polygon’
    visualize.continuous: no visible global function definition for ‘axis’
    visualize.continuous: no visible global function definition for ‘mtext’
    visualize.continuous: no visible global function definition for ‘title’
    visualize.discrete: no visible global function definition for ‘barplot’
    visualize.discrete: no visible global function definition for ‘axis’
    visualize.discrete: no visible global function definition for ‘mtext’
    visualize.discrete: no visible global function definition for ‘title’
    Undefined global functions or variables:
     axis barplot mtext plot polygon title
    Consider adding
     importFrom("graphics", "axis", "barplot", "mtext", "plot", "polygon",
     "title")
    to your NAMESPACE file.
Flavors: r-devel-linux-x86_64-debian-gcc, r-patched-solaris-sparc, r-patched-solaris-x86