CRAN Package Check Results for Package visualize

Last updated on 2014-09-17 21:46:49.

Flavor Version Tinstall Tcheck Ttotal Status Flags
r-devel-linux-x86_64-debian-clang 4.2 0.71 10.86 11.56 NOTE
r-devel-linux-x86_64-debian-gcc 4.2 0.70 10.43 11.14 NOTE
r-devel-linux-x86_64-fedora-clang 4.2 21.87 NOTE
r-devel-linux-x86_64-fedora-gcc 4.2 20.78 NOTE
r-devel-osx-x86_64-clang 4.2 24.00 NOTE
r-devel-windows-ix86+x86_64 4.2 2.00 18.00 20.00 OK
r-patched-linux-x86_64 4.2 0.71 10.24 10.96 NOTE
r-patched-solaris-sparc 4.2 135.70 NOTE
r-patched-solaris-x86 4.2 31.60 NOTE
r-release-linux-ix86 4.2 1.15 16.25 17.40 NOTE
r-release-linux-x86_64 4.2 0.75 10.78 11.53 NOTE
r-release-osx-x86_64-mavericks 4.2 NOTE
r-release-windows-ix86+x86_64 4.2 4.00 24.00 28.00 OK
r-oldrel-windows-ix86+x86_64 4.2 2.00 19.00 21.00 OK

Check Details

Version: 4.2
Check: DESCRIPTION meta-information
Result: NOTE
    License components which are templates and need '+ file LICENSE':
     MIT License
Flavors: r-devel-linux-x86_64-debian-clang, r-devel-linux-x86_64-debian-gcc, r-devel-linux-x86_64-fedora-clang, r-devel-linux-x86_64-fedora-gcc, r-devel-osx-x86_64-clang, r-patched-linux-x86_64, r-patched-solaris-sparc, r-patched-solaris-x86, r-release-linux-ix86, r-release-linux-x86_64, r-release-osx-x86_64-mavericks