CRAN Package Check Results for Package visualize

Last updated on 2014-07-24 11:53:32.

Flavor Version Tinstall Tcheck Ttotal Status Flags
r-devel-linux-x86_64-debian-clang 4.2 0.72 10.33 11.04 NOTE
r-devel-linux-x86_64-debian-gcc 4.2 0.71 10.42 11.13 NOTE
r-devel-linux-x86_64-fedora-clang 4.2 22.84 NOTE
r-devel-linux-x86_64-fedora-gcc 4.2 22.39 NOTE
r-devel-osx-x86_64-clang 4.2 24.77 NOTE
r-devel-windows-ix86+x86_64 4.2 3.00 18.00 21.00 OK
r-patched-linux-x86_64 4.2 0.72 10.36 11.07 NOTE
r-patched-solaris-sparc 4.2 129.80 NOTE
r-patched-solaris-x86 4.2 32.00 NOTE
r-release-linux-ix86 4.2 1.05 15.79 16.84 NOTE
r-release-linux-x86_64 4.2 0.72 10.50 11.23 NOTE
r-release-osx-x86_64-mavericks 4.2 NOTE
r-release-windows-ix86+x86_64 4.2 4.00 24.00 28.00 OK
r-oldrel-windows-ix86+x86_64 4.2 2.00 19.00 21.00 OK

Check Details

Version: 4.2
Check: DESCRIPTION meta-information
Result: NOTE
    License components which are templates and need '+ file LICENSE':
     MIT License
Flavors: r-devel-linux-x86_64-debian-clang, r-devel-linux-x86_64-debian-gcc, r-devel-linux-x86_64-fedora-clang, r-devel-linux-x86_64-fedora-gcc, r-devel-osx-x86_64-clang, r-patched-linux-x86_64, r-patched-solaris-sparc, r-patched-solaris-x86, r-release-linux-ix86, r-release-linux-x86_64, r-release-osx-x86_64-mavericks