CRAN Package Check Results for Package visualize

Last updated on 2015-08-28 06:47:41.

Flavor Version Tinstall Tcheck Ttotal Status Flags
r-devel-linux-x86_64-debian-clang 4.2 0.60 10.04 10.64 NOTE
r-devel-linux-x86_64-debian-gcc 4.2 0.71 9.92 10.63 NOTE
r-devel-linux-x86_64-fedora-clang 4.2 20.32 NOTE
r-devel-linux-x86_64-fedora-gcc 4.2 18.84 NOTE
r-devel-osx-x86_64-clang 4.2 24.10 NOTE
r-devel-windows-ix86+x86_64 4.2 6.00 26.00 32.00 NOTE
r-patched-linux-x86_64 4.2 0.83 10.66 11.48 NOTE
r-patched-solaris-sparc 4.2 136.90 NOTE
r-patched-solaris-x86 4.2 30.80 NOTE
r-release-linux-x86_64 4.2 0.71 10.53 11.24 NOTE
r-release-osx-x86_64-mavericks 4.2 NOTE
r-release-windows-ix86+x86_64 4.2 6.00 20.00 26.00 NOTE
r-oldrel-windows-ix86+x86_64 4.2 4.00 20.00 24.00 OK

Check Details

Version: 4.2
Check: DESCRIPTION meta-information
Result: NOTE
    Malformed Title field: should not end in a period.
    License components which are templates and need '+ file LICENSE':
     MIT License
Flavors: r-devel-linux-x86_64-debian-clang, r-devel-linux-x86_64-debian-gcc, r-devel-linux-x86_64-fedora-clang, r-devel-linux-x86_64-fedora-gcc, r-devel-osx-x86_64-clang, r-patched-linux-x86_64, r-patched-solaris-sparc, r-patched-solaris-x86, r-release-linux-x86_64, r-release-osx-x86_64-mavericks

Version: 4.2
Check: R code for possible problems
Result: NOTE
    visualize.continuous: no visible global function definition for ‘plot’
    visualize.continuous: no visible global function definition for
     ‘polygon’
    visualize.continuous: no visible global function definition for ‘axis’
    visualize.continuous: no visible global function definition for ‘mtext’
    visualize.continuous: no visible global function definition for ‘title’
    visualize.discrete: no visible global function definition for ‘barplot’
    visualize.discrete: no visible global function definition for ‘axis’
    visualize.discrete: no visible global function definition for ‘mtext’
    visualize.discrete: no visible global function definition for ‘title’
    Undefined global functions or variables:
     axis barplot mtext plot polygon title
    Consider adding
     importFrom("graphics", "axis", "barplot", "mtext", "plot", "polygon",
     "title")
    to your NAMESPACE.
Flavors: r-devel-linux-x86_64-debian-clang, r-devel-linux-x86_64-debian-gcc, r-devel-linux-x86_64-fedora-clang, r-devel-linux-x86_64-fedora-gcc, r-devel-windows-ix86+x86_64

Version: 4.2
Check: DESCRIPTION meta-information
Result: NOTE
    Malformed Title field: should not end in a period.
Flavors: r-devel-windows-ix86+x86_64, r-release-windows-ix86+x86_64