CRAN Package Check Results for Package visualize

Last updated on 2014-04-24 15:50:50.

Flavor Version Tinstall Tcheck Ttotal Status Flags
r-devel-linux-x86_64-debian-clang 4.2 0.83 11.01 11.84 NOTE
r-devel-linux-x86_64-debian-gcc 4.2 0.82 10.92 11.75 NOTE
r-devel-linux-x86_64-fedora-clang 4.2 22.48 NOTE
r-devel-linux-x86_64-fedora-gcc 4.2 21.55 NOTE
r-devel-osx-x86_64-clang 4.2 24.53 NOTE
r-devel-osx-x86_64-gcc 4.2 NOTE
r-devel-windows-ix86+x86_64 4.2 2.00 16.00 18.00 OK
r-patched-linux-x86_64 4.2 0.79 10.82 11.61 NOTE
r-patched-solaris-sparc 4.2 129.80 NOTE
r-patched-solaris-x86 4.2 31.80 NOTE
r-release-linux-ix86 4.2 1.00 23.00 24.00 NOTE
r-release-linux-x86_64 4.2 0.80 10.82 11.61 NOTE
r-release-osx-x86_64-mavericks 4.2 WARN
r-release-windows-ix86+x86_64 4.2 5.00 17.00 22.00 OK
r-oldrel-windows-ix86+x86_64 4.2 2.00 19.00 21.00 OK

Check Details

Version: 4.2
Check: DESCRIPTION meta-information
Result: NOTE
    License components which are templates and need '+ file LICENSE':
     MIT License
Flavors: r-devel-linux-x86_64-debian-clang, r-devel-linux-x86_64-debian-gcc, r-devel-linux-x86_64-fedora-clang, r-devel-linux-x86_64-fedora-gcc, r-devel-osx-x86_64-clang, r-devel-osx-x86_64-gcc, r-patched-linux-x86_64, r-patched-solaris-sparc, r-patched-solaris-x86, r-release-linux-ix86, r-release-linux-x86_64, r-release-osx-x86_64-mavericks

Version: 4.2
Check: PDF version of manual
Result: WARNING
    LaTeX errors when creating PDF version.
    This typically indicates Rd problems.
    LaTeX errors found:
    ! LaTeX Error: File `upquote.sty' not found.
    
    Type X to quit or <RETURN> to proceed,
    or enter new name. (Default extension: sty)
    
    24ad3f/Rd2.tex:8: ==> Fatal error occurred, no output PDF file produced!
Flavor: r-release-osx-x86_64-mavericks