CRAN Package Check Results for Package visualize

Last updated on 2016-12-08 06:48:45.

Flavor Version Tinstall Tcheck Ttotal Status Flags
r-devel-linux-x86_64-debian-clang 4.2 0.80 15.76 16.57 NOTE
r-devel-linux-x86_64-debian-gcc 4.2 0.71 12.89 13.59 NOTE
r-devel-linux-x86_64-fedora-clang 4.2 23.98 NOTE --no-stop-on-test-error
r-devel-linux-x86_64-fedora-gcc 4.2 21.74 NOTE --no-stop-on-test-error
r-devel-macos-x86_64-clang 4.2 20.76 NOTE
r-devel-windows-ix86+x86_64 4.2 5.00 30.00 35.00 NOTE
r-patched-linux-x86_64 4.2 0.74 10.99 11.73 NOTE
r-patched-solaris-sparc 4.2 124.90 NOTE
r-patched-solaris-x86 4.2 27.20 NOTE
r-release-linux-x86_64 4.2 0.76 10.96 11.72 NOTE
r-release-osx-x86_64-mavericks 4.2 NOTE
r-release-windows-ix86+x86_64 4.2 3.00 28.00 31.00 NOTE
r-oldrel-windows-ix86+x86_64 4.2 3.00 37.00 40.00 NOTE

Check Details

Version: 4.2
Check: DESCRIPTION meta-information
Result: NOTE
    Malformed Title field: should not end in a period.
    License components which are templates and need '+ file LICENSE':
     MIT License
Flavors: r-devel-linux-x86_64-debian-clang, r-devel-linux-x86_64-debian-gcc, r-devel-macos-x86_64-clang, r-patched-linux-x86_64, r-patched-solaris-sparc, r-patched-solaris-x86, r-release-linux-x86_64, r-release-osx-x86_64-mavericks

Version: 4.2
Check: R code for possible problems
Result: NOTE
    visualize.continuous: no visible global function definition for ‘plot’
    visualize.continuous: no visible global function definition for
     ‘polygon’
    visualize.continuous: no visible global function definition for ‘axis’
    visualize.continuous: no visible global function definition for ‘mtext’
    visualize.continuous: no visible global function definition for ‘title’
    visualize.discrete: no visible global function definition for ‘barplot’
    visualize.discrete: no visible global function definition for ‘axis’
    visualize.discrete: no visible global function definition for ‘mtext’
    visualize.discrete: no visible global function definition for ‘title’
    Undefined global functions or variables:
     axis barplot mtext plot polygon title
    Consider adding
     importFrom("graphics", "axis", "barplot", "mtext", "plot", "polygon",
     "title")
    to your NAMESPACE file.
Flavors: r-devel-linux-x86_64-debian-clang, r-devel-linux-x86_64-debian-gcc, r-devel-macos-x86_64-clang, r-devel-windows-ix86+x86_64, r-patched-linux-x86_64, r-patched-solaris-sparc, r-patched-solaris-x86, r-release-linux-x86_64, r-release-osx-x86_64-mavericks, r-release-windows-ix86+x86_64

Version: 4.2
Flags: --no-stop-on-test-error
Check: DESCRIPTION meta-information
Result: NOTE
    Malformed Title field: should not end in a period.
    License components which are templates and need '+ file LICENSE':
     MIT License
Flavors: r-devel-linux-x86_64-fedora-clang, r-devel-linux-x86_64-fedora-gcc

Version: 4.2
Flags: --no-stop-on-test-error
Check: R code for possible problems
Result: NOTE
    visualize.continuous: no visible global function definition for ‘plot’
    visualize.continuous: no visible global function definition for
     ‘polygon’
    visualize.continuous: no visible global function definition for ‘axis’
    visualize.continuous: no visible global function definition for ‘mtext’
    visualize.continuous: no visible global function definition for ‘title’
    visualize.discrete: no visible global function definition for ‘barplot’
    visualize.discrete: no visible global function definition for ‘axis’
    visualize.discrete: no visible global function definition for ‘mtext’
    visualize.discrete: no visible global function definition for ‘title’
    Undefined global functions or variables:
     axis barplot mtext plot polygon title
    Consider adding
     importFrom("graphics", "axis", "barplot", "mtext", "plot", "polygon",
     "title")
    to your NAMESPACE file.
Flavors: r-devel-linux-x86_64-fedora-clang, r-devel-linux-x86_64-fedora-gcc

Version: 4.2
Check: DESCRIPTION meta-information
Result: NOTE
    Malformed Title field: should not end in a period.
Flavors: r-devel-windows-ix86+x86_64, r-release-windows-ix86+x86_64, r-oldrel-windows-ix86+x86_64