CRAN Package Check Results for Package visualize

Last updated on 2015-05-25 18:47:15.

Flavor Version Tinstall Tcheck Ttotal Status Flags
r-devel-linux-x86_64-debian-clang 4.2 0.68 10.57 11.25 NOTE
r-devel-linux-x86_64-debian-gcc 4.2 0.66 10.29 10.95 NOTE
r-devel-linux-x86_64-fedora-clang 4.2 21.37 NOTE
r-devel-linux-x86_64-fedora-gcc 4.2 20.01 NOTE
r-devel-osx-x86_64-clang 4.2 25.04 NOTE
r-devel-windows-ix86+x86_64 4.2 3.00 19.00 22.00 NOTE
r-patched-linux-x86_64 4.2 0.68 10.22 10.90 NOTE
r-patched-solaris-sparc 4.2 127.60 NOTE
r-patched-solaris-x86 4.2 29.70 NOTE
r-release-linux-x86_64 4.2 0.69 10.23 10.92 NOTE
r-release-osx-x86_64-mavericks 4.2 NOTE
r-release-osx-x86_64-snowleopard 4.2 NOTE
r-release-windows-ix86+x86_64 4.2 2.00 19.00 21.00 NOTE
r-oldrel-windows-ix86+x86_64 4.2 4.00 20.00 24.00 OK

Check Details

Version: 4.2
Check: DESCRIPTION meta-information
Result: NOTE
    Malformed Title field: should not end in a period.
    License components which are templates and need '+ file LICENSE':
     MIT License
Flavors: r-devel-linux-x86_64-debian-clang, r-devel-linux-x86_64-debian-gcc, r-devel-linux-x86_64-fedora-clang, r-devel-linux-x86_64-fedora-gcc, r-devel-osx-x86_64-clang, r-patched-linux-x86_64, r-patched-solaris-sparc, r-patched-solaris-x86, r-release-linux-x86_64, r-release-osx-x86_64-mavericks, r-release-osx-x86_64-snowleopard

Version: 4.2
Check: DESCRIPTION meta-information
Result: NOTE
    Malformed Title field: should not end in a period.
Flavors: r-devel-windows-ix86+x86_64, r-release-windows-ix86+x86_64