CRAN Package Check Results for Package visualize

Last updated on 2014-11-28 19:51:33.

Flavor Version Tinstall Tcheck Ttotal Status Flags
r-devel-linux-x86_64-debian-clang 4.2 0.74 11.34 12.09 NOTE
r-devel-linux-x86_64-debian-gcc 4.2 0.73 10.78 11.51 NOTE
r-devel-linux-x86_64-fedora-clang 4.2 24.14 NOTE
r-devel-linux-x86_64-fedora-gcc 4.2 22.64 NOTE
r-devel-osx-x86_64-clang 4.2 26.28 NOTE
r-devel-windows-ix86+x86_64 4.2 2.00 18.00 20.00 OK
r-patched-linux-x86_64 4.2 0.95 11.00 11.95 NOTE
r-patched-solaris-sparc 4.2 135.70 NOTE
r-patched-solaris-x86 4.2 34.20 NOTE
r-release-linux-ix86 4.2 1.08 15.94 17.02 NOTE
r-release-linux-x86_64 4.2 0.81 11.29 12.10 NOTE
r-release-osx-x86_64-mavericks 4.2 NOTE
r-release-windows-ix86+x86_64 4.2 3.00 23.00 26.00 OK
r-oldrel-windows-ix86+x86_64 4.2 2.00 19.00 21.00 OK

Check Details

Version: 4.2
Check: DESCRIPTION meta-information
Result: NOTE
    License components which are templates and need '+ file LICENSE':
     MIT License
Flavors: r-devel-linux-x86_64-debian-clang, r-devel-linux-x86_64-debian-gcc, r-devel-linux-x86_64-fedora-clang, r-devel-linux-x86_64-fedora-gcc, r-devel-osx-x86_64-clang, r-patched-linux-x86_64, r-patched-solaris-sparc, r-patched-solaris-x86, r-release-linux-ix86, r-release-linux-x86_64, r-release-osx-x86_64-mavericks