CRAN Package Check Results for Package visualize

Last updated on 2015-07-30 21:47:31.

Flavor Version Tinstall Tcheck Ttotal Status Flags
r-devel-linux-x86_64-debian-clang 4.2 0.65 10.30 10.96 NOTE
r-devel-linux-x86_64-debian-gcc 4.2 0.65 10.45 11.10 NOTE
r-devel-linux-x86_64-fedora-clang 4.2 20.81 NOTE
r-devel-linux-x86_64-fedora-gcc 4.2 18.88 NOTE
r-devel-osx-x86_64-clang 4.2 19.14 NOTE
r-devel-windows-ix86+x86_64 4.2 3.00 20.00 23.00 NOTE
r-patched-linux-x86_64 4.2 0.68 10.15 10.82 NOTE
r-patched-solaris-sparc 4.2 136.90 NOTE
r-patched-solaris-x86 4.2 29.30 NOTE
r-release-linux-x86_64 4.2 0.68 10.40 11.08 NOTE
r-release-osx-x86_64-mavericks 4.2 NOTE
r-release-windows-ix86+x86_64 4.2 3.00 18.00 21.00 NOTE
r-oldrel-windows-ix86+x86_64 4.2 4.00 20.00 24.00 OK

Check Details

Version: 4.2
Check: DESCRIPTION meta-information
Result: NOTE
    Malformed Title field: should not end in a period.
    License components which are templates and need '+ file LICENSE':
     MIT License
Flavors: r-devel-linux-x86_64-debian-clang, r-devel-linux-x86_64-debian-gcc, r-devel-linux-x86_64-fedora-clang, r-devel-linux-x86_64-fedora-gcc, r-devel-osx-x86_64-clang, r-patched-linux-x86_64, r-patched-solaris-sparc, r-patched-solaris-x86, r-release-linux-x86_64, r-release-osx-x86_64-mavericks

Version: 4.2
Check: R code for possible problems
Result: NOTE
    visualize.continuous: no visible global function definition for ‘plot’
    visualize.continuous: no visible global function definition for
     ‘polygon’
    visualize.continuous: no visible global function definition for ‘axis’
    visualize.continuous: no visible global function definition for ‘mtext’
    visualize.continuous: no visible global function definition for ‘title’
    visualize.discrete: no visible global function definition for ‘barplot’
    visualize.discrete: no visible global function definition for ‘axis’
    visualize.discrete: no visible global function definition for ‘mtext’
    visualize.discrete: no visible global function definition for ‘title’
    Undefined global functions or variables:
     axis barplot mtext plot polygon title
    Consider adding
     importFrom("graphics", "axis", "barplot", "mtext", "plot", "polygon",
     "title")
    to your NAMESPACE.
Flavors: r-devel-linux-x86_64-debian-clang, r-devel-linux-x86_64-debian-gcc, r-devel-linux-x86_64-fedora-clang, r-devel-linux-x86_64-fedora-gcc, r-devel-windows-ix86+x86_64

Version: 4.2
Check: DESCRIPTION meta-information
Result: NOTE
    Malformed Title field: should not end in a period.
Flavors: r-devel-windows-ix86+x86_64, r-release-windows-ix86+x86_64