CRAN Package Check Results for Package visualize

Last updated on 2015-01-25 21:48:34.

Flavor Version Tinstall Tcheck Ttotal Status Flags
r-devel-linux-x86_64-debian-clang 4.2 0.71 10.99 11.70 NOTE
r-devel-linux-x86_64-debian-gcc 4.2 0.70 10.88 11.58 NOTE
r-devel-linux-x86_64-fedora-clang 4.2 27.97 NOTE
r-devel-linux-x86_64-fedora-gcc 4.2 22.91 NOTE
r-devel-osx-x86_64-clang 4.2 26.43 NOTE
r-devel-windows-ix86+x86_64 4.2 3.00 19.00 22.00 OK
r-patched-linux-x86_64 4.2 0.80 11.10 11.90 NOTE
r-patched-solaris-sparc 4.2 136.90 NOTE
r-patched-solaris-x86 4.2 33.30 NOTE
r-release-linux-ix86 4.2 1.04 17.72 18.77 NOTE
r-release-linux-x86_64 4.2 0.76 10.86 11.62 NOTE
r-release-osx-x86_64-mavericks 4.2 NOTE
r-release-windows-ix86+x86_64 4.2 3.00 23.00 26.00 OK
r-oldrel-windows-ix86+x86_64 4.2 2.00 19.00 21.00 OK

Check Details

Version: 4.2
Check: DESCRIPTION meta-information
Result: NOTE
    License components which are templates and need '+ file LICENSE':
     MIT License
Flavors: r-devel-linux-x86_64-debian-clang, r-devel-linux-x86_64-debian-gcc, r-devel-linux-x86_64-fedora-clang, r-devel-linux-x86_64-fedora-gcc, r-devel-osx-x86_64-clang, r-patched-linux-x86_64, r-patched-solaris-sparc, r-patched-solaris-x86, r-release-linux-ix86, r-release-linux-x86_64, r-release-osx-x86_64-mavericks