CRAN Package Check Results for Package visualize

Last updated on 2016-07-29 20:49:50.

Flavor Version Tinstall Tcheck Ttotal Status Flags
r-devel-linux-x86_64-debian-clang 4.2 0.68 10.77 11.45 NOTE
r-devel-linux-x86_64-debian-gcc 4.2 0.75 10.78 11.53 NOTE
r-devel-linux-x86_64-fedora-clang 4.2 18.69 NOTE
r-devel-linux-x86_64-fedora-gcc 4.2 16.98 NOTE
r-devel-osx-x86_64-clang 4.2 17.57 NOTE
r-devel-windows-ix86+x86_64 4.2 3.00 26.00 29.00 NOTE
r-patched-linux-x86_64 4.2 0.94 12.18 13.13 NOTE
r-patched-solaris-sparc 4.2 124.90 NOTE
r-patched-solaris-x86 4.2 26.70 NOTE
r-release-linux-x86_64 4.2 0.98 13.21 14.19 NOTE
r-release-osx-x86_64-mavericks 4.2 NOTE
r-release-windows-ix86+x86_64 4.2 3.00 32.00 35.00 NOTE
r-oldrel-windows-ix86+x86_64 4.2 3.00 25.00 28.00 NOTE

Check Details

Version: 4.2
Check: DESCRIPTION meta-information
Result: NOTE
    Malformed Title field: should not end in a period.
    License components which are templates and need '+ file LICENSE':
     MIT License
Flavors: r-devel-linux-x86_64-debian-clang, r-devel-linux-x86_64-debian-gcc, r-devel-linux-x86_64-fedora-clang, r-devel-linux-x86_64-fedora-gcc, r-devel-osx-x86_64-clang, r-patched-linux-x86_64, r-patched-solaris-sparc, r-patched-solaris-x86, r-release-linux-x86_64, r-release-osx-x86_64-mavericks

Version: 4.2
Check: R code for possible problems
Result: NOTE
    visualize.continuous: no visible global function definition for ‘plot’
    visualize.continuous: no visible global function definition for
     ‘polygon’
    visualize.continuous: no visible global function definition for ‘axis’
    visualize.continuous: no visible global function definition for ‘mtext’
    visualize.continuous: no visible global function definition for ‘title’
    visualize.discrete: no visible global function definition for ‘barplot’
    visualize.discrete: no visible global function definition for ‘axis’
    visualize.discrete: no visible global function definition for ‘mtext’
    visualize.discrete: no visible global function definition for ‘title’
    Undefined global functions or variables:
     axis barplot mtext plot polygon title
    Consider adding
     importFrom("graphics", "axis", "barplot", "mtext", "plot", "polygon",
     "title")
    to your NAMESPACE file.
Flavors: r-devel-linux-x86_64-debian-clang, r-devel-linux-x86_64-debian-gcc, r-devel-linux-x86_64-fedora-clang, r-devel-linux-x86_64-fedora-gcc, r-devel-osx-x86_64-clang, r-devel-windows-ix86+x86_64, r-patched-linux-x86_64, r-patched-solaris-sparc, r-patched-solaris-x86, r-release-linux-x86_64, r-release-osx-x86_64-mavericks, r-release-windows-ix86+x86_64

Version: 4.2
Check: DESCRIPTION meta-information
Result: NOTE
    Malformed Title field: should not end in a period.
Flavors: r-devel-windows-ix86+x86_64, r-release-windows-ix86+x86_64, r-oldrel-windows-ix86+x86_64