CRAN Package Check Results for Package visualize

Last updated on 2014-10-23 19:47:51.

Flavor Version Tinstall Tcheck Ttotal Status Flags
r-devel-linux-x86_64-debian-clang 4.2 0.83 11.05 11.88 NOTE
r-devel-linux-x86_64-debian-gcc 4.2 0.98 10.94 11.92 NOTE
r-devel-linux-x86_64-fedora-clang 4.2 23.30 NOTE
r-devel-linux-x86_64-fedora-gcc 4.2 21.88 NOTE
r-devel-osx-x86_64-clang 4.2 25.08 NOTE
r-devel-windows-ix86+x86_64 4.2 3.00 18.00 21.00 OK
r-patched-linux-x86_64 4.2 0.78 10.89 11.67 NOTE
r-patched-solaris-sparc 4.2 135.70 NOTE
r-patched-solaris-x86 4.2 32.40 NOTE
r-release-linux-ix86 4.2 1.06 16.42 17.48 NOTE
r-release-linux-x86_64 4.2 0.79 10.76 11.55 NOTE
r-release-osx-x86_64-mavericks 4.2 NOTE
r-release-windows-ix86+x86_64 4.2 4.00 24.00 28.00 OK
r-oldrel-windows-ix86+x86_64 4.2 2.00 19.00 21.00 OK

Check Details

Version: 4.2
Check: DESCRIPTION meta-information
Result: NOTE
    License components which are templates and need '+ file LICENSE':
     MIT License
Flavors: r-devel-linux-x86_64-debian-clang, r-devel-linux-x86_64-debian-gcc, r-devel-linux-x86_64-fedora-clang, r-devel-linux-x86_64-fedora-gcc, r-devel-osx-x86_64-clang, r-patched-linux-x86_64, r-patched-solaris-sparc, r-patched-solaris-x86, r-release-linux-ix86, r-release-linux-x86_64, r-release-osx-x86_64-mavericks