CRAN Package Check Results for Package visualize

Last updated on 2014-12-20 01:49:31.

Flavor Version Tinstall Tcheck Ttotal Status Flags
r-devel-linux-x86_64-debian-clang 4.2 0.74 10.94 11.68 NOTE
r-devel-linux-x86_64-debian-gcc 4.2 0.73 10.67 11.40 NOTE
r-devel-linux-x86_64-fedora-clang 4.2 25.46 NOTE
r-devel-linux-x86_64-fedora-gcc 4.2 22.86 NOTE
r-devel-osx-x86_64-clang 4.2 25.92 NOTE
r-devel-windows-ix86+x86_64 4.2 3.00 23.00 26.00 OK
r-patched-linux-x86_64 4.2 0.74 11.17 11.90 NOTE
r-patched-solaris-sparc 4.2 135.70 NOTE
r-patched-solaris-x86 4.2 34.20 NOTE
r-release-linux-ix86 4.2 1.04 16.13 17.16 NOTE
r-release-linux-x86_64 4.2 0.82 11.20 12.02 NOTE
r-release-osx-x86_64-mavericks 4.2 NOTE
r-release-windows-ix86+x86_64 4.2 3.00 23.00 26.00 OK
r-oldrel-windows-ix86+x86_64 4.2 2.00 19.00 21.00 OK

Check Details

Version: 4.2
Check: DESCRIPTION meta-information
Result: NOTE
    License components which are templates and need '+ file LICENSE':
     MIT License
Flavors: r-devel-linux-x86_64-debian-clang, r-devel-linux-x86_64-debian-gcc, r-devel-linux-x86_64-fedora-clang, r-devel-linux-x86_64-fedora-gcc, r-devel-osx-x86_64-clang, r-patched-linux-x86_64, r-patched-solaris-sparc, r-patched-solaris-x86, r-release-linux-ix86, r-release-linux-x86_64, r-release-osx-x86_64-mavericks