CRAN Package Check Results for Package visualize

Last updated on 2015-03-03 11:49:36.

Flavor Version Tinstall Tcheck Ttotal Status Flags
r-devel-linux-x86_64-debian-clang 4.2 0.68 10.36 11.04 NOTE
r-devel-linux-x86_64-debian-gcc 4.2 0.67 10.31 10.98 NOTE
r-devel-linux-x86_64-fedora-clang 4.2 21.77 NOTE
r-devel-linux-x86_64-fedora-gcc 4.2 20.53 NOTE
r-devel-osx-x86_64-clang 4.2 27.35 NOTE
r-devel-windows-ix86+x86_64 4.2 3.00 19.00 22.00 NOTE
r-patched-linux-x86_64 4.2 0.73 11.19 11.92 NOTE
r-patched-solaris-sparc 4.2 162.50 NOTE
r-patched-solaris-x86 4.2 33.90 NOTE
r-release-linux-ix86 4.2 1.04 16.78 17.83 NOTE
r-release-linux-x86_64 4.2 0.72 11.28 12.00 NOTE
r-release-osx-x86_64-mavericks 4.2 NOTE
r-release-windows-ix86+x86_64 4.2 3.00 23.00 26.00 OK
r-oldrel-windows-ix86+x86_64 4.2 2.00 19.00 21.00 OK

Check Details

Version: 4.2
Check: DESCRIPTION meta-information
Result: NOTE
    Malformed Title field: should not end in a period.
    License components which are templates and need '+ file LICENSE':
     MIT License
Flavors: r-devel-linux-x86_64-debian-clang, r-devel-linux-x86_64-debian-gcc, r-devel-linux-x86_64-fedora-clang, r-devel-linux-x86_64-fedora-gcc, r-devel-osx-x86_64-clang

Version: 4.2
Check: DESCRIPTION meta-information
Result: NOTE
    Malformed Title field: should not end in a period.
Flavor: r-devel-windows-ix86+x86_64

Version: 4.2
Check: DESCRIPTION meta-information
Result: NOTE
    License components which are templates and need '+ file LICENSE':
     MIT License
Flavors: r-patched-linux-x86_64, r-patched-solaris-sparc, r-patched-solaris-x86, r-release-linux-ix86, r-release-linux-x86_64, r-release-osx-x86_64-mavericks