CRAN Package Check Results for Package vitality

Last updated on 2014-10-24 16:46:59.

Flavor Version Tinstall Tcheck Ttotal Status Flags
r-devel-linux-x86_64-debian-clang 1.0 0.71 12.37 13.08 NOTE
r-devel-linux-x86_64-debian-gcc 1.0 0.70 12.34 13.04 NOTE
r-devel-linux-x86_64-fedora-clang 1.0 25.62 NOTE
r-devel-linux-x86_64-fedora-gcc 1.0 24.21 NOTE
r-devel-osx-x86_64-clang 1.0 26.39 NOTE
r-devel-windows-ix86+x86_64 1.0 3.00 21.00 24.00 OK
r-patched-linux-x86_64 1.0 0.72 12.50 13.22 NOTE
r-patched-solaris-sparc 1.0 152.10 NOTE
r-patched-solaris-x86 1.0 36.90 NOTE
r-release-linux-ix86 1.0 1.07 17.73 18.80 NOTE
r-release-linux-x86_64 1.0 0.87 12.20 13.06 NOTE
r-release-osx-x86_64-mavericks 1.0 OK
r-release-osx-x86_64-snowleopard 1.0 OK
r-release-windows-ix86+x86_64 1.0 4.00 28.00 32.00 OK
r-oldrel-windows-ix86+x86_64 1.0 3.00 22.00 25.00 OK

Check Details

Version: 1.0
Check: R code for possible problems
Result: NOTE
    Found an obsolete/platform-specific call in the following function:
     ‘plotting.2ps’
    Found the platform-specific device:
     ‘win.graph’
    dev.new() is the preferred way to open a new device, in the unlikely
    event one is needed.
Flavors: r-devel-linux-x86_64-debian-clang, r-devel-linux-x86_64-debian-gcc, r-devel-linux-x86_64-fedora-clang, r-devel-linux-x86_64-fedora-gcc, r-devel-osx-x86_64-clang, r-patched-linux-x86_64, r-patched-solaris-sparc, r-patched-solaris-x86, r-release-linux-ix86, r-release-linux-x86_64