CRAN Package Check Results for Package vitality

Last updated on 2014-04-23 17:47:57.

Flavor Version Tinstall Tcheck Ttotal Status Flags
r-devel-linux-x86_64-debian-clang 1.0 0.72 12.38 13.10 NOTE
r-devel-linux-x86_64-debian-gcc 1.0 0.73 12.28 13.02 NOTE
r-devel-linux-x86_64-fedora-clang 1.0 24.91 NOTE
r-devel-linux-x86_64-fedora-gcc 1.0 24.77 NOTE
r-devel-osx-x86_64-clang 1.0 25.93 NOTE
r-devel-osx-x86_64-gcc 1.0 OK
r-devel-windows-ix86+x86_64 1.0 3.00 20.00 23.00 OK
r-patched-linux-x86_64 1.0 0.75 12.34 13.09 NOTE
r-patched-solaris-sparc 1.0 145.10 NOTE
r-patched-solaris-x86 1.0 35.50 NOTE
r-release-linux-ix86 1.0 2.00 25.00 27.00 NOTE
r-release-linux-x86_64 1.0 0.83 12.18 13.01 NOTE
r-release-osx-x86_64-mavericks 1.0 WARN
r-release-osx-x86_64-snowleopard 1.0 OK
r-release-windows-ix86+x86_64 1.0 4.00 21.00 25.00 OK
r-oldrel-windows-ix86+x86_64 1.0 3.00 20.00 23.00 OK

Check Details

Version: 1.0
Check: R code for possible problems
Result: NOTE
    Found an obsolete/platform-specific call in the following function:
     ‘plotting.2ps’
    Found the platform-specific device:
     ‘win.graph’
    dev.new() is the preferred way to open a new device, in the unlikely
    event one is needed.
Flavors: r-devel-linux-x86_64-debian-clang, r-devel-linux-x86_64-debian-gcc, r-devel-linux-x86_64-fedora-clang, r-devel-linux-x86_64-fedora-gcc, r-devel-osx-x86_64-clang, r-patched-linux-x86_64, r-patched-solaris-sparc, r-patched-solaris-x86, r-release-linux-ix86, r-release-linux-x86_64

Version: 1.0
Check: PDF version of manual
Result: WARNING
    LaTeX errors when creating PDF version.
    This typically indicates Rd problems.
    LaTeX errors found:
    ! LaTeX Error: File `upquote.sty' not found.
    
    Type X to quit or <RETURN> to proceed,
    or enter new name. (Default extension: sty)
    
    b79926/Rd2.tex:8: ==> Fatal error occurred, no output PDF file produced!
Flavor: r-release-osx-x86_64-mavericks