CRAN Package Check Results for Package vitality

Last updated on 2014-07-26 19:50:31.

Flavor Version Tinstall Tcheck Ttotal Status Flags
r-devel-linux-x86_64-debian-clang 1.0 0.67 12.00 12.66 NOTE
r-devel-linux-x86_64-debian-gcc 1.0 0.84 11.65 12.49 NOTE
r-devel-linux-x86_64-fedora-clang 1.0 25.86 NOTE
r-devel-linux-x86_64-fedora-gcc 1.0 23.63 NOTE
r-devel-osx-x86_64-clang 1.0 25.71 NOTE
r-devel-windows-ix86+x86_64 1.0 3.00 21.00 24.00 OK
r-patched-linux-x86_64 1.0 0.68 11.58 12.26 NOTE
r-patched-solaris-sparc 1.0 145.10 NOTE
r-patched-solaris-x86 1.0 34.90 NOTE
r-release-linux-ix86 1.0 1.02 17.85 18.87 NOTE
r-release-linux-x86_64 1.0 0.69 12.62 13.31 NOTE
r-release-osx-x86_64-mavericks 1.0 OK
r-release-osx-x86_64-snowleopard 1.0 OK
r-release-windows-ix86+x86_64 1.0 4.00 28.00 32.00 OK
r-oldrel-windows-ix86+x86_64 1.0 3.00 22.00 25.00 OK

Check Details

Version: 1.0
Check: R code for possible problems
Result: NOTE
    Found an obsolete/platform-specific call in the following function:
     ‘plotting.2ps’
    Found the platform-specific device:
     ‘win.graph’
    dev.new() is the preferred way to open a new device, in the unlikely
    event one is needed.
Flavors: r-devel-linux-x86_64-debian-clang, r-devel-linux-x86_64-debian-gcc, r-devel-linux-x86_64-fedora-clang, r-devel-linux-x86_64-fedora-gcc, r-devel-osx-x86_64-clang, r-patched-linux-x86_64, r-patched-solaris-sparc, r-patched-solaris-x86, r-release-linux-ix86, r-release-linux-x86_64