CRAN Package Check Results for Package vitality

Last updated on 2015-07-07 23:48:11.

Flavor Version Tinstall Tcheck Ttotal Status Flags
r-devel-linux-x86_64-debian-clang 1.1 0.88 19.52 20.39 NOTE
r-devel-linux-x86_64-debian-gcc 1.1 1.11 19.12 20.23 NOTE
r-devel-linux-x86_64-fedora-clang 1.1 37.26 NOTE
r-devel-linux-x86_64-fedora-gcc 1.1 34.66 NOTE
r-devel-osx-x86_64-clang 1.1 33.02 OK
r-devel-windows-ix86+x86_64 1.1 4.00 32.00 36.00 NOTE
r-patched-linux-x86_64 1.1 0.90 20.28 21.17 OK
r-patched-solaris-sparc 1.1 237.50 OK
r-patched-solaris-x86 1.1 49.60 OK
r-release-linux-x86_64 1.1 0.88 20.05 20.93 OK
r-release-osx-x86_64-mavericks 1.1 OK
r-release-windows-ix86+x86_64 1.1 4.00 33.00 37.00 OK
r-oldrel-windows-ix86+x86_64 1.1 6.00 40.00 46.00 OK

Check Details

Version: 1.1
Check: R code for possible problems
Result: NOTE
    SurvFn.4p: no visible global function definition for ‘pnorm’
    SurvFn.6p: no visible global function definition for ‘pnorm’
    SurvFn.h.4p: no visible global function definition for ‘pnorm’
    SurvFn.h.6p: no visible global function definition for ‘pnorm’
    SurvFn.k: no visible global function definition for ‘pnorm’
    SurvFn.ku: no visible global function definition for ‘pnorm’
    plotting.4p: no visible global function definition for ‘par’
    plotting.4p: no visible global function definition for ‘plot’
    plotting.4p: no visible global function definition for ‘lines’
    plotting.4p: no visible global function definition for ‘title’
    plotting.4p: no visible global function definition for ‘legend’
    plotting.6p : SurvFn.in.6p: no visible global function definition for
     ‘pnorm’
    plotting.6p: no visible global function definition for ‘par’
    plotting.6p: no visible global function definition for ‘plot’
    plotting.6p: no visible global function definition for ‘lines’
    plotting.6p: no visible global function definition for ‘title’
    plotting.6p: no visible global function definition for ‘legend’
    plotting.k: no visible global function definition for ‘par’
    plotting.k: no visible global function definition for ‘plot’
    plotting.k: no visible global function definition for ‘lines’
    plotting.k: no visible global function definition for ‘title’
    plotting.k : profilePlot: no visible global function definition for
     ‘par’
    plotting.k : profilePlot: no visible global function definition for
     ‘plot’
    plotting.k : profilePlot: no visible global function definition for
     ‘lines’
    plotting.k : profilePlot: no visible global function definition for
     ‘legend’
    plotting.k : profilePlot: no visible global function definition for
     ‘title’
    plotting.k : profilePlot: no visible global function definition for
     ‘contour’
    plotting.k : profilePlot: no visible global function definition for
     ‘points’
    plotting.k : C1.calc: no visible global function definition for
     ‘qchisq’
    plotting.ku: no visible global function definition for ‘par’
    plotting.ku: no visible global function definition for ‘plot’
    plotting.ku: no visible global function definition for ‘lines’
    plotting.ku: no visible global function definition for ‘title’
    plotting.ku : profilePlot.ku: no visible global function definition for
     ‘par’
    plotting.ku : profilePlot.ku: no visible global function definition for
     ‘plot’
    plotting.ku : profilePlot.ku: no visible global function definition for
     ‘title’
    plotting.ku : profilePlot.ku: no visible global function definition for
     ‘lines’
    plotting.ku : profilePlot.ku: no visible global function definition for
     ‘legend’
    plotting.ku : profilePlot.ku: no visible global function definition for
     ‘contour’
    plotting.ku : profilePlot.ku: no visible global function definition for
     ‘points’
    plotting.ku : C1.calc: no visible global function definition for
     ‘qchisq’
    sa.lt.ku: no visible global function definition for ‘runif’
    vitality.4p: no visible global function definition for ‘nlminb’
    vitality.4p: no visible global function definition for ‘pnorm’
    vitality.6p: no visible global function definition for ‘nlminb’
    vitality.6p: no visible global function definition for ‘pnorm’
    vitality.k: no visible global function definition for ‘nlminb’
    vitality.k: no visible global function definition for ‘pnorm’
    vitality.ku: no visible global function definition for ‘nlminb’
    vitality.ku: no visible global function definition for ‘pnorm’
    Undefined global functions or variables:
     contour legend lines nlminb par plot pnorm points qchisq runif title
Flavors: r-devel-linux-x86_64-debian-clang, r-devel-linux-x86_64-debian-gcc, r-devel-linux-x86_64-fedora-clang, r-devel-linux-x86_64-fedora-gcc, r-devel-windows-ix86+x86_64