CRAN Package Check Results for Package vitality

Last updated on 2014-08-23 13:48:10.

Flavor Version Tinstall Tcheck Ttotal Status Flags
r-devel-linux-x86_64-debian-clang 1.0 0.79 11.69 12.48 NOTE
r-devel-linux-x86_64-debian-gcc 1.0 0.93 11.36 12.28 NOTE
r-devel-linux-x86_64-fedora-clang 1.0 24.87 NOTE
r-devel-linux-x86_64-fedora-gcc 1.0 22.87 NOTE
r-devel-osx-x86_64-clang 1.0 23.54 NOTE
r-devel-windows-ix86+x86_64 1.0 3.00 19.00 22.00 OK
r-patched-linux-x86_64 1.0 0.82 11.12 11.94 NOTE
r-patched-solaris-sparc 1.0 150.60 NOTE
r-patched-solaris-x86 1.0 35.00 NOTE
r-release-linux-ix86 1.0 1.01 17.58 18.58 NOTE
r-release-linux-x86_64 1.0 0.70 11.90 12.60 NOTE
r-release-osx-x86_64-mavericks 1.0 OK
r-release-osx-x86_64-snowleopard 1.0 OK
r-release-windows-ix86+x86_64 1.0 4.00 28.00 32.00 OK
r-oldrel-windows-ix86+x86_64 1.0 3.00 22.00 25.00 OK

Check Details

Version: 1.0
Check: R code for possible problems
Result: NOTE
    Found an obsolete/platform-specific call in the following function:
     ‘plotting.2ps’
    Found the platform-specific device:
     ‘win.graph’
    dev.new() is the preferred way to open a new device, in the unlikely
    event one is needed.
Flavors: r-devel-linux-x86_64-debian-clang, r-devel-linux-x86_64-debian-gcc, r-devel-linux-x86_64-fedora-clang, r-devel-linux-x86_64-fedora-gcc, r-devel-osx-x86_64-clang, r-patched-linux-x86_64, r-patched-solaris-sparc, r-patched-solaris-x86, r-release-linux-ix86, r-release-linux-x86_64