CRAN Package Check Results for Package vitality

Last updated on 2015-08-01 23:47:40.

Flavor Version Tinstall Tcheck Ttotal Status Flags
r-devel-linux-x86_64-debian-clang 1.1 0.82 20.25 21.07 NOTE
r-devel-linux-x86_64-debian-gcc 1.1 0.88 19.92 20.80 NOTE
r-devel-linux-x86_64-fedora-clang 1.1 40.01 NOTE
r-devel-linux-x86_64-fedora-gcc 1.1 36.37 NOTE
r-devel-osx-x86_64-clang 1.1 37.04 OK
r-devel-windows-ix86+x86_64 1.1 4.00 34.00 38.00 NOTE
r-patched-linux-x86_64 1.1 0.84 20.37 21.21 OK
r-patched-solaris-sparc 1.1 249.20 OK
r-patched-solaris-x86 1.1 51.20 OK
r-release-linux-x86_64 1.1 0.84 20.34 21.18 OK
r-release-osx-x86_64-mavericks 1.1 OK
r-release-windows-ix86+x86_64 1.1 5.00 34.00 39.00 OK
r-oldrel-windows-ix86+x86_64 1.1 6.00 35.00 41.00 OK

Check Details

Version: 1.1
Check: R code for possible problems
Result: NOTE
    SurvFn.4p: no visible global function definition for ‘pnorm’
    SurvFn.6p: no visible global function definition for ‘pnorm’
    SurvFn.h.4p: no visible global function definition for ‘pnorm’
    SurvFn.h.6p: no visible global function definition for ‘pnorm’
    SurvFn.k: no visible global function definition for ‘pnorm’
    SurvFn.ku: no visible global function definition for ‘pnorm’
    plotting.4p: no visible global function definition for ‘par’
    plotting.4p: no visible global function definition for ‘plot’
    plotting.4p: no visible global function definition for ‘lines’
    plotting.4p: no visible global function definition for ‘title’
    plotting.4p: no visible global function definition for ‘legend’
    plotting.6p : SurvFn.in.6p: no visible global function definition for
     ‘pnorm’
    plotting.6p: no visible global function definition for ‘par’
    plotting.6p: no visible global function definition for ‘plot’
    plotting.6p: no visible global function definition for ‘lines’
    plotting.6p: no visible global function definition for ‘title’
    plotting.6p: no visible global function definition for ‘legend’
    plotting.k: no visible global function definition for ‘par’
    plotting.k: no visible global function definition for ‘plot’
    plotting.k: no visible global function definition for ‘lines’
    plotting.k: no visible global function definition for ‘title’
    plotting.k : profilePlot: no visible global function definition for
     ‘par’
    plotting.k : profilePlot: no visible global function definition for
     ‘plot’
    plotting.k : profilePlot: no visible global function definition for
     ‘lines’
    plotting.k : profilePlot: no visible global function definition for
     ‘legend’
    plotting.k : profilePlot: no visible global function definition for
     ‘title’
    plotting.k : profilePlot: no visible global function definition for
     ‘contour’
    plotting.k : profilePlot: no visible global function definition for
     ‘points’
    plotting.k : C1.calc: no visible global function definition for
     ‘qchisq’
    plotting.ku: no visible global function definition for ‘par’
    plotting.ku: no visible global function definition for ‘plot’
    plotting.ku: no visible global function definition for ‘lines’
    plotting.ku: no visible global function definition for ‘title’
    plotting.ku : profilePlot.ku: no visible global function definition for
     ‘par’
    plotting.ku : profilePlot.ku: no visible global function definition for
     ‘plot’
    plotting.ku : profilePlot.ku: no visible global function definition for
     ‘title’
    plotting.ku : profilePlot.ku: no visible global function definition for
     ‘lines’
    plotting.ku : profilePlot.ku: no visible global function definition for
     ‘legend’
    plotting.ku : profilePlot.ku: no visible global function definition for
     ‘contour’
    plotting.ku : profilePlot.ku: no visible global function definition for
     ‘points’
    plotting.ku : C1.calc: no visible global function definition for
     ‘qchisq’
    sa.lt.ku: no visible global function definition for ‘runif’
    vitality.4p: no visible global function definition for ‘nlminb’
    vitality.4p: no visible global function definition for ‘pnorm’
    vitality.6p: no visible global function definition for ‘nlminb’
    vitality.6p: no visible global function definition for ‘pnorm’
    vitality.k: no visible global function definition for ‘nlminb’
    vitality.k: no visible global function definition for ‘pnorm’
    vitality.ku: no visible global function definition for ‘nlminb’
    vitality.ku: no visible global function definition for ‘pnorm’
    Undefined global functions or variables:
     contour legend lines nlminb par plot pnorm points qchisq runif title
    Consider adding
     importFrom("graphics", "contour", "legend", "lines", "par", "plot",
     "points", "title")
     importFrom("stats", "nlminb", "pnorm", "qchisq", "runif")
    to your NAMESPACE.
Flavors: r-devel-linux-x86_64-debian-clang, r-devel-linux-x86_64-debian-gcc, r-devel-linux-x86_64-fedora-clang, r-devel-linux-x86_64-fedora-gcc, r-devel-windows-ix86+x86_64