CRAN Package Check Results for Package vitality

Last updated on 2016-02-08 19:48:45.

Flavor Version Tinstall Tcheck Ttotal Status Flags
r-devel-linux-x86_64-debian-gcc 1.1 0.93 20.33 21.25 NOTE
r-devel-linux-x86_64-fedora-clang 1.1 37.39 NOTE
r-devel-linux-x86_64-fedora-gcc 1.1 34.84 NOTE
r-devel-osx-x86_64-clang 1.1 44.37 NOTE
r-devel-windows-ix86+x86_64 1.1 7.00 46.00 53.00 NOTE
r-patched-linux-x86_64 1.1 0.89 20.94 21.83 OK
r-patched-solaris-sparc 1.1 236.20 OK
r-patched-solaris-x86 1.1 47.20 OK
r-release-linux-x86_64 1.1 1.00 20.56 21.56 OK
r-release-osx-x86_64-mavericks 1.1 OK
r-release-windows-ix86+x86_64 1.1 6.00 49.00 55.00 OK
r-oldrel-windows-ix86+x86_64 1.1 6.00 53.00 59.00 OK

Check Details

Version: 1.1
Check: R code for possible problems
Result: NOTE
    SurvFn.4p: no visible global function definition for ‘pnorm’
    SurvFn.6p: no visible global function definition for ‘pnorm’
    SurvFn.h.4p: no visible global function definition for ‘pnorm’
    SurvFn.h.6p: no visible global function definition for ‘pnorm’
    SurvFn.k: no visible global function definition for ‘pnorm’
    SurvFn.ku: no visible global function definition for ‘pnorm’
    plotting.4p: no visible global function definition for ‘par’
    plotting.4p: no visible global function definition for ‘plot’
    plotting.4p: no visible global function definition for ‘lines’
    plotting.4p: no visible global function definition for ‘title’
    plotting.4p: no visible global function definition for ‘legend’
    plotting.6p : SurvFn.in.6p: no visible global function definition for
     ‘pnorm’
    plotting.6p: no visible global function definition for ‘par’
    plotting.6p: no visible global function definition for ‘plot’
    plotting.6p: no visible global function definition for ‘lines’
    plotting.6p: no visible global function definition for ‘title’
    plotting.6p: no visible global function definition for ‘legend’
    plotting.k: no visible global function definition for ‘par’
    plotting.k: no visible global function definition for ‘plot’
    plotting.k: no visible global function definition for ‘lines’
    plotting.k: no visible global function definition for ‘title’
    plotting.k : profilePlot: no visible global function definition for
     ‘par’
    plotting.k : profilePlot: no visible global function definition for
     ‘plot’
    plotting.k : profilePlot: no visible global function definition for
     ‘lines’
    plotting.k : profilePlot: no visible global function definition for
     ‘legend’
    plotting.k : profilePlot: no visible global function definition for
     ‘title’
    plotting.k : profilePlot: no visible global function definition for
     ‘contour’
    plotting.k : profilePlot: no visible global function definition for
     ‘points’
    plotting.k : C1.calc: no visible global function definition for
     ‘qchisq’
    plotting.ku: no visible global function definition for ‘par’
    plotting.ku: no visible global function definition for ‘plot’
    plotting.ku: no visible global function definition for ‘lines’
    plotting.ku: no visible global function definition for ‘title’
    plotting.ku : profilePlot.ku: no visible global function definition for
     ‘par’
    plotting.ku : profilePlot.ku: no visible global function definition for
     ‘plot’
    plotting.ku : profilePlot.ku: no visible global function definition for
     ‘title’
    plotting.ku : profilePlot.ku: no visible global function definition for
     ‘lines’
    plotting.ku : profilePlot.ku: no visible global function definition for
     ‘legend’
    plotting.ku : profilePlot.ku: no visible global function definition for
     ‘contour’
    plotting.ku : profilePlot.ku: no visible global function definition for
     ‘points’
    plotting.ku : C1.calc: no visible global function definition for
     ‘qchisq’
    sa.lt.ku: no visible global function definition for ‘runif’
    vitality.4p: no visible global function definition for ‘nlminb’
    vitality.4p: no visible global function definition for ‘pnorm’
    vitality.6p: no visible global function definition for ‘nlminb’
    vitality.6p: no visible global function definition for ‘pnorm’
    vitality.k: no visible global function definition for ‘nlminb’
    vitality.k: no visible global function definition for ‘pnorm’
    vitality.ku: no visible global function definition for ‘nlminb’
    vitality.ku: no visible global function definition for ‘pnorm’
    Undefined global functions or variables:
     contour legend lines nlminb par plot pnorm points qchisq runif title
    Consider adding
     importFrom("graphics", "contour", "legend", "lines", "par", "plot",
     "points", "title")
     importFrom("stats", "nlminb", "pnorm", "qchisq", "runif")
    to your NAMESPACE file.
Flavors: r-devel-linux-x86_64-debian-gcc, r-devel-linux-x86_64-fedora-clang, r-devel-linux-x86_64-fedora-gcc, r-devel-osx-x86_64-clang, r-devel-windows-ix86+x86_64